000
CXUS51 KRLX 011251
CF6EKN
PRELIMINARY LOCAL CLIMATOLOGICAL DATA (WS FORM: F-6)
STATION: ELKINS WV
MONTH: MAY
YEAR: 2022
LATITUDE: 38 52 N
LONGITUDE: 79 51 W
TEMPERATURE IN F: :PCPN: SNOW: WIND :SUNSHINE: SKY :PK WND
================================================================================
1 2 3 4 5 6A 6B 7 8 9 10 11 12 13 14 15 16 17 18
12Z AVG MX 2MIN
DY MAX MIN AVG DEP HDD CDD WTR SNW DPTH SPD SPD DIR MIN PSBL S-S WX SPD DR
================================================================================
1 75 46 61 5 4 0 0.19 0.0 0 3.9 21 230 M M 7 13 30 240
2 74 46 60 3 5 0 0.00 0.0 0 5.0 18 260 M M 2 8 24 300
3 85 45 65 8 0 0 0.82 0.0 0 4.7 29 300 M M 4 13 37 300
4 69 56 63 6 2 0 0.12 0.0 0 7.8 18 310 M M 10 1 26 310
5 74 53 64 6 1 0 T 0.0 0 2.1 14 300 M M 6 18 19 290
6 65 58 62 4 3 0 1.49 0.0 0 2.7 14 280 M M 10 123 19 260
7 58 44 51 -7 14 0 1.23 0.0 0 3.3 12 70 M M 10 1 19 60
8 60 38 49 -9 16 0 0.00 0.0 0 3.5 10 70 M M 7 20 90
9 73 32 53 -5 12 0 0.00 0.0 0 2.6 12 130 M M 0 18 120
10 79 34 57 -2 8 0 0.00 0.0 0 2.1 9 140 M M 0 15 140
11 81 38 60 1 5 0 0.00 0.0 0 2.6 14 360 M M 0 21 350
12 76 43 60 1 5 0 0.00 0.0 0 4.0 17 140 M M 2 24 140
13 77 57 67 7 0 2 T 0.0 0 3.9 15 140 M M 6 20 150
14 78 51 65 5 0 0 0.03 0.0 0 1.9 14 150 M M 4 3 19 140
15 78 51 65 5 0 0 0.00 0.0 0 3.2 13 330 M M 5 12 17 330
16 68 48 58 -2 7 0 0.34 0.0 0 6.2 22 280 M M 6 123 34 280
17 75 45 60 0 5 0 0.00 0.0 0 6.4 24 300 M M 2 12 35 270
18 76 43 60 -1 5 0 0.22 0.0 0 2.0 16 320 M M 6 1 21 300
19 77 54 66 5 0 1 0.04 0.0 0 5.4 14 290 M M 6 1 22 240
20 85 55 70 9 0 5 0.45 0.0 0 5.0 20 240 M M 2 13 28 200
21 88 54 71 10 0 6 0.26 0.0 0 4.3 21 210 M M 3 13 36 220
22 81 58 70 8 0 5 0.35 0.0 0 5.0 18 310 M M 6 12 28 260
23 60 54 57 -5 8 0 0.42 0.0 0 2.6 8 10 M M 10 1 11 350
24 69 51 60 -2 5 0 0.00 0.0 0 2.2 7 130 M M 8 12 10 130
25 75 50 63 1 2 0 0.00 0.0 0 5.6 16 130 M M 1 23 140
26 81 57 69 6 0 4 0.04 0.0 0 9.2 20 150 M M 3 27 180
27 75 56 66 3 0 1 0.95 0.0 0 3.5 24 260 M M 8 1 37 270
28 69 53 61 -2 4 0 0.06 0.0 0 3.8 13 290 M M 9 1 19 290
29 82 51 67 3 0 2 0.00 0.0 0 2.4 7 350 M M 4 12 9 340
30 86 53 70 6 0 5 0.00 0.0 0 1.8 10 340 M M 3 12 14 330
31 86 54 70 6 0 5 0.00 0.0 0 3.1 13 320 M M 1 1 16 290
================================================================================
SM 2335 1528 111 36 7.01 0.0 121.8 M 151
================================================================================
AV 75.3 49.3 3.9 FASTST M M 5 MAX(MPH)
MISC ----> 29 300 # 37 300
================================================================================
NOTES:
# LAST OF SEVERAL OCCURRENCES
COLUMN 17 PEAK WIND IN M.P.H.
PRELIMINARY LOCAL CLIMATOLOGICAL DATA (WS FORM: F-6) , PAGE 2
STATION: ELKINS WV
MONTH: MAY
YEAR: 2022
LATITUDE: 38 52 N
LONGITUDE: 79 51 W
[TEMPERATURE DATA] [PRECIPITATION DATA] SYMBOLS USED IN COLUMN 16
AVERAGE MONTHLY: 62.3 TOTAL FOR MONTH: 7.01 1 = FOG OR MIST
DPTR FM NORMAL: 2.1 DPTR FM NORMAL: 1.87 2 = FOG REDUCING VISIBILITY
HIGHEST: 88 ON 21 GRTST 24HR 2.53 ON 6- 7 TO 1/4 MILE OR LESS
LOWEST: 32 ON 9 3 = THUNDER
SNOW, ICE PELLETS, HAIL 4 = ICE PELLETS
TOTAL MONTH: 0.0 INCH 5 = HAIL
GRTST 24HR 0.0 6 = FREEZING RAIN OR DRIZZLE
GRTST DEPTH: 0 7 = DUSTSTORM OR SANDSTORM:
VSBY 1/2 MILE OR LESS
8 = SMOKE OR HAZE
[NO. OF DAYS WITH] [WEATHER - DAYS WITH] 9 = BLOWING SNOW
X = TORNADO
MAX 32 OR BELOW: 0 0.01 INCH OR MORE: 16
MAX 90 OR ABOVE: 0 0.10 INCH OR MORE: 12
MIN 32 OR BELOW: 1 0.50 INCH OR MORE: 4
MIN 0 OR BELOW: 0 1.00 INCH OR MORE: 2
[HDD (BASE 65) ]
TOTAL THIS MO. 111 CLEAR (SCALE 0-3) 12
DPTR FM NORMAL -76 PTCLDY (SCALE 4-7) 13
TOTAL FM JUL 1 4977 CLOUDY (SCALE 8-10) 6
DPTR FM NORMAL -430
[CDD (BASE 65) ]
TOTAL THIS MO. 36
DPTR FM NORMAL -2 [PRESSURE DATA]
TOTAL FM JAN 1 39 HIGHEST SLP 30.38 ON 10
DPTR FM NORMAL -4 LOWEST SLP 29.50 ON 7
[REMARKS]
#FINAL-05-22#