000
CXUS53 KTOP 010800
CF6EMP
PRELIMINARY LOCAL CLIMATOLOGICAL DATA (WS FORM: F-6)
STATION: Emporia KS
MONTH: NOVEMBER
YEAR: 2020
LATITUDE: 38 19 N
LONGITUDE: 96 12 W
TEMPERATURE IN F: :PCPN: SNOW: WIND :SUNSHINE: SKY :PK WND
================================================================================
1 2 3 4 5 6A 6B 7 8 9 10 11 12 13 14 15 16 17 18
12Z AVG MX 2MIN
DY MAX MIN AVG DEP HDD CDD WTR SNW DPTH SPD SPD DIR MIN PSBL S-S WX SPD DR
================================================================================
1 57 34 46 -5 19 0 0.00 M M 7.9 16 10 M M 0 23 340
2 70 33 52 1 13 0 0.00 M M 11.2 28 220 M M 0 35 220
3 81 39 60 10 5 0 0.00 M M 9.5 23 210 M M 0 30 200
4 72 50 61 11 4 0 0.00 M M 11.8 21 180 M M 0 26 180
5 78 44 61 11 4 0 0.00 M M 7.2 14 180 M M 0 18 170
6 74 46 60 11 5 0 0.00 M M 10.9 21 180 M M 3 12 27 180
7 75 51 63 14 2 0 0.00 M M 14.8 24 170 M M 0 1 33 170
8 75 55 65 17 0 0 0.00 M M 17.2 32 170 M M 4 42 170
9 73 62 68 20 0 3 0.00 M M 15.6 30 180 M M 8 43 190
10 67 28 48 1 17 0 0.36 M M 11.9 28 290 M M 7 13 43 260
11 58 26 42 -5 23 0 0.00 M M 5.0 10 110 M M 0 12 120
12 62 29 46 0 19 0 0.00 M M 9.5 21 330 M M 1 31 340
13 51 20 36 -10 29 0 0.00 M M 7.3 16 160 M M 1 21 160
14 75 46 61 16 4 0 0.00 M M 19.9 39 300 M M 5 53 310
15 58 32 45 0 20 0 0.00 M M 13.5 25 290 M M 0 40 290
16 69 34 52 8 13 0 0.00 M M 9.7 24 240 M M 0 38 230
17 65 33 49 5 16 0 0.00 M M 8.8 20 150 M M 0 27 170
18 72 45 59 15 6 0 0.00 M M 24.0 40 200 M M 0 56 190
19 76 57 67 24 0 2 0.00 M M 22.0 35 190 M M 0 47 200
20 61 47 54 12 11 0 0.00 M M 10.6 20 60 M M 7 1 28 30
21 54 41 48 6 17 0 0.57 M M 11.5 22 50 M M 9 1 28 20
22 57 31 44 2 21 0 0.00 M M 7.2 15 350 M M 5 22 320
23 51 26 39 -2 26 0 0.01 M M 9.7 23 160 M M 8 32 170
24 53 47 50 10 15 0 0.08 M M 17.1 30 180 M M 10 1 42 170
25 50 28 39 -1 26 0 0.02 M M 10.4 24 330 M M 7 1 32 320
26 60 27 44 4 21 0 0.00 M M 8.5 16 130 M M 5 12 23 110
27 55 32 44 5 21 0 0.00 M M 8.0 15 350 M M 1 1 22 360
28 59 26 43 4 22 0 0.00 M M 6.4 15 200 M M 0 22 210
29 48 29 39 1 26 0 0.00 M M 14.6 29 350 M M 2 42 350
30 45 20 33 -5 32 0 0.00 M M 8.9 16 290 M M 0 24 310
================================================================================
SM 1901 1118 437 5 1.04 M 350.6 M 83
================================================================================
AV 63.4 37.3 11.7 FASTST M M 3 MAX(MPH)
MISC ----> # 40 200 # 56 190
================================================================================
NOTES:
# LAST OF SEVERAL OCCURRENCES
COLUMN 17 PEAK WIND IN M.P.H.
PRELIMINARY LOCAL CLIMATOLOGICAL DATA (WS FORM: F-6) , PAGE 2
STATION: Emporia KS
MONTH: NOVEMBER
YEAR: 2020
LATITUDE: 38 19 N
LONGITUDE: 96 12 W
[TEMPERATURE DATA] [PRECIPITATION DATA] SYMBOLS USED IN COLUMN 16
AVERAGE MONTHLY: 50.3 TOTAL FOR MONTH: 1.04 1 = FOG OR MIST
DPTR FM NORMAL: 5.7 DPTR FM NORMAL: -1.12 2 = FOG REDUCING VISIBILITY
HIGHEST: 81 ON 3 GRTST 24HR 0.57 ON 21-21 TO 1/4 MILE OR LESS
LOWEST: 20 ON 30,13 3 = THUNDER
SNOW, ICE PELLETS, HAIL 4 = ICE PELLETS
TOTAL MONTH: M 5 = HAIL
GRTST 24HR M ON M 6 = FREEZING RAIN OR DRIZZLE
GRTST DEPTH: M ON M 7 = DUSTSTORM OR SANDSTORM:
VSBY 1/2 MILE OR LESS
8 = SMOKE OR HAZE
[NO. OF DAYS WITH] [WEATHER - DAYS WITH] 9 = BLOWING SNOW
X = TORNADO
MAX 32 OR BELOW: 0 0.01 INCH OR MORE: 5
MAX 90 OR ABOVE: 0 0.10 INCH OR MORE: 2
MIN 32 OR BELOW: 13 0.50 INCH OR MORE: 1
MIN 0 OR BELOW: 0 1.00 INCH OR MORE: 0
[HDD (BASE 65) ]
TOTAL THIS MO. 437 CLEAR (SCALE 0-3) 19
DPTR FM NORMAL -176 PTCLDY (SCALE 4-7) 8
TOTAL FM JUL 1 853 CLOUDY (SCALE 8-10) 3
DPTR FM NORMAL -87
[CDD (BASE 65) ]
TOTAL THIS MO. 5
DPTR FM NORMAL 4 [PRESSURE DATA]
TOTAL FM JAN 1 1530 HIGHEST SLP 0.00 ON 26
DPTR FM NORMAL 127 LOWEST SLP 29.38 ON 14
[REMARKS]
#FINAL-11-20#