000
CXUS56 KOTX 010910
CF6EPH
PRELIMINARY LOCAL CLIMATOLOGICAL DATA (WS FORM: F-6)
STATION: EPHRATA WA AIRPORT
MONTH: OCTOBER
YEAR: 2023
LATITUDE: 47 18 N
LONGITUDE: 119 31 W
TEMPERATURE IN F: :PCPN: SNOW: WIND :SUNSHINE: SKY :PK WND
================================================================================
1 2 3 4 5 6A 6B 7 8 9 10 11 12 13 14 15 16 17 18
12Z AVG MX 2MIN
DY MAX MIN AVG DEP HDD CDD WTR SNW DPTH SPD SPD DIR MIN PSBL S-S WX SPD DR
================================================================================
1 71 45 58 0 7 0 0.00 M M 9.8 22 10 M M 0 26 10
2 68 42 55 -3 10 0 0.10 M M 6.1 12 230 M M 3 16 10
3 73 50 62 4 3 0 0.01 M M 4.8 21 290 M M 5 12 25 290
4 80 44 62 5 3 0 0.00 M M 6.4 17 220 M M 0 24 210
5 81 45 63 7 2 0 0.00 M M 5.3 18 300 M M 0 21 300
6 78 50 64 8 1 0 0.00 M M 6.6 13 320 M M 0 17 340
7 80 48 64 8 1 0 0.00 M M 6.4 12 350 M M 0 16 60
8 78 52 65 10 0 0 0.00 M M 5.0 13 50 M M 0 15 50
9 73 50 62 8 3 0 0.00 M M 7.8 16 220 M M 1 8 19 210
10 62 45 54 0 11 0 T M M 7.5 16 170 M M 6 23 210
11 63 36 50 -3 15 0 T M M 3.5 10 350 M M 7 12 12 190
12 65 39 52 -1 13 0 0.00 M M 6.2 12 10 M M 2 14 60
13 65 39 52 0 13 0 0.00 M M 6.1 14 310 M M 0 16 300
14 66 47 57 5 8 0 T M M 4.5 13 350 M M 7 15 350
15 66 45 56 5 9 0 T M M 8.0 16 340 M M 4 19 320
16 60 48 54 3 11 0 T M M 7.1 28 280 M M 2 31 280
17 66 42 54 4 11 0 0.00 M M 6.3 17 280 M M 2 24 250
18 67 39 53 3 12 0 0.00 M M 5.2 9 30 M M 0 12 180
19 72 38 55 6 10 0 0.00 M M 4.8 9 30 M M 0 16 210
20 77 41 59 10 6 0 0.00 M M 5.8 15 360 M M 0 1 17 10
21 71 45 58 10 7 0 T M M 6.0 20 320 M M 1 26 320
22 71 54 63 15 2 0 T M M 10.2 23 10 M M 3 26 340
23 64 38 51 4 14 0 0.00 M M 10.0 26 300 M M 1 31 290
24 50 39 45 -2 20 0 0.16 M M 5.6 15 200 M M 5 1 18 190
25 40 35 38 -8 27 0 0.16 M M 10.3 21 40 M M 9 1 26 20
26 43 34 39 -7 26 0 T M M 3.4 15 360 M M 10 1 21 360
27 44 28 36 -9 29 0 0.00 M M 13.6 24 10 M M 2 27 10
28 45 22 34 -11 31 0 0.00 M M 3.7 13 320 M M 0 14 320
29 45 21 33 -11 32 0 0.00 M M 4.5 10 310 M M 0 12 30
30 48 23 36 -8 29 0 0.00 M M 5.4 10 320 M M 0 13 320
31 50 28 39 -5 26 0 0.00 M M 6.6 10 310 M M 0 8 14 60
================================================================================
SM 1982 1252 392 0 0.43 M 202.5 M 70
================================================================================
AV 63.9 40.4 6.5 FASTST M M 2 MAX(MPH)
MISC ----> 28 280 # 31 280
================================================================================
NOTES:
# LAST OF SEVERAL OCCURRENCES
COLUMN 17 PEAK WIND IN M.P.H.
PRELIMINARY LOCAL CLIMATOLOGICAL DATA (WS FORM: F-6) , PAGE 2
STATION: EPHRATA WA AIRPORT
MONTH: OCTOBER
YEAR: 2023
LATITUDE: 47 18 N
LONGITUDE: 119 31 W
[TEMPERATURE DATA] [PRECIPITATION DATA] SYMBOLS USED IN COLUMN 16
AVERAGE MONTHLY: 52.2 TOTAL FOR MONTH: 0.43 1 = FOG OR MIST
DPTR FM NORMAL: 1.3 DPTR FM NORMAL: -0.23 2 = FOG REDUCING VISIBILITY
HIGHEST: 81 ON 5 GRTST 24HR 0.32 ON 24-25 TO 1/4 MILE OR LESS
LOWEST: 21 ON 29 3 = THUNDER
SNOW, ICE PELLETS, HAIL 4 = ICE PELLETS
TOTAL MONTH: M 5 = HAIL
GRTST 24HR M ON M 6 = FREEZING RAIN OR DRIZZLE
GRTST DEPTH: M ON M 7 = DUSTSTORM OR SANDSTORM:
VSBY 1/2 MILE OR LESS
8 = SMOKE OR HAZE
[NO. OF DAYS WITH] [WEATHER - DAYS WITH] 9 = BLOWING SNOW
X = TORNADO
MAX 32 OR BELOW: 0 0.01 INCH OR MORE: 4
MAX 90 OR ABOVE: 0 0.10 INCH OR MORE: 3
MIN 32 OR BELOW: 5 0.50 INCH OR MORE: 0
MIN 0 OR BELOW: 0 1.00 INCH OR MORE: 0
[HDD (BASE 65) ]
TOTAL THIS MO. 392 CLEAR (SCALE 0-3) 22
DPTR FM NORMAL -49 PTCLDY (SCALE 4-7) 7
TOTAL FM JUL 1 485 CLOUDY (SCALE 8-10) 2
DPTR FM NORMAL -64
[CDD (BASE 65) ]
TOTAL THIS MO. 0
DPTR FM NORMAL -2 [PRESSURE DATA]
TOTAL FM JAN 1 1102 HIGHEST SLP M ON M
DPTR FM NORMAL 259 LOWEST SLP 29.49 ON 10
[REMARKS]
#FINAL-10-23#