000
CXUS56 KPQR 210054
CF6EUG
PRELIMINARY LOCAL CLIMATOLOGICAL DATA (WS FORM: F-6)
STATION: EUGENE OR
MONTH: JULY
YEAR: 2023
LATITUDE: 44 7 N
LONGITUDE: 123 13 W
TEMPERATURE IN F: :PCPN: SNOW: WIND :SUNSHINE: SKY :PK WND
================================================================================
1 2 3 4 5 6A 6B 7 8 9 10 11 12 13 14 15 16 17 18
12Z AVG MX 2MIN
DY MAX MIN AVG DEP HDD CDD WTR SNW DPTH SPD SPD DIR MIN PSBL S-S WX SPD DR
================================================================================
1 89 52 71 6 0 6 0.00 0.0 0 13.0 23 10 M M 0 29 360
2 89 54 72 7 0 7 0.00 0.0 0 12.1 22 10 M M 0 28 340
3 92 51 72 7 0 7 0.00 0.0 0 8.8 18 30 M M 1 24 20
4 98 51 75 9 0 10 0.00 0.0 0 8.5 21 10 M M 3 27 20
5 99 55 77 11 0 12 0.00 0.0 0 5.3 15 290 M M 0 19 270
6 91 57 74 8 0 9 0.00 0.0 0 8.0 16 250 M M 1 20 250
7 82 55 69 3 0 4 0.00 0.0 0 7.6 18 240 M M 4 21 240
8 80 53 67 0 0 2 0.00 0.0 0 5.1 15 250 M M 5 17 240
9 84 50 67 0 0 2 0.00 0.0 0 7.6 21 240 M M 2 23 240
10 78 55 67 0 0 2 T 0.0 0 4.9 14 20 M M 6 17 40
11 86 48 67 0 0 2 0.00 0.0 0 3.8 13 350 M M 2 1 16 340
12 89 56 73 5 0 8 0.00 0.0 0 5.3 14 280 M M 2 18 290
13 91 53 72 4 0 7 0.00 0.0 0 4.8 15 10 M M 1 22 20
14 95 55 75 7 0 10 0.00 0.0 0 7.6 18 10 M M 0 24 360
15 100 57 79 11 0 14 0.00 0.0 0 6.5 18 10 M M 2 25 10
16 95 54 75 7 0 10 0.00 0.0 0 5.2 20 280 M M 1 22 290
17 83 52 68 0 0 3 0.00 0.0 0 7.2 17 350 M M 2 27 340
18 90 53 72 3 0 7 0.00 0.0 0 11.6 22 320 M M 0 27 320
19 93 54 74 5 0 9 0.00 0.0 0 5.9 17 190 M M 3 8 21 190
20 85 58 72 3 0 7 0.00 0.0 0 7.0 15 190 M M 4 17 190
21 91 55 73 4 0 8 0.00 0.0 0 4.6 15 300 M M 1 18 300
22 93 54 74 5 0 9 0.00 0.0 0 4.5 17 280 M M 1 21 290
23 92 55 74 5 0 9 0.00 0.0 0 5.3 16 180 M M 2 22 210
24 83 50 67 -2 0 2 0.00 0.0 0 7.0 16 230 M M 5 22 210
25 83 59 71 2 0 6 0.01 0.0 0 6.5 15 310 M M 6 18 22 300
26 87 51 69 0 0 4 0.00 0.0 0 7.4 16 310 M M 1 23 330
27 86 50 68 -1 0 3 0.00 0.0 0 3.6 16 290 M M 1 21 300
28 86 49 68 -1 0 3 0.00 0.0 0 2.9 16 290 M M 1 19 290
29 84 54 69 0 0 4 0.00 0.0 0 3.4 16 290 M M 2 19 280
30 84 50 67 -2 0 2 0.00 0.0 0 5.8 16 280 M M 1 20 290
31 87 47 67 -2 0 2 0.00 0.0 0 6.9 15 310 M M 1 20 310
================================================================================
SM 2745 1647 0 190 0.01 0.0 203.7 M 61
================================================================================
AV 88.5 53.1 6.6 FASTST M M 2 MAX(MPH)
MISC ----> 23 10 29 360
================================================================================
NOTES:
# LAST OF SEVERAL OCCURRENCES
COLUMN 17 PEAK WIND IN M.P.H.
PRELIMINARY LOCAL CLIMATOLOGICAL DATA (WS FORM: F-6) , PAGE 2
STATION: EUGENE OR
MONTH: JULY
YEAR: 2023
LATITUDE: 44 7 N
LONGITUDE: 123 13 W
[TEMPERATURE DATA] [PRECIPITATION DATA] SYMBOLS USED IN COLUMN 16
AVERAGE MONTHLY: 70.8 TOTAL FOR MONTH: 0.01 1 = FOG OR MIST
DPTR FM NORMAL: 3.0 DPTR FM NORMAL: -0.31 2 = FOG REDUCING VISIBILITY
HIGHEST: 100 ON 15 GRTST 24HR 0.01 ON 25-25 TO 1/4 MILE OR LESS
LOWEST: 47 ON 31 3 = THUNDER
SNOW, ICE PELLETS, HAIL 4 = ICE PELLETS
TOTAL MONTH: 0.0 INCH 5 = HAIL
GRTST 24HR 0.0 6 = FREEZING RAIN OR DRIZZLE
GRTST DEPTH: 0 7 = DUSTSTORM OR SANDSTORM:
VSBY 1/2 MILE OR LESS
8 = SMOKE OR HAZE
[NO. OF DAYS WITH] [WEATHER - DAYS WITH] 9 = BLOWING SNOW
X = TORNADO
MAX 32 OR BELOW: 0 0.01 INCH OR MORE: 1
MAX 90 OR ABOVE: 13 0.10 INCH OR MORE: 0
MIN 32 OR BELOW: 0 0.50 INCH OR MORE: 0
MIN 0 OR BELOW: 0 1.00 INCH OR MORE: 0
[HDD (BASE 65) ]
TOTAL THIS MO. 0 CLEAR (SCALE 0-3) 25
DPTR FM NORMAL -24 PTCLDY (SCALE 4-7) 6
TOTAL FM JUL 1 0 CLOUDY (SCALE 8-10) 0
DPTR FM NORMAL -20
[CDD (BASE 65) ]
TOTAL THIS MO. 190
DPTR FM NORMAL 77 [PRESSURE DATA]
TOTAL FM JAN 1 294 HIGHEST SLP 30.20 ON 25
DPTR FM NORMAL 154 LOWEST SLP 29.81 ON 5
[REMARKS]
#FINAL-07-23#