000
CXUS55 KPAH 010700
CF6EVV
PRELIMINARY LOCAL CLIMATOLOGICAL DATA (WS FORM: F-6)
STATION: EVANSVILLE IN
MONTH: MARCH
YEAR: 2021
LATITUDE: 38 2 N
LONGITUDE: 87 32 W
TEMPERATURE IN F: :PCPN: SNOW: WIND :SUNSHINE: SKY :PK WND
================================================================================
1 2 3 4 5 6A 6B 7 8 9 10 11 12 13 14 15 16 17 18
12Z AVG MX 2MIN
DY MAX MIN AVG DEP HDD CDD WTR SNW DPTH SPD SPD DIR MIN PSBL S-S WX SPD DR
================================================================================
1 49 32 41 0 24 0 0.00 0.0 0 8.6 21 340 M M 1 33 330
2 52 27 40 -1 25 0 0.00 0.0 0 2.8 9 150 M M 0 14 160
3 66 28 47 5 18 0 0.00 0.0 0 5.4 16 240 M M 0 22 260
4 62 37 50 8 15 0 0.00 0.0 0 6.9 16 40 M M 0 23 360
5 51 31 41 -1 24 0 0.00 0.0 0 8.1 15 60 M M 0 21 60
6 56 29 43 0 22 0 0.00 0.0 0 3.5 13 340 M M 0 17 280
7 62 28 45 2 20 0 0.00 0.0 0 2.6 10 150 M M 0 8 14 130
8 67 33 50 7 15 0 0.00 0.0 0 4.8 17 210 M M 0 22 210
9 72 37 55 11 10 0 0.00 0.0 0 6.9 20 210 M M 0 27 180
10 71 51 61 17 4 0 0.00 0.0 0 13.2 25 190 M M 1 36 210
11 71 53 62 18 3 0 1.43 0.0 0 11.7 23 210 M M 10 13 35 230
12 64 48 56 11 9 0 0.63 0.0 0 7.4 14 360 M M 6 13 18 50
13 60 45 53 8 12 0 0.00 0.0 0 8.1 15 80 M M 6 22 70
14 54 43 49 4 16 0 T 0.0 0 10.2 18 80 M M 6 25 80
15 51 41 46 0 19 0 0.37 0.0 0 11.2 24 90 M M 10 12 37 100
16 57 45 51 5 14 0 0.00 0.0 0 4.5 10 350 M M 6 128 14 10
17 63 44 54 8 11 0 0.34 0.0 0 6.8 16 190 M M 5 18 25 170
18 62 42 52 5 13 0 0.31 0.0 0 11.5 25 40 M M 9 1 39 20
19 56 35 46 -1 19 0 0.00 0.0 0 14.8 25 30 M M 2 38 30
20 65 32 49 2 16 0 0.00 0.0 0 4.5 10 100 M M 0 14 120
21 69 32 51 3 14 0 0.00 0.0 0 3.1 13 130 M M 0 17 120
22 71 42 57 9 8 0 0.00 0.0 0 4.5 16 180 M M 4 25 180
23 70 56 63 15 2 0 0.00 0.0 0 10.5 22 170 M M 8 37 150
24 76 51 64 15 1 0 0.00 0.0 0 10.7 23 230 M M 1 32 220
25 68 50 59 10 6 0 0.56 0.0 0 8.8 33 270 M M 6 13 49 270
26 64 47 56 7 9 0 0.00 0.0 0 6.7 22 260 M M 6 32 240
27 80 45 63 13 2 0 0.74 0.0 0 7.8 17 170 M M 2 13 26 160
28 61 37 49 -1 16 0 0.02 0.0 0 10.9 23 290 M M 4 37 320
29 64 32 48 -2 17 0 0.00 0.0 0 5.4 13 140 M M 0 31 130
30 77 45 61 10 4 0 0.17 0.0 0 11.9 29 190 M M 3 1 42 180
31 59 37 48 -3 17 0 0.00 0.0 0 12.8 24 340 M M 3 38 350
================================================================================
SM 1970 1235 405 0 4.57 0.0 246.6 M 99
================================================================================
AV 63.5 39.8 8.0 FASTST M M 3 MAX(MPH)
MISC ----> 33 270 49 270
================================================================================
NOTES:
# LAST OF SEVERAL OCCURRENCES
COLUMN 17 PEAK WIND IN M.P.H.
PRELIMINARY LOCAL CLIMATOLOGICAL DATA (WS FORM: F-6) , PAGE 2
STATION: EVANSVILLE IN
MONTH: MARCH
YEAR: 2021
LATITUDE: 38 2 N
LONGITUDE: 87 32 W
[TEMPERATURE DATA] [PRECIPITATION DATA] SYMBOLS USED IN COLUMN 16
AVERAGE MONTHLY: 51.7 TOTAL FOR MONTH: 4.57 1 = FOG OR MIST
DPTR FM NORMAL: 5.7 DPTR FM NORMAL: 0.33 2 = FOG REDUCING VISIBILITY
HIGHEST: 80 ON 27 GRTST 24HR 2.06 ON 11-12 TO 1/4 MILE OR LESS
LOWEST: 27 ON 2 3 = THUNDER
SNOW, ICE PELLETS, HAIL 4 = ICE PELLETS
TOTAL MONTH: 0.0 INCH 5 = HAIL
GRTST 24HR 0.0 6 = FREEZING RAIN OR DRIZZLE
GRTST DEPTH: 0 7 = DUSTSTORM OR SANDSTORM:
VSBY 1/2 MILE OR LESS
8 = SMOKE OR HAZE
[NO. OF DAYS WITH] [WEATHER - DAYS WITH] 9 = BLOWING SNOW
X = TORNADO
MAX 32 OR BELOW: 0 0.01 INCH OR MORE: 9
MAX 90 OR ABOVE: 0 0.10 INCH OR MORE: 8
MIN 32 OR BELOW: 9 0.50 INCH OR MORE: 4
MIN 0 OR BELOW: 0 1.00 INCH OR MORE: 1
[HDD (BASE 65) ]
TOTAL THIS MO. 405 CLEAR (SCALE 0-3) 16
DPTR FM NORMAL -187 PTCLDY (SCALE 4-7) 12
TOTAL FM JUL 1 3804 CLOUDY (SCALE 8-10) 3
DPTR FM NORMAL -360
[CDD (BASE 65) ]
TOTAL THIS MO. 0
DPTR FM NORMAL -3 [PRESSURE DATA]
TOTAL FM JAN 1 0 HIGHEST SLP M ON M
DPTR FM NORMAL -3 LOWEST SLP 29.48 ON 18
[REMARKS]
#FINAL-03-21#