000
CXUS52 KMHX 290052
CF6EWN
PRELIMINARY LOCAL CLIMATOLOGICAL DATA (WS FORM: F-6)
STATION: NEW BERN NC
MONTH: FEBRUARY
YEAR: 2021
LATITUDE: 35 4 N
LONGITUDE: 77 3 W
TEMPERATURE IN F: :PCPN: SNOW: WIND :SUNSHINE: SKY :PK WND
================================================================================
1 2 3 4 5 6A 6B 7 8 9 10 11 12 13 14 15 16 17 18
12Z AVG MX 2MIN
DY MAX MIN AVG DEP HDD CDD WTR SNW DPTH SPD SPD DIR MIN PSBL S-S WX SPD DR
================================================================================
1 43 35 39 -6 26 0 0.04 0.0 0 10.3 18 340 M M 10 1 23 340
2 45 32 39 -6 26 0 0.00 0.0 0 10.4 20 310 M M 7 30 320
3 50 31 41 -4 24 0 0.00 0.0 0 10.0 21 310 M M 0 29 310
4 54 25 40 -6 25 0 0.00 0.0 0 4.1 10 210 M M 0 14 220
5 57 42 50 4 15 0 0.19 0.0 0 7.2 22 230 M M 7 1 33 230
6 51 41 46 0 19 0 0.02 0.0 0 5.5 10 40 M M 6 13 70
7 47 31 39 -7 26 0 0.29 0.0 0 8.6 33 70 M M 8 1 37 70
8 53 27 40 -6 25 0 0.00 0.0 0 4.8 10 130 M M 2 12 13 80
9 70 37 54 8 11 0 0.00 0.0 0 2.5 13 170 M M 3 12 22 210
10 55 40 48 2 17 0 0.01 0.0 0 7.7 16 60 M M 9 12 20 50
11 57 42 50 4 15 0 0.18 0.0 0 6.8 15 40 M M 10 12 19 50
12 43 37 40 -6 25 0 0.22 0.0 0 12.1 20 40 M M 10 1 24 40
13 45 37 41 -6 24 0 0.89 0.0 0 9.0 15 350 M M 10 1 21 360
14 41 38 40 -7 25 0 1.56 0.0 0 10.1 16 40 M M 10 1 21 40
15 48 39 44 -3 21 0 T 0.0 0 6.5 13 130 M M 10 1 17 130
16 71 47 59 12 6 0 0.19 0.0 0 11.9 29 200 M M 5 13 43 210
17 50 35 43 -4 22 0 T 0.0 0 10.4 18 50 M M 5 22 50
18 41 38 40 -7 25 0 1.53 0.0 0 9.7 20 40 M M 10 13 24 30
19 40 36 38 -10 27 0 0.91 0.0 0 9.5 17 350 M M 9 1 23 340
20 45 32 39 -9 26 0 0.00 0.0 0 7.1 20 330 M M 4 24 340
21 44 26 35 -13 30 0 0.00 0.0 0 8.4 20 40 M M 0 23 40
22 65 30 48 0 17 0 0.25 0.0 0 8.8 26 170 M M 6 1 38 170
23 65 39 52 4 13 0 0.00 0.0 0 6.9 18 240 M M 2 12 26 270
24 72 34 53 5 12 0 0.00 0.0 0 7.0 22 210 M M 0 1 32 210
25 67 44 56 7 9 0 0.00 0.0 0 7.4 15 130 M M 1 19 130
26 53 40 47 -2 18 0 0.28 0.0 0 8.1 20 80 M M 8 1 27 90
27 77 48 63 14 2 0 0.00 0.0 0 4.4 20 250 M M 4 12 26 250
28 81 53 67 18 0 2 0.08 0.0 0 8.3 22 220 M M 4 12 32 210
================================================================================
SM 1530 1036 531 2 6.64 0.0 223.5 M 160
================================================================================
AV 54.6 37.0 8.0 FASTST M M 6 MAX(MPH)
MISC ----> 33 70 43 210
================================================================================
NOTES:
# LAST OF SEVERAL OCCURRENCES
COLUMN 17 PEAK WIND IN M.P.H.
PRELIMINARY LOCAL CLIMATOLOGICAL DATA (WS FORM: F-6) , PAGE 2
STATION: NEW BERN NC
MONTH: FEBRUARY
YEAR: 2021
LATITUDE: 35 4 N
LONGITUDE: 77 3 W
[TEMPERATURE DATA] [PRECIPITATION DATA] SYMBOLS USED IN COLUMN 16
AVERAGE MONTHLY: 45.8 TOTAL FOR MONTH: 6.64 1 = FOG OR MIST
DPTR FM NORMAL: -1.2 DPTR FM NORMAL: 2.98 2 = FOG REDUCING VISIBILITY
HIGHEST: 81 ON 28 GRTST 24HR 1.89 ON 18-19 TO 1/4 MILE OR LESS
LOWEST: 25 ON 4 3 = THUNDER
SNOW, ICE PELLETS, HAIL 4 = ICE PELLETS
TOTAL MONTH: 0.0 INCH 5 = HAIL
GRTST 24HR 0.0 6 = FREEZING RAIN OR DRIZZLE
GRTST DEPTH: 0 7 = DUSTSTORM OR SANDSTORM:
VSBY 1/2 MILE OR LESS
8 = SMOKE OR HAZE
[NO. OF DAYS WITH] [WEATHER - DAYS WITH] 9 = BLOWING SNOW
X = TORNADO
MAX 32 OR BELOW: 0 0.01 INCH OR MORE: 15
MAX 90 OR ABOVE: 0 0.10 INCH OR MORE: 11
MIN 32 OR BELOW: 8 0.50 INCH OR MORE: 4
MIN 0 OR BELOW: 0 1.00 INCH OR MORE: 2
[HDD (BASE 65) ]
TOTAL THIS MO. 531 CLEAR (SCALE 0-3) 7
DPTR FM NORMAL 25 PTCLDY (SCALE 4-7) 12
TOTAL FM JUL 1 2011 CLOUDY (SCALE 8-10) 9
DPTR FM NORMAL -136
[CDD (BASE 65) ]
TOTAL THIS MO. 2
DPTR FM NORMAL 0 [PRESSURE DATA]
TOTAL FM JAN 1 2 HIGHEST SLP 30.64 ON 21
DPTR FM NORMAL 1 LOWEST SLP 29.59 ON 2
[REMARKS]
#FINAL-02-21#