000
CXUS53 KIND 010600
CF6EYE
PRELIMINARY LOCAL CLIMATOLOGICAL DATA (WS FORM: F-6)
STATION: INDIANAPOLIS EAGLE CREEK IN
MONTH: MAY
YEAR: 2020
LATITUDE: 39 49 N
LONGITUDE: 86 18 W
TEMPERATURE IN F: :PCPN: SNOW: WIND :SUNSHINE: SKY :PK WND
================================================================================
1 2 3 4 5 6A 6B 7 8 9 10 11 12 13 14 15 16 17 18
12Z AVG MX 2MIN
DY MAX MIN AVG DEP HDD CDD WTR SNW DPTH SPD SPD DIR MIN PSBL S-S WX SPD DR
================================================================================
1 66 40 53 -5 12 0 T M M 6.1 16 290 M M 0 22 310
2 82 54 68 10 0 3 T M M 7.3 20 270 M M 4 30 260
3 73 50 62 3 3 0 0.26 M M 4.9 17 320 M M 5 13 25 310
4 65 49 57 -2 8 0 0.00 M M 7.0 14 100 M M 1 20 300
5 58 40 49 -10 16 0 0.04 M M 9.6 22 100 M M 10 1 34 70
6 60 40 50 -10 15 0 0.00 M M 10.0 21 320 M M 3 8 28 350
7 67 45 56 -4 9 0 0.00 M M 9.8 22 280 M M 4 33 280
8 56 34 45 -15 20 0 T M M 12.0 26 330 M M 5 1 37 330
9 55 30 43 -17 22 0 0.00 M M 5.7 16 300 M M M 23 290
10 62 39 51 -10 14 0 0.03 M M 12.0 31 290 M M 8 3 46 300
11 49 38 44 -17 21 0 T M M 8.2 17 290 M M 10 1 26 300
12 61 36 49 -12 16 0 0.00 M M 3.5 15 290 M M 4 22 280
13 60 40 50 -12 15 0 0.00 M M 7.8 18 120 M M 8 26 150
14 78 54 66 4 0 1 0.28 M M 6.1 39 280 M M 5 13 57 280
15 74 59 67 5 0 2 0.06 M M 6.7 16 290 M M 5 1 25 210
16 79 57 68 5 0 3 T M M 5.6 14 120 M M 4 1 20 110
17 74 63 69 6 0 4 1.00 M M 7.0 15 190 M M 9 13 26 150
18 67 57 62 -1 3 0 0.44 M M 3.2 12 270 M M 10 1 16 270
19 69 57 63 -1 2 0 0.09 M M 7.5 17 120 M M 10 18 28 120
20 60 54 57 -7 8 0 0.00 M M 11.2 17 80 M M 10 1 26 100
21 62 54 58 -6 7 0 T M M 6.2 13 80 M M 10 18 110
22 77 58 68 3 0 3 0.00 M M 2.5 10 200 M M 6 1 14 150
23 79 60 70 5 0 5 0.16 M M 5.1 13 110 M M 4 13 19 120
24 86 61 74 9 0 9 0.04 M M 3.8 14 210 M M 2 13 26 180
25 88 65 77 11 0 12 0.00 M M 3.5 13 340 M M 1 13 18 270
26 87 66 77 11 0 12 0.00 M M 4.3 16 120 M M 1 26 120
27 82 66 74 8 0 9 T M M 5.9 16 170 M M 6 1 27 160
28 81 65 73 6 0 8 0.46 M M 5.4 17 260 M M 8 13 28 280
29 77 63 70 3 0 5 T M M 6.7 16 320 M M 4 1 23 320
30 73 56 65 -3 0 0 0.00 M M 7.7 15 360 M M 2 21 10
31 71 54 63 -5 2 0 0.00 M M 4.7 14 360 M M 1 19 60
================================================================================
SM 2178 1604 193 76 2.86 M 207.0 M 160
================================================================================
AV 70.3 51.7 6.7 FASTST M M 5 MAX(MPH)
MISC ----> 39 280 57 280
================================================================================
NOTES:
# LAST OF SEVERAL OCCURRENCES
COLUMN 17 PEAK WIND IN M.P.H.
PRELIMINARY LOCAL CLIMATOLOGICAL DATA (WS FORM: F-6) , PAGE 2
STATION: INDIANAPOLIS EAGLE CREEK IN
MONTH: MAY
YEAR: 2020
LATITUDE: 39 49 N
LONGITUDE: 86 18 W
[TEMPERATURE DATA] [PRECIPITATION DATA] SYMBOLS USED IN COLUMN 16
AVERAGE MONTHLY: 61.0 TOTAL FOR MONTH: 2.86 1 = FOG OR MIST
DPTR FM NORMAL: -1.8 DPTR FM NORMAL: -2.41 2 = FOG REDUCING VISIBILITY
HIGHEST: 88 ON 25 GRTST 24HR 1.44 ON 17-18 TO 1/4 MILE OR LESS
LOWEST: 30 ON 9 3 = THUNDER
SNOW, ICE PELLETS, HAIL 4 = ICE PELLETS
TOTAL MONTH: M 5 = HAIL
GRTST 24HR M ON M 6 = FREEZING RAIN OR DRIZZLE
GRTST DEPTH: M ON M 7 = DUSTSTORM OR SANDSTORM:
VSBY 1/2 MILE OR LESS
8 = SMOKE OR HAZE
[NO. OF DAYS WITH] [WEATHER - DAYS WITH] 9 = BLOWING SNOW
X = TORNADO
MAX 32 OR BELOW: 0 0.01 INCH OR MORE: 11
MAX 90 OR ABOVE: 0 0.10 INCH OR MORE: 6
MIN 32 OR BELOW: 1 0.50 INCH OR MORE: 1
MIN 0 OR BELOW: 0 1.00 INCH OR MORE: 1
[HDD (BASE 65) ]
TOTAL THIS MO. 193 CLEAR (SCALE 0-3) 8
DPTR FM NORMAL 54 PTCLDY (SCALE 4-7) 14
TOTAL FM JUL 1 5034 CLOUDY (SCALE 8-10) 9
DPTR FM NORMAL -300
[CDD (BASE 65) ]
TOTAL THIS MO. 76
DPTR FM NORMAL 7 [PRESSURE DATA]
TOTAL FM JAN 1 83 HIGHEST SLP M ON M
DPTR FM NORMAL -1 LOWEST SLP 29.70 ON 18
[REMARKS]
#FINAL-05-20#