000
CXUS52 KKEY 052108 AAA
CLMEYW
CLIMATE REPORT...UPDATED
NATIONAL WEATHER SERVICE KEY WEST FL
508 PM EDT WED JUL 5 2023
...................................
...THE KEY WEST CLIMATE SUMMARY FOR THE MONTH OF JUNE 2023...
CLIMATE NORMAL PERIOD 1991 TO 2020
CLIMATE RECORD PERIOD 1871 TO 2023
WEATHER OBSERVED NORMAL DEPART LAST YEAR`S
VALUE DATE(S) VALUE FROM VALUE DATE(S)
NORMAL
................................................................
TEMPERATURE (F)
RECORD
HIGH 96 06/06/1881
LOW 65 06/02/1932
HIGHEST 95 06/28 91 06/25
LOWEST 75 06/01 74 06/07
AVG. MAXIMUM 89.9 88.7 1.2 87.2
AVG. MINIMUM 80.9 79.4 1.5 78.1
MEAN 85.4 84.1 1.3 82.6
DAYS MAX >= 90 16 7.1 8.9 4
DAYS MAX <= 32 0 0.0 0.0 0
DAYS MIN <= 32 0 0.0 0.0 0
DAYS MIN <= 0 0 0.0 0.0 0
PRECIPITATION (INCHES)
RECORD
MAXIMUM 14.43 1972
MINIMUM 0.14 1927
TOTALS 2.85 4.23 -1.38 6.61
DAILY AVG. 0.10 0.14 -0.04 0.22
DAYS >= .01 10 11.2 -1.2 13
DAYS >= .10 4 6.4 -2.4 8
DAYS >= .50 3 2.6 0.4 4
DAYS >= 1.00 0 1.1 -1.1 2
GREATEST
24 HR. TOTAL 0.96 06/26 TO 06/26
DEGREE DAYS
HEATING TOTAL 0 0 0 0
SINCE 7/1 29 46 -17 23
COOLING TOTAL 621 572 49 537
SINCE 1/1 2585 2167 418 2235
................................................................
WIND (MPH)
AVERAGE WIND SPEED 7.2
HIGHEST WIND SPEED/DIRECTION 30/170 DATE 06/03
HIGHEST GUST SPEED/DIRECTION 46/210 DATE 06/18
SKY COVER
POSSIBLE SUNSHINE (PERCENT) MM
AVERAGE SKY COVER 0.19
NUMBER OF DAYS FAIR 26
NUMBER OF DAYS PC 3
NUMBER OF DAYS CLOUDY 0
AVERAGE RH (PERCENT) 73
WEATHER CONDITIONS. NUMBER OF DAYS WITH
THUNDERSTORM 13 MIXED PRECIP 0
HEAVY RAIN 4 RAIN 8
LIGHT RAIN 11 FREEZING RAIN 0
LT FREEZING RAIN 0 HAIL 0
HEAVY SNOW 0 SNOW 0
LIGHT SNOW 0 SLEET 0
FOG 4 FOG W/VIS <= 1/4 MILE 0
HAZE 3
- INDICATES NEGATIVE NUMBERS.
R INDICATES RECORD WAS SET OR TIED.
MM INDICATES DATA IS MISSING.
T INDICATES TRACE AMOUNT.
$$
KEY WEST DAILY RECORDS, JUNE 2023 AND 2023-TO-DATE
RECORD JUN 2023 2023
====== ======== ========
MAXIMUM TEMPERATURE 4 13
COOL MAXIMUM TEMPERATURE 0 0
WARM MINIMUM TEMPERATURE 9 21
MINIMUM TEMPERATURE 0 0
RAINFALL 0 1
TOP 10 WARMEST JUNES ON RECORD FOR KEY WEST
RANKING YEAR AVERAGE (DEG F)
======= ==== ===============
1 2010 85.9
2 2023 85.4 <---
3 1994 85.2
4 2020 85.1
1998 85.1
1985 85.1
1981 85.1
8 1881 85.0
9 1950 84.9
1927 84.9
UPDATED TO APPEND RECORD COUNT AND WARMEST JUNES TABLES
BT/DR