000
CXAK56 PAFG 010955
CF6FAI
PRELIMINARY LOCAL CLIMATOLOGICAL DATA (WS FORM: F-6)
STATION: FAIRBANKS AK
MONTH: JANUARY
YEAR: 2021
LATITUDE: 64 49 N
LONGITUDE: 147 52 W
TEMPERATURE IN F: :PCPN: SNOW: WIND :SUNSHINE: SKY :PK WND
================================================================================
1 2 3 4 5 6A 6B 7 8 9 10 11 12 13 14 15 16 17 18
12Z AVG MX 2MIN
DY MAX MIN AVG DEP HDD CDD WTR SNW DPTH SPD SPD DIR MIN PSBL S-S WX SPD DR
================================================================================
1 -9 -17 -13 -6 78 0 0.00 0.0 15 0.2 7 70 M M 4 7 70
2 2 -19 -8 -1 73 0 T T 14 2.8 14 360 M M 7 18 360
3 2 -10 -4 3 69 0 T T 14 9.2 14 360 M M 9 17 360
4 2 -20 -9 -2 74 0 0.00 0.0 14 3.4 12 360 M M 5 14 10
5 -4 -17 -10 -2 75 0 0.00 0.0 14 0.9 10 40 M M 4 10 40
6 -5 -16 -10 -2 75 0 0.00 0.0 14 1.9 10 20 M M 4 11 30
7 3 -8 -2 6 67 0 0.00 0.0 14 1.8 7 30 M M 8 8 180
8 14 -9 3 11 62 0 0.00 0.0 14 1.8 8 30 M M 5 11 20
9 18 -9 5 13 60 0 0.00 0.0 14 2.1 9 170 M M 7 12 170
10 19 3 11 19 54 0 0.00 0.0 14 6.1 10 40 M M 7 13 30
11 25 -1 12 20 53 0 T T 14 2.3 9 30 M M 7 1 10 30
12 3 -5 -1 7 66 0 0.00 0.0 14 1.1 8 20 M M 7 8 30
13 -2 -11 -6 3 71 0 0.00 0.0 14 0.4 5 200 M M 4 6 180
14 8 -13 -2 7 67 0 0.00 0.0 14 2.6 10 40 M M 5 12 40
15 20 -2 9 18 56 0 0.00 0.0 14 3.5 9 40 M M 8 10 40
16 4 -8 -2 7 67 0 0.00 0.0 14 1.3 10 40 M M 4 11 170
17 11 -1 5 14 60 0 0.00 0.0 14 0.6 7 50 M M 7 7 200
18 35 1 18 27 47 0 0.00 0.0 14 3.5 14 60 M M 8 17 50
19 30 -3 14 23 51 0 T 0.1 14 5.9 21 250 M M 8 1 29 250
20 13 -2 6 14 59 0 0.00 0.0 14 2.2 10 60 M M 5 11 50
21 10 -3 4 12 61 0 0.00 0.0 14 1.2 7 30 M M 3 8 40
22 24 4 14 22 51 0 0.00 0.0 14 2.2 9 40 M M 8 9 40
23 15 -4 6 14 59 0 0.00 0.0 14 1.1 8 20 M M 5 10 190
24 9 -9 0 8 65 0 T T 14 1.4 9 40 M M 7 1 9 40
25 9 -13 -2 6 67 0 T T 14 2.0 10 60 M M 5 1 12 60
26 -10 -24 -17 -9 82 0 T T 14 0.6 6 30 M M 2 12 6 30
27 -11 -27 -19 -11 84 0 0.00 0.0 14 0.5 7 20 M M 2 7 20
28 -3 -26 -14 -7 79 0 T T 14 0.1 3 20 M M 7 4 50
29 2 -15 -6 1 71 0 T T 14 0.9 6 190 M M 6 1 6 50
30 -3 -18 -10 -3 75 0 0.02 0.2 14 0.3 8 180 M M 9 1 9 170
31 -2 -17 -9 -3 74 0 0.02 0.2 14 1.2 14 360 M M 9 1 16 350
================================================================================
SM 229 -319 2052 0 0.04 0.5 65.1 M 186
================================================================================
AV 7.4-10.3 2.1 FASTST M M 6 MAX(MPH)
MISC ----> 21 250 29 250
================================================================================
NOTES:
# LAST OF SEVERAL OCCURRENCES
COLUMN 17 PEAK WIND IN M.P.H.
PRELIMINARY LOCAL CLIMATOLOGICAL DATA (WS FORM: F-6) , PAGE 2
STATION: FAIRBANKS AK
MONTH: JANUARY
YEAR: 2021
LATITUDE: 64 49 N
LONGITUDE: 147 52 W
[TEMPERATURE DATA] [PRECIPITATION DATA] SYMBOLS USED IN COLUMN 16
AVERAGE MONTHLY: -1.5 TOTAL FOR MONTH: 0.04 1 = FOG OR MIST
DPTR FM NORMAL: 6.4 DPTR FM NORMAL: -0.54 2 = FOG REDUCING VISIBILITY
HIGHEST: 35 ON 18 GRTST 24HR 0.11 ON 21-22 TO 1/4 MILE OR LESS
LOWEST: -27 ON 27 3 = THUNDER
SNOW, ICE PELLETS, HAIL 4 = ICE PELLETS
TOTAL MONTH: 0.5 INCH 5 = HAIL
GRTST 24HR 0.2 ON 30-30 6 = FREEZING RAIN OR DRIZZLE
GRTST DEPTH: 15 ON 1 7 = DUSTSTORM OR SANDSTORM:
VSBY 1/2 MILE OR LESS
8 = SMOKE OR HAZE
[NO. OF DAYS WITH] [WEATHER - DAYS WITH] 9 = BLOWING SNOW
X = TORNADO
MAX 32 OR BELOW: 30 0.01 INCH OR MORE: 2
MAX 90 OR ABOVE: 0 0.10 INCH OR MORE: 0
MIN 32 OR BELOW: 31 0.50 INCH OR MORE: 0
MIN 0 OR BELOW: 28 1.00 INCH OR MORE: 0
[HDD (BASE 65) ]
TOTAL THIS MO. 2052 CLEAR (SCALE 0-3) 3
DPTR FM NORMAL -208 PTCLDY (SCALE 4-7) 25
TOTAL FM JUL 1 7881 CLOUDY (SCALE 8-10) 3
DPTR FM NORMAL -652
[CDD (BASE 65) ]
TOTAL THIS MO. 0
DPTR FM NORMAL 0 [PRESSURE DATA]
TOTAL FM JAN 1 0 HIGHEST SLP M ON M
DPTR FM NORMAL 0 LOWEST SLP 28.84 ON 11
[REMARKS]
#FINAL-01-21#