000
CXUS52 KRAH 010845
CF6FAY
PRELIMINARY LOCAL CLIMATOLOGICAL DATA (WS FORM: F-6)
STATION: FAYETTEVILLE NC
MONTH: JUNE
YEAR: 2023
LATITUDE: 35 0 N
LONGITUDE: 78 53 W
TEMPERATURE IN F: :PCPN: SNOW: WIND :SUNSHINE: SKY :PK WND
================================================================================
1 2 3 4 5 6A 6B 7 8 9 10 11 12 13 14 15 16 17 18
12Z AVG MX 2MIN
DY MAX MIN AVG DEP HDD CDD WTR SNW DPTH SPD SPD DIR MIN PSBL S-S WX SPD DR
================================================================================
1 82 62 72 -3 0 7 0.00 M M 9.1 17 20 M M 3 24 360
2 85 67 76 1 0 11 0.00 M M 7.9 17 30 M M 6 24 20
3 90 63 77 1 0 12 0.00 M M 6.5 17 100 M M 0 12 23 40
4 72 61 67 -9 0 2 0.00 M M 9.3 18 50 M M 6 24 30
5 81 57 69 -7 0 4 0.00 M M 4.4 13 230 M M 5 16 260
6 87 60 74 -2 0 9 0.00 M M 7.7 15 250 M M 3 8 21 260
7 85 63 74 -3 0 9 0.22 M M 7.1 17 360 M M 3 18 25 30
8 82 58 70 -7 0 5 0.00 M M 6.7 18 310 M M 3 1 25 310
9 84 55 70 -7 0 5 0.00 M M 3.8 15 280 M M 0 19 270
10 87 54 71 -6 0 6 0.00 M M 5.3 14 210 M M 0 18 19 200
11 89 60 75 -3 0 10 0.55 M M 6.5 25 260 M M 2 138 32 270
12 88 67 78 0 0 13 0.12 M M 9.2 24 200 M M 7 13 32 190
13 85 64 75 -3 0 10 0.00 M M 4.7 15 220 M M 4 8 19 210
14 87 62 75 -3 0 10 0.00 M M 12.6 25 250 M M 3 32 230
15 88 69 79 1 0 14 T M M 6.7 18 190 M M 3 22 190
16 87 69 78 -1 0 13 0.04 M M 8.6 18 320 M M 2 38 23 320
17 88 63 76 -3 0 11 0.00 M M 6.0 16 360 M M 1 20 360
18 90 62 76 -3 0 11 0.00 M M 4.0 15 180 M M 2 18 22 170
19 90 69 80 1 0 15 0.16 M M 7.6 32 110 M M 5 13 42 100
20 81 70 76 -3 0 11 1.11 M M 5.5 17 220 M M 7 13 26 200
21 75 69 72 -8 0 7 0.26 M M 8.4 16 20 M M 9 1 20 10
22 84 70 77 -3 0 12 0.83 M M 7.4 23 220 M M 9 13 30 210
23 83 72 78 -2 0 13 0.04 M M 7.0 14 200 M M 5 1 19 170
24 89 70 80 0 0 15 0.00 M M 6.7 22 290 M M 5 1 27 280
25 92 72 82 2 0 17 0.00 M M 6.6 13 260 M M 2 16 270
26 92 66 79 -1 0 14 1.39 M M 10.8 31 20 M M 1 13 39 20
27 91 67 79 -2 0 14 0.72 M M 6.5 26 310 M M 4 13 34 300
28 91 70 81 0 0 16 0.00 M M 4.6 13 320 M M 2 16 320
29 90 68 79 -2 0 14 0.00 M M 4.9 12 40 M M 0 18 16 30
30 90 70 80 -1 0 15 0.28 M M 5.8 13 130 M M 3 138 16 120
================================================================================
SM 2585 1949 0 325 5.72 M 207.9 M 105
================================================================================
AV 86.2 65.0 6.9 FASTST M M 4 MAX(MPH)
MISC ----> 32 110 42 100
================================================================================
NOTES:
# LAST OF SEVERAL OCCURRENCES
COLUMN 17 PEAK WIND IN M.P.H.
PRELIMINARY LOCAL CLIMATOLOGICAL DATA (WS FORM: F-6) , PAGE 2
STATION: FAYETTEVILLE NC
MONTH: JUNE
YEAR: 2023
LATITUDE: 35 0 N
LONGITUDE: 78 53 W
[TEMPERATURE DATA] [PRECIPITATION DATA] SYMBOLS USED IN COLUMN 16
AVERAGE MONTHLY: 75.6 TOTAL FOR MONTH: 5.72 1 = FOG OR MIST
DPTR FM NORMAL: -2.7 DPTR FM NORMAL: 0.83 2 = FOG REDUCING VISIBILITY
HIGHEST: 92 ON 26,25 GRTST 24HR 2.11 ON 26-27 TO 1/4 MILE OR LESS
LOWEST: 54 ON 10 3 = THUNDER
SNOW, ICE PELLETS, HAIL 4 = ICE PELLETS
TOTAL MONTH: 0.0 INCH 5 = HAIL
GRTST 24HR M ON M 6 = FREEZING RAIN OR DRIZZLE
GRTST DEPTH: M ON M 7 = DUSTSTORM OR SANDSTORM:
VSBY 1/2 MILE OR LESS
8 = SMOKE OR HAZE
[NO. OF DAYS WITH] [WEATHER - DAYS WITH] 9 = BLOWING SNOW
X = TORNADO
MAX 32 OR BELOW: 0 0.01 INCH OR MORE: 12
MAX 90 OR ABOVE: 9 0.10 INCH OR MORE: 10
MIN 32 OR BELOW: 0 0.50 INCH OR MORE: 5
MIN 0 OR BELOW: 0 1.00 INCH OR MORE: 2
[HDD (BASE 65) ]
TOTAL THIS MO. 0 CLEAR (SCALE 0-3) 16
DPTR FM NORMAL 0 PTCLDY (SCALE 4-7) 12
TOTAL FM JUL 1 2142 CLOUDY (SCALE 8-10) 2
DPTR FM NORMAL -591
[CDD (BASE 65) ]
TOTAL THIS MO. 325
DPTR FM NORMAL -76 [PRESSURE DATA]
TOTAL FM JAN 1 605 HIGHEST SLP 30.06 ON 30
DPTR FM NORMAL -95 LOWEST SLP 29.62 ON 16
[REMARKS]
#FINAL-06-23#