000
CXUS52 KFFC 011010
CF6FFC
PRELIMINARY LOCAL CLIMATOLOGICAL DATA (WS FORM: F-6)
STATION: PEACHTREE CITY
MONTH: MAY
YEAR: 2023
LATITUDE: 33 20 N
LONGITUDE: 84 34 W
TEMPERATURE IN F: :PCPN: SNOW: WIND :SUNSHINE: SKY :PK WND
================================================================================
1 2 3 4 5 6A 6B 7 8 9 10 11 12 13 14 15 16 17 18
12Z AVG MX 2MIN
DY MAX MIN AVG DEP HDD CDD WTR SNW DPTH SPD SPD DIR MIN PSBL S-S WX SPD DR
================================================================================
1 69 47 58 -8 7 0 0.00 M M 6.2 21 280 M M 2 34 290
2 73 43 58 -8 7 0 0.00 M M 8.3 26 290 M M 0 41 300
3 72 41 57 -10 8 0 0.00 M M 8.1 26 310 M M 0 36 320
4 75 41 58 -9 7 0 0.00 M M 1.9 13 280 M M 0 17 280
5 62 48 55 -12 10 0 0.10 M M 1.9 7 90 M M 8 1 10 120
6 76 57 67 -1 0 2 0.00 M M 4.2 15 130 M M 9 20 130
7 83 53 68 0 0 3 0.00 M M 1.7 9 130 M M 2 1 14 140
8 82 63 73 5 0 8 0.01 M M 2.6 14 280 M M 3 138 21 270
9 84 65 75 7 0 10 0.41 M M 3.1 18 280 M M 3 138 29 320
10 84 60 72 3 0 7 0.00 M M 2.8 10 80 M M 1 12 17 90
11 82 65 74 5 0 9 0.00 M M 6.6 17 120 M M 2 23 130
12 73 62 68 -1 0 3 0.66 M M 3.0 10 120 M M 6 123 13 120
13 85 66 76 6 0 11 0.00 M M 1.0 8 270 M M 6 1 11 30
14 89 63 76 6 0 11 0.00 M M 2.6 13 310 M M 1 1 17 320
15 84 68 76 6 0 11 0.06 M M 4.2 12 130 M M 4 1 16 90
16 86 65 76 6 0 11 0.51 M M 2.8 26 310 M M 5 13 43 310
17 77 65 71 0 0 6 0.27 M M 1.8 9 320 M M 5 13 12 250
18 75 64 70 -1 0 5 0.13 M M 6.4 16 90 M M 10 12 29 90
19 74 61 68 -3 0 3 0.00 M M 5.0 14 90 M M 9 1 22 80
20 78 65 72 0 0 7 0.00 M M 3.3 8 130 M M 8 11 130
21 79 64 72 0 0 7 0.00 M M 4.6 9 40 M M 7 17 60
22 69 63 66 -6 0 1 0.30 M M 5.5 14 100 M M 10 18 25 90
23 69 63 66 -6 0 1 0.01 M M 4.0 13 90 M M 10 1 20 80
24 78 58 68 -5 0 3 0.00 M M 3.6 12 20 M M 5 1 20 30
25 80 51 66 -7 0 1 0.00 M M 3.9 13 10 M M 2 1 22 40
26 78 60 69 -4 0 4 0.00 M M 5.5 16 100 M M 2 25 70
27 77 57 67 -6 0 2 0.00 M M 7.0 16 60 M M 2 29 80
28 78 54 66 -8 0 1 0.00 M M 3.5 14 270 M M 3 20 280
29 73 56 65 -9 0 0 0.00 M M 5.9 15 320 M M 4 20 310
30 83 54 69 -5 0 4 0.00 M M 3.2 12 80 M M 2 21 90
31 81 62 72 -2 0 7 0.00 M M 5.8 13 80 M M 6 20 90
================================================================================
SM 2408 1804 39 138 2.46 M 130.0 M 137
================================================================================
AV 77.7 58.2 4.2 FASTST M M 4 MAX(MPH)
MISC ----> # 26 290 43 310
================================================================================
NOTES:
# LAST OF SEVERAL OCCURRENCES
COLUMN 17 PEAK WIND IN M.P.H.
PRELIMINARY LOCAL CLIMATOLOGICAL DATA (WS FORM: F-6) , PAGE 2
STATION: PEACHTREE CITY
MONTH: MAY
YEAR: 2023
LATITUDE: 33 20 N
LONGITUDE: 84 34 W
[TEMPERATURE DATA] [PRECIPITATION DATA] SYMBOLS USED IN COLUMN 16
AVERAGE MONTHLY: 67.9 TOTAL FOR MONTH: 2.46 1 = FOG OR MIST
DPTR FM NORMAL: -2.5 DPTR FM NORMAL: -0.66 2 = FOG REDUCING VISIBILITY
HIGHEST: 89 ON 14 GRTST 24HR 0.78 ON 16-17 TO 1/4 MILE OR LESS
LOWEST: 41 ON 4, 3 3 = THUNDER
SNOW, ICE PELLETS, HAIL 4 = ICE PELLETS
TOTAL MONTH: M 5 = HAIL
GRTST 24HR M ON M 6 = FREEZING RAIN OR DRIZZLE
GRTST DEPTH: M ON M 7 = DUSTSTORM OR SANDSTORM:
VSBY 1/2 MILE OR LESS
8 = SMOKE OR HAZE
[NO. OF DAYS WITH] [WEATHER - DAYS WITH] 9 = BLOWING SNOW
X = TORNADO
MAX 32 OR BELOW: 0 0.01 INCH OR MORE: 10
MAX 90 OR ABOVE: 0 0.10 INCH OR MORE: 7
MIN 32 OR BELOW: 0 0.50 INCH OR MORE: 2
MIN 0 OR BELOW: 0 1.00 INCH OR MORE: 0
[HDD (BASE 65) ]
TOTAL THIS MO. 39 CLEAR (SCALE 0-3) 14
DPTR FM NORMAL 14 PTCLDY (SCALE 4-7) 12
TOTAL FM JUL 1 2124 CLOUDY (SCALE 8-10) 5
DPTR FM NORMAL -460
[CDD (BASE 65) ]
TOTAL THIS MO. 138
DPTR FM NORMAL -55 [PRESSURE DATA]
TOTAL FM JAN 1 197 HIGHEST SLP 30.25 ON 6
DPTR FM NORMAL -63 LOWEST SLP 29.70 ON 1
[REMARKS]
#FINAL-05-23#