000
CXUS53 KLMK 010710
CF6FFT
PRELIMINARY LOCAL CLIMATOLOGICAL DATA (WS FORM: F-6)
STATION: FRANKFORT KY
MONTH: MARCH
YEAR: 2021
LATITUDE: 38 10 N
LONGITUDE: 84 54 W
TEMPERATURE IN F: :PCPN: SNOW: WIND :SUNSHINE: SKY :PK WND
================================================================================
1 2 3 4 5 6A 6B 7 8 9 10 11 12 13 14 15 16 17 18
12Z AVG MX 2MIN
DY MAX MIN AVG DEP HDD CDD WTR SNW DPTH SPD SPD DIR MIN PSBL S-S WX SPD DR
================================================================================
1 57 34 46 6 19 0 0.19 M M 8.1 21 340 M M 4 1 30 310
2 49 26 38 -2 27 0 0.00 M M 3.6 12 350 M M 0 16 180
3 62 23 43 2 22 0 0.00 M M 5.4 17 230 M M 0 23 230
4 58 32 45 4 20 0 0.00 M M 7.7 16 30 M M 0 25 50
5 48 26 37 -4 28 0 0.00 M M 5.8 14 360 M M 0 20 10
6 51 24 38 -4 27 0 0.00 M M 4.2 14 330 M M 0 23 310
7 54 24 39 -3 26 0 0.00 M M 3.5 13 340 M M 2 23 360
8 66 22 44 2 21 0 0.00 M M 4.6 15 220 M M 0 22 230
9 71 29 50 8 15 0 0.00 M M 5.3 18 230 M M 0 25 240
10 72 41 57 14 8 0 0.00 M M 9.6 26 210 M M 1 36 200
11 69 56 63 20 2 0 0.66 M M 13.9 25 200 M M 9 1 38 200
12 63 49 56 12 9 0 0.71 M M 5.0 13 360 M M 7 1 18 10
13 59 38 49 5 16 0 0.00 M M 5.0 15 30 M M 5 22 40
14 52 32 42 -2 23 0 T M M 3.5 18 60 M M 6 24 60
15 49 37 43 -1 22 0 0.41 M M 12.6 23 90 M M 9 18 34 50
16 72 37 55 10 10 0 0.00 M M 5.2 14 340 M M 2 12 24 230
17 64 39 52 7 13 0 0.09 M M 5.2 14 160 M M 6 128 19 180
18 69 42 56 10 9 0 0.36 M M 9.6 21 220 M M 9 18 29 230
19 56 36 46 0 19 0 0.03 M M 13.3 23 20 M M 3 34 10
20 63 30 47 1 18 0 0.00 M M 4.7 13 60 M M 0 17 70
21 68 28 48 1 17 0 0.00 M M 2.7 12 80 M M 0 15 80
22 70 37 54 7 11 0 0.00 M M 2.3 12 160 M M 2 18 220
23 71 43 57 10 8 0 T M M 7.8 17 160 M M 7 24 180
24 76 52 64 16 1 0 0.00 M M 10.1 24 210 M M 6 30 230
25 68 47 58 10 7 0 0.65 M M 7.3 28 210 M M 6 13 40 190
26 65 44 55 7 10 0 0.00 M M 7.6 25 240 M M 5 38 250
27 73 39 56 7 9 0 T M M 6.0 16 170 M M 2 13 21 170
28 65 35 50 1 15 0 0.22 M M 12.4 23 290 M M 6 1 39 310
29 60 29 45 -4 20 0 0.00 M M 2.8 12 140 M M 0 16 210
30 77 39 58 8 7 0 0.24 M M 10.3 28 200 M M 2 18 39 210
31 58 40 49 -1 16 0 0.72 M M 8.8 22 330 M M 8 1 32 330
================================================================================
SM 1955 1110 475 0 4.28 M 213.9 M 107
================================================================================
AV 63.1 35.8 6.9 FASTST M M 3 MAX(MPH)
MISC ----> # 28 210 40 190
================================================================================
NOTES:
# LAST OF SEVERAL OCCURRENCES
COLUMN 17 PEAK WIND IN M.P.H.
PRELIMINARY LOCAL CLIMATOLOGICAL DATA (WS FORM: F-6) , PAGE 2
STATION: FRANKFORT KY
MONTH: MARCH
YEAR: 2021
LATITUDE: 38 10 N
LONGITUDE: 84 54 W
[TEMPERATURE DATA] [PRECIPITATION DATA] SYMBOLS USED IN COLUMN 16
AVERAGE MONTHLY: 49.4 TOTAL FOR MONTH: 4.28 1 = FOG OR MIST
DPTR FM NORMAL: 4.5 DPTR FM NORMAL: -0.10 2 = FOG REDUCING VISIBILITY
HIGHEST: 77 ON 30 GRTST 24HR 1.37 ON 28- 1 TO 1/4 MILE OR LESS
LOWEST: 22 ON 8 3 = THUNDER
SNOW, ICE PELLETS, HAIL 4 = ICE PELLETS
TOTAL MONTH: M 5 = HAIL
GRTST 24HR M ON M 6 = FREEZING RAIN OR DRIZZLE
GRTST DEPTH: M ON M 7 = DUSTSTORM OR SANDSTORM:
VSBY 1/2 MILE OR LESS
8 = SMOKE OR HAZE
[NO. OF DAYS WITH] [WEATHER - DAYS WITH] 9 = BLOWING SNOW
X = TORNADO
MAX 32 OR BELOW: 0 0.01 INCH OR MORE: 11
MAX 90 OR ABOVE: 0 0.10 INCH OR MORE: 9
MIN 32 OR BELOW: 12 0.50 INCH OR MORE: 4
MIN 0 OR BELOW: 0 1.00 INCH OR MORE: 0
[HDD (BASE 65) ]
TOTAL THIS MO. 475 CLEAR (SCALE 0-3) 17
DPTR FM NORMAL -150 PTCLDY (SCALE 4-7) 11
TOTAL FM JUL 1 3922 CLOUDY (SCALE 8-10) 3
DPTR FM NORMAL -345
[CDD (BASE 65) ]
TOTAL THIS MO. 0
DPTR FM NORMAL -2 [PRESSURE DATA]
TOTAL FM JAN 1 0 HIGHEST SLP M ON M
DPTR FM NORMAL -2 LOWEST SLP 29.53 ON 18
[REMARKS]
#FINAL-03-21#