000
CXUS56 KFGZ 032049
CF6FLG
PRELIMINARY LOCAL CLIMATOLOGICAL DATA (WS FORM: F-6)
STATION: FLAGSTAFF AZ AIRPORT
MONTH: DECEMBER
YEAR: 2021
LATITUDE: 35 7 N
LONGITUDE: 111 40 W
TEMPERATURE IN F: :PCPN: SNOW: WIND :SUNSHINE: SKY :PK WND
================================================================================
1 2 3 4 5 6A 6B 7 8 9 10 11 12 13 14 15 16 17 18
12Z AVG MX 2MIN
DY MAX MIN AVG DEP HDD CDD WTR SNW DPTH SPD SPD DIR MIN PSBL S-S WX SPD DR
================================================================================
1 58 17 38 6 27 0 0.00 0.0 0 3.0 13 90 M M 0 20 100
2 59 19 39 7 26 0 0.00 0.0 0 2.8 16 220 M M 0 21 200
3 57 23 40 8 25 0 0.00 0.0 0 2.1 14 210 M M 0 19 210
4 55 21 38 6 27 0 0.00 0.0 0 2.1 13 220 M M 1 16 220
5 62 18 40 9 25 0 0.00 0.0 0 2.3 14 210 M M 0 18 210
6 57 19 38 7 27 0 0.00 0.0 0 6.2 20 210 M M 0 24 210
7 44 33 39 8 26 0 0.01 T 0 2.3 12 210 M M 7 18 14 210
8 45 30 38 7 27 0 T 0.0 0 10.0 28 220 M M 8 33 220
9 37 32 35 5 30 0 0.66 1.6 0 18.1 31 230 M M 10 1 44 210
10 33 13 23 -7 42 0 0.10 0.7 2 5.9 17 250 M M 4 1 30 250
11 43 4 24 -6 41 0 0.00 0.0 1 0.9 8 210 M M 0 10 40
12 47 14 31 1 34 0 0.00 0.0 T 3.8 18 220 M M 0 23 230
13 46 20 33 3 32 0 T 0.0 T 7.4 25 220 M M 0 31 220
14 45 30 38 8 27 0 0.47 0.3 T 22.5 39 220 M M 6 1 59 210
15 34 11 23 -7 42 0 0.17 1.3 2 8.9 33 230 M M 3 128 51 230
16 42 8 25 -4 40 0 0.00 0.0 2 6.6 21 220 M M 0 25 200
17 38 11 25 -4 40 0 0.00 0.0 2 5.5 18 80 M M 0 25 60
18 35 16 26 -3 39 0 0.00 0.0 1 12.1 26 60 M M 0 8 34 60
19 49 8 29 0 36 0 0.00 0.0 1 1.4 9 40 M M 0 12 40
20 51 14 33 4 32 0 0.00 0.0 T 2.4 14 210 M M 0 16 200
21 49 24 37 8 28 0 0.00 0.0 T 0.9 8 210 M M 3 9 220
22 53 21 37 8 28 0 0.00 0.0 T 4.2 17 220 M M 1 20 220
23 47 32 40 11 25 0 0.22 0.5 T 13.3 29 220 M M 9 16 34 220
24 37 32 35 6 30 0 1.67 5.9 4 12.4 26 240 M M 10 1 38 260
25 36 31 34 5 31 0 0.00 0.0 4 14.7 31 230 M M 9 42 210
26 34 29 32 3 33 0 0.21 1.0 4 18.7 37 220 M M 10 18 46 210
27 31 26 29 0 36 0 0.01 0.1 4 18.5 30 220 M M 8 18 40 210
28 27 22 25 -4 40 0 0.43 6.3 4 16.3 25 230 M M 10 126 34 220
29 27 24 26 -3 39 0 0.24 3.8 11 12.7 24 230 M M 10 12 31 230
30 32 24 28 -1 37 0 0.05 0.3 11 11.4 21 220 M M 10 1 25 230
31 35 29 32 3 33 0 0.30 1.3 11 11.9 25 230 M M 10 126 39 230
================================================================================
SM 1345 655 1005 0 4.54 23.1 261.3 M 129
================================================================================
AV 43.4 21.1 8.4 FASTST M M 4 MAX(MPH)
MISC ----> 39 220 59 210
================================================================================
NOTES:
# LAST OF SEVERAL OCCURRENCES
COLUMN 17 PEAK WIND IN M.P.H.
PRELIMINARY LOCAL CLIMATOLOGICAL DATA (WS FORM: F-6) , PAGE 2
STATION: FLAGSTAFF AZ AIRPORT
MONTH: DECEMBER
YEAR: 2021
LATITUDE: 35 7 N
LONGITUDE: 111 40 W
[TEMPERATURE DATA] [PRECIPITATION DATA] SYMBOLS USED IN COLUMN 16
AVERAGE MONTHLY: 32.3 TOTAL FOR MONTH: 4.54 1 = FOG OR MIST
DPTR FM NORMAL: 2.3 DPTR FM NORMAL: 2.64 2 = FOG REDUCING VISIBILITY
HIGHEST: 62 ON 5 GRTST 24HR 1.86 ON 23-24 TO 1/4 MILE OR LESS
LOWEST: 4 ON 11 3 = THUNDER
SNOW, ICE PELLETS, HAIL 4 = ICE PELLETS
TOTAL MONTH: 23.1 INCHES 5 = HAIL
GRTST 24HR 6.3 ON 28-28 6 = FREEZING RAIN OR DRIZZLE
GRTST DEPTH: 11 ON 29,31 7 = DUSTSTORM OR SANDSTORM:
VSBY 1/2 MILE OR LESS
8 = SMOKE OR HAZE
[NO. OF DAYS WITH] [WEATHER - DAYS WITH] 9 = BLOWING SNOW
X = TORNADO
MAX 32 OR BELOW: 4 0.01 INCH OR MORE: 13
MAX 90 OR ABOVE: 0 0.10 INCH OR MORE: 10
MIN 32 OR BELOW: 30 0.50 INCH OR MORE: 2
MIN 0 OR BELOW: 0 1.00 INCH OR MORE: 1
[HDD (BASE 65) ]
TOTAL THIS MO. 1005 CLEAR (SCALE 0-3) 17
DPTR FM NORMAL -81 PTCLDY (SCALE 4-7) 5
TOTAL FM JUL 1 2538 CLOUDY (SCALE 8-10) 9
DPTR FM NORMAL -188
[CDD (BASE 65) ]
TOTAL THIS MO. 0
DPTR FM NORMAL 0 [PRESSURE DATA]
TOTAL FM JAN 1 251 HIGHEST SLP 30.44 ON 11
DPTR FM NORMAL 105 LOWEST SLP 29.46 ON 31
[REMARKS]
#FINAL-12-21#