000
CXUS54 KLZK 011230
CF6FLP
PRELIMINARY LOCAL CLIMATOLOGICAL DATA (WS FORM: F-6)
STATION: FLIPPIN
MONTH: DECEMBER
YEAR: 2020
LATITUDE: 36 17 N
LONGITUDE: 92 28 W
TEMPERATURE IN F: :PCPN: SNOW: WIND :SUNSHINE: SKY :PK WND
================================================================================
1 2 3 4 5 6A 6B 7 8 9 10 11 12 13 14 15 16 17 18
12Z AVG MX 2MIN
DY MAX MIN AVG DEP HDD CDD WTR SNW DPTH SPD SPD DIR MIN PSBL S-S WX SPD DR
================================================================================
1 55 15 35 M 30 0 0.00 M M 2.1 7 120 M M 0 M M
2 55 28 42 M 23 0 T M M 4.1 10 130 M M 4 16 100
3 43 36 40 M 25 0 0.09 M M 2.6 7 260 M M 9 M M
4 52 36 44 M 21 0 0.00 M M 6.9 13 260 M M 4 17 310
5 63 29 46 M 19 0 0.00 M M 1.7 8 310 M M 0 M M
6 52 34 43 M 22 0 0.00 M M 4.2 8 20 M M 0 M M
7 55 31 43 M 22 0 0.00 M M 3.9 8 270 M M 0 M M
8 62 26 44 M 21 0 0.00 M M 1.6 6 10 M M 1 12 M M
9 76 29 53 M 12 0 0.00 M M 1.2 5 40 M M 0 M M
10 78 28 53 M 12 0 0.00 0.0 0 2.5 9 210 M M 0 16 210
11 58 41 50 M 15 0 0.37 M M 3.1 14 260 M M 6 1 24 280
12 46 39 43 M 22 0 M M M 8.3 14 250 M M 9 21 250
13 39 32 36 M 29 0 0.31 M M 4.9 7 310 M M 10 1 M M
14 41 23 32 M 33 0 M M M 5.2 13 330 M M 4 1 20 330
15 31 19 25 M 40 0 M M M 2.1 8 90 M M 6 1 M M
16 35 23 29 M 36 0 0.00 M M 5.0 12 310 M M 7 18 300
17 47 23 35 M 30 0 M M M 2.2 7 200 M M 4 M M
18 58 23 41 M 24 0 0.00 M M 4.7 15 180 M M 1 1 21 180
19 52 34 43 M 22 0 0.00 0.0 0 3.7 8 210 M M 6 16 210
20 58 24 41 M 24 0 M M M 2.5 7 310 M M 2 12 M M
21 66 29 48 M 17 0 M M M 4.6 15 290 M M 0 18 290
22 65 28 47 M 18 0 M M M 4.5 10 150 M M 0 16 150
23 65 30 48 M 17 0 0.04 M M 11.5 18 300 M M 5 35 310
24 35 24 30 M 35 0 M M M 12.0 20 320 M M 1 33 280
25 40 16 28 M 37 0 M M M 7.0 14 310 M M 0 25 310
26 70 19 45 M 20 0 M M M 2.3 8 200 M M 0 M M
27 64 42 53 M 12 0 M M M 8.1 20 200 M M 2 29 200
28 47 29 38 M 27 0 M M M 3.5 9 330 M M 0 M M
29 40 29 35 M 30 0 T M M 5.5 13 110 M M 9 1 17 110
30 54 34 44 M 21 0 0.68 M M 5.7 14 330 M M 10 1 22 190
31 38 30 34 M 31 0 0.33 M M 6.7 12 50 M M 5 17 60
================================================================================
SM 1640 883 747 0 1.82 0.0 143.7 M 105
================================================================================
AV 52.9 28.5 4.6 FASTST M M 3 MAX(MPH)
MISC ----> # 20 320 35 310
================================================================================
NOTES:
# LAST OF SEVERAL OCCURRENCES
COLUMN 17 PEAK WIND IN M.P.H.
PRELIMINARY LOCAL CLIMATOLOGICAL DATA (WS FORM: F-6) , PAGE 2
STATION: FLIPPIN
MONTH: DECEMBER
YEAR: 2020
LATITUDE: 36 17 N
LONGITUDE: 92 28 W
[TEMPERATURE DATA] [PRECIPITATION DATA] SYMBOLS USED IN COLUMN 16
AVERAGE MONTHLY: 40.7 TOTAL FOR MONTH: 1.82 1 = FOG OR MIST
DPTR FM NORMAL: 0.0 DPTR FM NORMAL: M 2 = FOG REDUCING VISIBILITY
HIGHEST: 78 ON 10 GRTST 24HR 0.68 ON 30-30 TO 1/4 MILE OR LESS
LOWEST: 15 ON 1 3 = THUNDER
SNOW, ICE PELLETS, HAIL 4 = ICE PELLETS
TOTAL MONTH: 0.0 INCH 5 = HAIL
GRTST 24HR 0.0 6 = FREEZING RAIN OR DRIZZLE
GRTST DEPTH: 0 7 = DUSTSTORM OR SANDSTORM:
VSBY 1/2 MILE OR LESS
8 = SMOKE OR HAZE
[NO. OF DAYS WITH] [WEATHER - DAYS WITH] 9 = BLOWING SNOW
X = TORNADO
MAX 32 OR BELOW: 1 0.01 INCH OR MORE: 6
MAX 90 OR ABOVE: 0 0.10 INCH OR MORE: 4
MIN 32 OR BELOW: 23 0.50 INCH OR MORE: 1
MIN 0 OR BELOW: 0 1.00 INCH OR MORE: 0
[HDD (BASE 65) ]
TOTAL THIS MO. 747 CLEAR (SCALE 0-3) 16
DPTR FM NORMAL M PTCLDY (SCALE 4-7) 10
TOTAL FM JUL 1 1409 CLOUDY (SCALE 8-10) 5
DPTR FM NORMAL M
[CDD (BASE 65) ]
TOTAL THIS MO. 0
DPTR FM NORMAL M [PRESSURE DATA]
TOTAL FM JAN 1 1610 HIGHEST SLP 30.45 ON 28
DPTR FM NORMAL M LOWEST SLP 29.64 ON 23
[REMARKS]
#FINAL-12-20#