000
CXUS53 KOAX 010930
CF6FNB
PRELIMINARY LOCAL CLIMATOLOGICAL DATA (WS FORM: F-6)
STATION: FALLS CITY NE
MONTH: JULY
YEAR: 2021
LATITUDE: 40 4 N
LONGITUDE: 95 35 W
TEMPERATURE IN F: :PCPN: SNOW: WIND :SUNSHINE: SKY :PK WND
================================================================================
1 2 3 4 5 6A 6B 7 8 9 10 11 12 13 14 15 16 17 18
12Z AVG MX 2MIN
DY MAX MIN AVG DEP HDD CDD WTR SNW DPTH SPD SPD DIR MIN PSBL S-S WX SPD DR
================================================================================
1 84 68 76 0 0 11 0.00 M M 5.2 13 60 M M 2 1 17 50
2 87 63 75 -2 0 10 0.00 M M 2.0 7 100 M M 0 8 11 10
3 88 66 77 0 0 12 0.00 M M 4.2 7 170 M M 0 8 10 340
4 88 67 78 1 0 13 0.00 M M 6.7 15 170 M M 0 1 19 150
5 88 65 77 0 0 12 0.00 M M 5.7 13 210 M M 1 18 19 200
6 87 65 76 -1 0 11 0.00 M M 6.6 15 180 M M 0 1 23 170
7 80 64 72 -5 0 7 0.17 M M 7.2 17 350 M M 6 1 26 350
8 80 58 69 -8 0 4 0.00 M M 4.2 13 150 M M 0 16 130
9 94 66 80 3 0 15 0.00 M M 10.3 24 170 M M 1 33 170
10 82 65 74 -3 0 9 1.28 M M 6.9 45 300 M M 5 13 77 300
11 77 65 71 -6 0 6 0.74 M M 8.3 18 20 M M 7 1 27 360
12 81 59 70 -7 0 5 0.00 M M 4.6 12 310 M M 1 14 350
13 87 59 73 -4 0 8 0.00 M M 5.0 13 160 M M 0 20 170
14 89 73 81 4 0 16 0.01 M M 8.8 22 190 M M 1 33 180
15 81 69 75 -2 0 10 0.19 M M 4.1 10 200 M M 6 1 15 160
16 85 67 76 -1 0 11 0.00 M M 4.0 10 60 M M 5 1 13 60
17 85 66 76 -1 0 11 T M M 5.8 18 90 M M 5 13 24 90
18 82 65 74 -3 0 9 0.00 M M 4.9 13 110 M M 1 16 110
19 84 62 73 -5 0 8 0.00 M M 3.8 12 60 M M 2 1 16 10
20 85 63 74 -4 0 9 0.00 M M 1.3 7 160 M M 0 18 10 130
21 86 61 74 -4 0 9 0.00 M M 3.8 10 160 M M 1 128 17 160
22 88 69 79 2 0 14 0.00 M M 7.6 15 190 M M 0 8 22 190
23 92 68 80 3 0 15 0.00 M M 7.7 16 160 M M 0 8 22 200
24 95 74 85 8 0 20 0.00 M M 7.5 17 280 M M 1 24 290
25 85 69 77 0 0 12 0.01 M M 2.8 10 100 M M 1 12 15 100
26 89 66 78 1 0 13 0.00 M M 5.6 13 150 M M 1 128 18 150
27 93 66 80 3 0 15 0.00 M M 5.7 12 150 M M 0 18 16 190
28 96 70 83 6 0 18 0.00 M M 5.9 12 210 M M 0 8 17 190
29 98 77 88 11 0 23 T M M 7.7 15 230 M M 0 3 20 220
30 91 75 83 6 0 18 0.00 M M 7.2 16 20 M M 3 13 22 20
31 79 67 73 -4 0 8 0.12 M M 6.6 18 360 M M 5 18 38 10
================================================================================
SM 2686 2057 0 362 2.52 M 177.7 M 55
================================================================================
AV 86.6 66.4 5.7 FASTST M M 2 MAX(MPH)
MISC ----> 45 300 77 300
================================================================================
NOTES:
# LAST OF SEVERAL OCCURRENCES
COLUMN 17 PEAK WIND IN M.P.H.
PRELIMINARY LOCAL CLIMATOLOGICAL DATA (WS FORM: F-6) , PAGE 2
STATION: FALLS CITY NE
MONTH: JULY
YEAR: 2021
LATITUDE: 40 4 N
LONGITUDE: 95 35 W
[TEMPERATURE DATA] [PRECIPITATION DATA] SYMBOLS USED IN COLUMN 16
AVERAGE MONTHLY: 76.5 TOTAL FOR MONTH: 2.52 1 = FOG OR MIST
DPTR FM NORMAL: -0.7 DPTR FM NORMAL: -2.67 2 = FOG REDUCING VISIBILITY
HIGHEST: 98 ON 29 GRTST 24HR 1.28 ON 10-10 TO 1/4 MILE OR LESS
LOWEST: 58 ON 8 3 = THUNDER
SNOW, ICE PELLETS, HAIL 4 = ICE PELLETS
TOTAL MONTH: M 5 = HAIL
GRTST 24HR M ON M 6 = FREEZING RAIN OR DRIZZLE
GRTST DEPTH: M ON M 7 = DUSTSTORM OR SANDSTORM:
VSBY 1/2 MILE OR LESS
8 = SMOKE OR HAZE
[NO. OF DAYS WITH] [WEATHER - DAYS WITH] 9 = BLOWING SNOW
X = TORNADO
MAX 32 OR BELOW: 0 0.01 INCH OR MORE: 7
MAX 90 OR ABOVE: 7 0.10 INCH OR MORE: 5
MIN 32 OR BELOW: 0 0.50 INCH OR MORE: 2
MIN 0 OR BELOW: 0 1.00 INCH OR MORE: 1
[HDD (BASE 65) ]
TOTAL THIS MO. 0 CLEAR (SCALE 0-3) 24
DPTR FM NORMAL -1 PTCLDY (SCALE 4-7) 7
TOTAL FM JUL 1 0 CLOUDY (SCALE 8-10) 0
DPTR FM NORMAL 0
[CDD (BASE 65) ]
TOTAL THIS MO. 362
DPTR FM NORMAL -17 [PRESSURE DATA]
TOTAL FM JAN 1 816 HIGHEST SLP 30.18 ON 19
DPTR FM NORMAL 56 LOWEST SLP 29.73 ON 9
[REMARKS]
#FINAL-07-21#