372
CXUS53 KOAX 011000
CF6FNB
PRELIMINARY LOCAL CLIMATOLOGICAL DATA (WS FORM: F-6)
STATION: FALLS CITY NE
MONTH: AUGUST
YEAR: 2020
LATITUDE: 40 4 N
LONGITUDE: 95 35 W
TEMPERATURE IN F: :PCPN: SNOW: WIND :SUNSHINE: SKY :PK WND
================================================================================
1 2 3 4 5 6A 6B 7 8 9 10 11 12 13 14 15 16 17 18
12Z AVG MX 2MIN
DY MAX MIN AVG DEP HDD CDD WTR SNW DPTH SPD SPD DIR MIN PSBL S-S WX SPD DR
================================================================================
1 82 60 71 -6 0 6 0.08 M M 5.5 12 290 M M M 1 14 320
2 81 59 70 -7 0 5 0.00 M M 7.6 16 360 M M M 24 360
3 76 55 66 -11 0 1 0.00 M M M 14 40 M M M 18 360
4 77 51 64 -13 1 0 0.00 M M M 7 150 M M M 11 90
5 78 58 68 -9 0 3 0.09 M M 6.7 14 150 M M 2 1 19 160
6 85 63 74 -3 0 9 0.00 M M 7.6 17 150 M M 3 8 23 170
7 85 68 77 0 0 12 T M M 11.2 22 160 M M 5 3 31 180
8 88 73 81 4 0 16 0.00 M M 11.0 24 170 M M 3 35 150
9 89 73 81 5 0 16 0.14 M M 9.7 22 150 M M 1 13 31 160
10 85 72 79 3 0 14 T M M 5.8 18 10 M M 2 28 330
11 88 69 79 3 0 14 T M M 5.1 13 110 M M 4 16 110
12 84 69 77 1 0 12 T M M 6.5 14 150 M M 3 128 17 150
13 89 71 80 4 0 15 0.00 M M 5.8 13 110 M M 1 1 18 150
14 90 69 80 4 0 15 T M M 5.7 20 140 M M 1 12 26 150
15 86 65 76 0 0 11 0.00 M M 4.7 12 60 M M 2 18 20
16 82 58 70 -6 0 5 0.02 M M 5.4 22 210 M M 3 13 31 180
17 84 62 73 -3 0 8 0.00 M M 7.0 15 350 M M 0 25 340
18 82 57 70 -5 0 5 0.00 M M 2.5 7 60 M M 0 1 11 50
19 82 54 68 -7 0 3 0.00 M M 4.1 12 140 M M 2 12 16 110
20 84 58 71 -4 0 6 0.00 M M 6.7 14 190 M M 0 19 170
21 89 61 75 0 0 10 0.00 M M 6.3 12 160 M M 0 8 17 190
22 90 63 77 2 0 12 0.00 M M 6.6 15 210 M M 0 18 20 200
23 94 67 81 7 0 16 0.00 M M 6.7 15 220 M M 1 8 20 220
24 93 66 80 6 0 15 0.00 M M 5.3 14 170 M M 0 8 20 170
25 93 63 78 4 0 13 0.00 M M 6.4 15 200 M M 0 18 20 190
26 93 65 79 5 0 14 0.00 M M 7.5 18 190 M M 0 18 27 200
27 91 67 79 5 0 14 0.00 M M 6.7 15 150 M M 0 20 150
28 95 67 81 8 0 16 T M M 4.0 12 350 M M 2 1 19 360
29 81 59 70 -3 0 5 0.00 M M 5.4 15 40 M M 0 22 50
30 83 56 70 -3 0 5 0.00 M M 6.7 17 140 M M 1 24 150
31 77 65 71 -1 0 6 0.30 M M 6.1 23 320 M M 7 13 38 330
================================================================================
SM 2656 1963 1 302 0.63 M 186.3 M 43
================================================================================
AV 85.7 63.3 6.4 FASTST M M 2 MAX(MPH)
MISC ----> # 24 170 # 38 330
================================================================================
NOTES:
# LAST OF SEVERAL OCCURRENCES
COLUMN 17 PEAK WIND IN M.P.H.
PRELIMINARY LOCAL CLIMATOLOGICAL DATA (WS FORM: F-6) , PAGE 2
STATION: FALLS CITY NE
MONTH: AUGUST
YEAR: 2020
LATITUDE: 40 4 N
LONGITUDE: 95 35 W
[TEMPERATURE DATA] [PRECIPITATION DATA] SYMBOLS USED IN COLUMN 16
AVERAGE MONTHLY: 74.5 TOTAL FOR MONTH: 0.63 1 = FOG OR MIST
DPTR FM NORMAL: -0.9 DPTR FM NORMAL: -3.41 2 = FOG REDUCING VISIBILITY
HIGHEST: 95 ON 28 GRTST 24HR 0.30 ON 31-31 TO 1/4 MILE OR LESS
LOWEST: 51 ON 4 3 = THUNDER
SNOW, ICE PELLETS, HAIL 4 = ICE PELLETS
TOTAL MONTH: M 5 = HAIL
GRTST 24HR M ON M 6 = FREEZING RAIN OR DRIZZLE
GRTST DEPTH: M ON M 7 = DUSTSTORM OR SANDSTORM:
VSBY 1/2 MILE OR LESS
8 = SMOKE OR HAZE
[NO. OF DAYS WITH] [WEATHER - DAYS WITH] 9 = BLOWING SNOW
X = TORNADO
MAX 32 OR BELOW: 0 0.01 INCH OR MORE: 5
MAX 90 OR ABOVE: 8 0.10 INCH OR MORE: 2
MIN 32 OR BELOW: 0 0.50 INCH OR MORE: 0
MIN 0 OR BELOW: 0 1.00 INCH OR MORE: 0
[HDD (BASE 65) ]
TOTAL THIS MO. 1 CLEAR (SCALE 0-3) 23
DPTR FM NORMAL -4 PTCLDY (SCALE 4-7) 4
TOTAL FM JUL 1 1 CLOUDY (SCALE 8-10) 0
DPTR FM NORMAL -5
[CDD (BASE 65) ]
TOTAL THIS MO. 302
DPTR FM NORMAL -24 [PRESSURE DATA]
TOTAL FM JAN 1 1121 HIGHEST SLP 30.16 ON 17
DPTR FM NORMAL 39 LOWEST SLP 29.65 ON 31
[REMARKS]
#FINAL-08-20#