000
CXUS55 KBOU 010900
CF6FNL
PRELIMINARY LOCAL CLIMATOLOGICAL DATA (WS FORM: F-6)
STATION: FT COLLINS/LOVELAND CO
MONTH: APRIL
YEAR: 2022
LATITUDE: 40 27 N
LONGITUDE: 105 1 W
TEMPERATURE IN F: :PCPN: SNOW: WIND :SUNSHINE: SKY :PK WND
================================================================================
1 2 3 4 5 6A 6B 7 8 9 10 11 12 13 14 15 16 17 18
12Z AVG MX 2MIN
DY MAX MIN AVG DEP HDD CDD WTR SNW DPTH SPD SPD DIR MIN PSBL S-S WX SPD DR
================================================================================
1 61 37 49 M 16 0 M M M 12.9 24 350 M M 1 35 340
2 69 27 48 M 17 0 M M M 5.4 10 180 M M 0 M M
3 58 36 47 M 18 0 M M M 9.3 18 20 M M 3 22 20
4 69 27 48 M 17 0 M M M 10.8 27 280 M M 0 41 260
5 60 35 48 M 17 0 M M M 25.9 41 320 M M 2 48 320
6 48 30 39 M 26 0 M M M 22.8 36 300 M M 2 48 300
7 57 31 44 M 21 0 M M M 22.9 38 360 M M 1 46 360
8 70 27 49 M 16 0 M M M 6.7 10 10 M M 0 M M
9 77 38 58 M 7 0 M M M 11.4 28 40 M M 0 43 50
10 49 32 41 M 24 0 M M M 16.2 30 320 M M 3 47 300
11 66 22 44 M 21 0 M M M 7.3 14 120 M M 1 20 160
12 56 26 41 M 24 0 M M M 15.6 36 300 M M 3 54 300
13 43 9 26 M 39 0 M M M 13.7 29 300 M M 2 40 260
14 58 22 40 M 25 0 M M M 9.5 23 270 M M 0 37 270
15 60 26 43 M 22 0 M M M 10.2 17 110 M M 3 16 70
16 59 24 42 M 23 0 M M M 7.3 15 160 M M 1 24 160
17 66 27 47 M 18 0 M M M 12.0 22 330 M M 0 36 60
18 65 27 46 M 19 0 M M M 5.5 12 140 M M 0 21 99
19 79 31 55 M 10 0 M M M M M M M M M M M
20 72 44 58 M 7 0 M M M 11.2 20 270 M M 1 32 250
21 82 39 61 M 4 0 M M M 8.3 18 160 M M 0 25 150
22 89 43 66 M 0 1 M M M 12.8 28 220 M M 0 43 200
23 57 43 50 M 15 0 M M M 17.4 36 330 M M 3 43 330
24 57 35 46 M 19 0 M M M 14.5 24 10 M M 4 31 360
25 55 31 43 M 22 0 M M M 4.7 8 300 M M 3 M M
26 76 29 53 M 12 0 M M M 7.2 14 180 M M 0 21 140
27 77 40 59 M 6 0 M M M 9.3 25 160 M M 0 36 160
28 79 41 60 M 5 0 M M M 6.9 16 140 M M 1 21 140
29 63 42 53 M 12 0 M M M 16.6 36 310 M M 1 3 54 330
30 69 37 53 M 12 0 M M M 12.0 22 20 M M 0 32 10
================================================================================
SM 1946 958 494 1 M M 346.1 M 35
================================================================================
AV 64.9 31.9 11.9 FASTST M M 1 MAX(MPH)
MISC ----> 41 320 54 330
================================================================================
NOTES:
# LAST OF SEVERAL OCCURRENCES
COLUMN 17 PEAK WIND IN M.P.H.
PRELIMINARY LOCAL CLIMATOLOGICAL DATA (WS FORM: F-6) , PAGE 2
STATION: FT COLLINS/LOVELAND CO
MONTH: APRIL
YEAR: 2022
LATITUDE: 40 27 N
LONGITUDE: 105 1 W
[TEMPERATURE DATA] [PRECIPITATION DATA] SYMBOLS USED IN COLUMN 16
AVERAGE MONTHLY: 48.4 TOTAL FOR MONTH: M 1 = FOG OR MIST
DPTR FM NORMAL: 0.0 DPTR FM NORMAL: M 2 = FOG REDUCING VISIBILITY
HIGHEST: 89 ON 22 GRTST 24HR 0.09 ON 9-10 TO 1/4 MILE OR LESS
LOWEST: 9 ON 13 3 = THUNDER
SNOW, ICE PELLETS, HAIL 4 = ICE PELLETS
TOTAL MONTH: M 5 = HAIL
GRTST 24HR M ON M 6 = FREEZING RAIN OR DRIZZLE
GRTST DEPTH: M ON M 7 = DUSTSTORM OR SANDSTORM:
VSBY 1/2 MILE OR LESS
8 = SMOKE OR HAZE
[NO. OF DAYS WITH] [WEATHER - DAYS WITH] 9 = BLOWING SNOW
X = TORNADO
MAX 32 OR BELOW: 0 0.01 INCH OR MORE: 0
MAX 90 OR ABOVE: 0 0.10 INCH OR MORE: 0
MIN 32 OR BELOW: 17 0.50 INCH OR MORE: 0
MIN 0 OR BELOW: 0 1.00 INCH OR MORE: 0
[HDD (BASE 65) ]
TOTAL THIS MO. 494 CLEAR (SCALE 0-3) 28
DPTR FM NORMAL M PTCLDY (SCALE 4-7) 1
TOTAL FM JUL 1 5426 CLOUDY (SCALE 8-10) 1
DPTR FM NORMAL M
[CDD (BASE 65) ]
TOTAL THIS MO. 1
DPTR FM NORMAL M [PRESSURE DATA]
TOTAL FM JAN 1 1 HIGHEST SLP 30.40 ON 7
DPTR FM NORMAL M LOWEST SLP 29.05 ON 22
[REMARKS]
#FINAL-04-22#