000
CXUS55 KBOU 010900
CF6FNL
PRELIMINARY LOCAL CLIMATOLOGICAL DATA (WS FORM: F-6)
STATION: FT COLLINS/LOVELAND CO
MONTH: JULY
YEAR: 2021
LATITUDE: 40 27 N
LONGITUDE: 105 1 W
TEMPERATURE IN F: :PCPN: SNOW: WIND :SUNSHINE: SKY :PK WND
================================================================================
1 2 3 4 5 6A 6B 7 8 9 10 11 12 13 14 15 16 17 18
12Z AVG MX 2MIN
DY MAX MIN AVG DEP HDD CDD WTR SNW DPTH SPD SPD DIR MIN PSBL S-S WX SPD DR
================================================================================
1 79 59 69 M 0 4 0.00 M M 7.0 25 110 M M 4 35 90
2 84 56 70 M 0 5 0.00 M M 6.0 12 260 M M 3 12 16 260
3 90 57 74 M 0 9 0.00 M M 5.7 16 330 M M 0 1 20 330
4 91 59 75 M 0 10 0.00 M M 6.2 18 340 M M 0 8 26 340
5 94 55 75 M 0 10 0.00 M M 6.6 16 270 M M 0 21 270
6 89 59 74 M 0 9 0.00 M M 6.9 16 90 M M 3 8 17 100
7 96 58 77 M 0 12 0.00 M M 7.5 13 190 M M 0 23 190
8 102 58 80 M 0 15 0.00 M M 7.3 23 320 M M 0 3 36 270
9 99 63 81 M 0 16 T M M 7.2 29 10 M M 0 46 20
10 89 62 76 M 0 11 0.00 M M 7.9 20 360 M M 2 8 32 360
11 91 55 73 M 0 8 0.00 M M 5.5 9 120 M M 0 M M
12 95 55 75 M 0 10 0.00 M M 6.1 13 120 M M 0 20 130
13 85 66 76 M 0 11 0.00 M M 7.5 17 210 M M 0 20 340
14 81 56 69 M 0 4 0.01 M M 6.8 13 150 M M 1 3 M M
15 89 53 71 M 0 6 T M M 6.8 22 220 M M 1 1 37 230
16 95 58 77 M 0 12 0.00 M M 6.1 16 310 M M 0 17 180
17 96 57 77 M 0 12 0.00 M M 7.9 27 350 M M 0 8 32 340
18 96 55 76 M 0 11 0.00 M M 5.8 12 80 M M 0 8 20 80
19 98 59 79 M 0 14 0.00 M M 6.0 14 130 M M 0 22 130
20 99 57 78 M 0 13 0.00 M M 7.3 14 360 M M 1 22 360
21 89 61 75 M 0 10 T M M 6.1 12 180 M M 0 M M
22 97 61 79 M 0 14 0.00 M M 5.0 10 300 M M 1 M M
23 97 67 82 M 0 17 T M M 7.5 27 350 M M 2 37 350
24 91 64 78 M 0 13 0.00 M M 7.2 12 140 M M 1 M M
25 96 62 79 M 0 14 0.00 M M 7.5 22 130 M M 0 8 24 130
26 98 58 78 M 0 13 0.00 M M 6.9 13 140 M M 0 18 99
27 99 58 79 M 0 14 0.00 M M 7.0 13 130 M M 0 8 M M
28 102 61 82 M 0 17 0.00 M M 6.4 10 140 M M 0 8 18 80
29 97 69 83 M 0 18 0.00 M M 10.6 21 30 M M 1 23 40
30 97 64 81 M 0 16 T M M 10.5 29 360 M M 2 138 46 50
31 80 64 72 M 0 7 0.02 M M 5.7 13 120 M M 8 8 M M
================================================================================
SM 2881 1846 0 355 0.03 M 214.4 M 30
================================================================================
AV 92.9 59.5 6.9 FASTST M M 1 MAX(MPH)
MISC ----> 29 360 46 20
================================================================================
NOTES:
# LAST OF SEVERAL OCCURRENCES
COLUMN 17 PEAK WIND IN M.P.H.
PRELIMINARY LOCAL CLIMATOLOGICAL DATA (WS FORM: F-6) , PAGE 2
STATION: FT COLLINS/LOVELAND CO
MONTH: JULY
YEAR: 2021
LATITUDE: 40 27 N
LONGITUDE: 105 1 W
[TEMPERATURE DATA] [PRECIPITATION DATA] SYMBOLS USED IN COLUMN 16
AVERAGE MONTHLY: 76.2 TOTAL FOR MONTH: 0.03 1 = FOG OR MIST
DPTR FM NORMAL: 0.0 DPTR FM NORMAL: M 2 = FOG REDUCING VISIBILITY
HIGHEST: 102 ON 28, 8 GRTST 24HR 0.02 ON 31-31 TO 1/4 MILE OR LESS
LOWEST: 53 ON 15 3 = THUNDER
SNOW, ICE PELLETS, HAIL 4 = ICE PELLETS
TOTAL MONTH: M 5 = HAIL
GRTST 24HR M ON M 6 = FREEZING RAIN OR DRIZZLE
GRTST DEPTH: M ON M 7 = DUSTSTORM OR SANDSTORM:
VSBY 1/2 MILE OR LESS
8 = SMOKE OR HAZE
[NO. OF DAYS WITH] [WEATHER - DAYS WITH] 9 = BLOWING SNOW
X = TORNADO
MAX 32 OR BELOW: 0 0.01 INCH OR MORE: 2
MAX 90 OR ABOVE: 22 0.10 INCH OR MORE: 0
MIN 32 OR BELOW: 0 0.50 INCH OR MORE: 0
MIN 0 OR BELOW: 0 1.00 INCH OR MORE: 0
[HDD (BASE 65) ]
TOTAL THIS MO. 0 CLEAR (SCALE 0-3) 29
DPTR FM NORMAL M PTCLDY (SCALE 4-7) 2
TOTAL FM JUL 1 0 CLOUDY (SCALE 8-10) 0
DPTR FM NORMAL M
[CDD (BASE 65) ]
TOTAL THIS MO. 355
DPTR FM NORMAL M [PRESSURE DATA]
TOTAL FM JAN 1 578 HIGHEST SLP 30.15 ON 30
DPTR FM NORMAL M LOWEST SLP 29.78 ON 9
[REMARKS]
#FINAL-07-21#