000
CXUS53 KDTX 010635
CF6FNT
PRELIMINARY LOCAL CLIMATOLOGICAL DATA (WS FORM: F-6)
STATION: FLINT MI
MONTH: JULY
YEAR: 2022
LATITUDE: 42 58 N
LONGITUDE: 83 44 W
TEMPERATURE IN F: :PCPN: SNOW: WIND :SUNSHINE: SKY :PK WND
================================================================================
1 2 3 4 5 6A 6B 7 8 9 10 11 12 13 14 15 16 17 18
12Z AVG MX 2MIN
DY MAX MIN AVG DEP HDD CDD WTR SNW DPTH SPD SPD DIR MIN PSBL S-S WX SPD DR
================================================================================
1 85 61 73 3 0 8 0.00 0.0 0 8.8 16 220 M M 2 3 22 210
2 84 49 67 -3 0 2 0.00 0.0 0 7.0 17 300 M M 0 25 280
3 86 53 70 -1 0 5 0.00 0.0 0 4.2 14 230 M M 4 20 260
4 89 61 75 4 0 10 T 0.0 0 5.4 18 200 M M 0 26 220
5 88 68 78 7 0 13 0.43 0.0 0 10.8 20 280 M M 7 13 27 280
6 79 62 71 0 0 6 0.00 0.0 0 7.2 14 50 M M 7 18 10
7 83 55 69 -2 0 4 0.00 0.0 0 2.0 8 350 M M 3 13 270
8 82 60 71 0 0 6 0.00 0.0 0 7.8 21 30 M M 3 27 30
9 81 50 66 -5 0 1 0.00 0.0 0 8.6 16 30 M M 0 23 50
10 84 46 65 -6 0 0 0.00 0.0 0 3.6 10 160 M M 0 18 160
11 83 62 73 2 0 8 0.26 0.0 0 8.8 23 240 M M 3 13 39 230
12 81 60 71 0 0 6 0.00 0.0 0 10.1 20 280 M M 5 31 330
13 77 55 66 -5 0 1 0.08 0.0 0 5.9 16 10 M M 5 1 21 20
14 82 57 70 -1 0 5 0.00 0.0 0 3.3 10 60 M M 3 12 18 350
15 83 53 68 -3 0 3 0.04 0.0 0 6.6 15 220 M M 4 24 220
16 81 64 73 2 0 8 T 0.0 0 4.2 13 130 M M 7 17 130
17 85 65 75 4 0 10 0.00 0.0 0 6.0 15 90 M M 3 22 70
18 89 66 78 7 0 13 0.00 0.0 0 7.8 16 300 M M 2 22 300
19 93 68 81 10 0 16 0.00 0.0 0 8.4 17 270 M M 1 25 280
20 92 74 83 12 0 18 0.01 0.0 0 13.4 31 270 M M 3 3 44 280
21 91 70 81 10 0 16 0.00 0.0 0 12.4 25 280 M M 1 35 280
22 90 62 76 5 0 11 0.00 0.0 0 7.9 18 290 M M 1 25 290
23 89 70 80 9 0 15 0.21 0.0 0 7.2 32 280 M M 3 13 49 280
24 88 68 78 7 0 13 0.57 0.0 0 9.2 23 240 M M 6 3 35 230
25 77 57 67 -4 0 2 0.00 0.0 0 8.0 21 270 M M 2 27 270
26 81 54 68 -3 0 3 0.00 0.0 0 2.2 8 280 M M 2 13 280
27 82 58 70 -1 0 5 T 0.0 0 5.3 13 220 M M 5 18 220
28 81 62 72 1 0 7 0.00 0.0 0 9.8 21 270 M M 2 33 280
29 82 56 69 -2 0 4 0.00 0.0 0 8.6 18 290 M M 2 26 300
30 82 53 68 -3 0 3 0.00 0.0 0 4.7 13 290 M M 2 19 240
31 86 58 72 1 0 7 0.00 0.0 0 5.3 14 200 M M 3 19 210
================================================================================
SM 2616 1857 0 229 1.60 0.0 220.5 M 91
================================================================================
AV 84.4 59.9 7.1 FASTST M M 3 MAX(MPH)
MISC ----> 32 280 49 280
================================================================================
NOTES:
# LAST OF SEVERAL OCCURRENCES
COLUMN 17 PEAK WIND IN M.P.H.
PRELIMINARY LOCAL CLIMATOLOGICAL DATA (WS FORM: F-6) , PAGE 2
STATION: FLINT MI
MONTH: JULY
YEAR: 2022
LATITUDE: 42 58 N
LONGITUDE: 83 44 W
[TEMPERATURE DATA] [PRECIPITATION DATA] SYMBOLS USED IN COLUMN 16
AVERAGE MONTHLY: 72.1 TOTAL FOR MONTH: 1.60 1 = FOG OR MIST
DPTR FM NORMAL: 1.2 DPTR FM NORMAL: -1.81 2 = FOG REDUCING VISIBILITY
HIGHEST: 93 ON 19 GRTST 24HR 0.76 ON 23-24 TO 1/4 MILE OR LESS
LOWEST: 46 ON 10 3 = THUNDER
SNOW, ICE PELLETS, HAIL 4 = ICE PELLETS
TOTAL MONTH: 0.0 INCH 5 = HAIL
GRTST 24HR 0.0 6 = FREEZING RAIN OR DRIZZLE
GRTST DEPTH: 0 7 = DUSTSTORM OR SANDSTORM:
VSBY 1/2 MILE OR LESS
8 = SMOKE OR HAZE
[NO. OF DAYS WITH] [WEATHER - DAYS WITH] 9 = BLOWING SNOW
X = TORNADO
MAX 32 OR BELOW: 0 0.01 INCH OR MORE: 7
MAX 90 OR ABOVE: 4 0.10 INCH OR MORE: 4
MIN 32 OR BELOW: 0 0.50 INCH OR MORE: 1
MIN 0 OR BELOW: 0 1.00 INCH OR MORE: 0
[HDD (BASE 65) ]
TOTAL THIS MO. 0 CLEAR (SCALE 0-3) 18
DPTR FM NORMAL -13 PTCLDY (SCALE 4-7) 13
TOTAL FM JUL 1 0 CLOUDY (SCALE 8-10) 0
DPTR FM NORMAL -5
[CDD (BASE 65) ]
TOTAL THIS MO. 229
DPTR FM NORMAL 33 [PRESSURE DATA]
TOTAL FM JAN 1 439 HIGHEST SLP M ON M
DPTR FM NORMAL 87 LOWEST SLP 29.45 ON 20
[REMARKS]
#FINAL-07-22#