000
CXUS54 KFWD 010830
CF6FTW
PRELIMINARY LOCAL CLIMATOLOGICAL DATA (WS FORM: F-6)
STATION: FORT WORTH MEACHAM
MONTH: FEBRUARY
YEAR: 2023
LATITUDE: 32 49 N
LONGITUDE: 97 21 W
TEMPERATURE IN F: :PCPN: SNOW: WIND :SUNSHINE: SKY :PK WND
================================================================================
1 2 3 4 5 6A 6B 7 8 9 10 11 12 13 14 15 16 17 18
12Z AVG MX 2MIN
DY MAX MIN AVG DEP HDD CDD WTR SNW DPTH SPD SPD DIR MIN PSBL S-S WX SPD DR
================================================================================
1 30 26 28 -19 37 0 M M M 8.3 15 350 M M 8 16 19 360
2 34 30 32 -16 33 0 0.30 M M 7.0 13 320 M M 9 16 18 310
3 53 30 42 -6 23 0 0.00 M M 4.1 12 340 M M 0 1 15 340
4 58 32 45 -3 20 0 0.00 M M 8.4 21 210 M M 0 1 30 190
5 70 40 55 7 10 0 0.00 M M 7.3 14 160 M M 0 18 140
6 73 51 62 14 3 0 0.00 M M 15.6 30 160 M M 3 40 160
7 63 46 55 7 10 0 0.81 M M 12.7 21 360 M M 10 13 27 360
8 46 35 41 -7 24 0 1.22 M M 9.9 22 280 M M 8 13 34 260
9 63 33 48 -1 17 0 0.00 M M 5.3 17 350 M M 0 1 25 350
10 48 35 42 -7 23 0 0.00 M M 13.4 22 320 M M 9 30 310
11 54 32 43 -6 22 0 0.00 M M 6.9 15 350 M M 2 20 350
12 67 34 51 2 14 0 0.00 M M 6.5 17 190 M M 0 23 190
13 64 41 53 4 12 0 0.00 M M 9.8 32 140 M M 1 49 150
14 69 52 61 11 4 0 0.66 M M 14.8 35 220 M M 4 13 49 240
15 77 43 60 10 5 0 0.00 M M 12.7 29 310 M M 0 40 300
16 53 34 44 -6 21 0 0.00 M M 18.1 28 310 M M 5 40 300
17 50 29 40 -10 25 0 0.00 M M 6.6 17 340 M M 0 25 340
18 52 32 42 -8 23 0 0.00 M M 9.2 22 160 M M 0 28 160
19 71 43 57 6 8 0 0.00 M M 10.7 20 200 M M 0 29 210
20 78 59 69 18 0 4 0.00 M M 9.8 21 250 M M 0 8 29 240
21 86 61 74 23 0 9 0.00 M M 14.1 32 170 M M 0 42 170
22 78 58 68 17 0 3 0.38 M M 15.0 30 170 M M 4 13 45 160
23 67 41 54 2 11 0 0.00 M M 14.0 23 360 M M 3 31 360
24 46 40 43 -9 22 0 0.01 M M 11.3 17 350 M M 10 22 340
25 48 37 43 -9 22 0 T M M 5.6 13 310 M M 10 1 17 350
26 76 47 62 10 3 0 0.15 M M 12.5 37 170 M M 8 18 52 150
27 73 51 62 10 3 0 0.00 M M 8.7 24 260 M M 7 8 37 250
28 81 48 65 12 0 0 0.00 M M 6.9 14 190 M M 0 20 210
================================================================================
SM 1728 1140 395 16 3.53 M 285.2 M 101
================================================================================
AV 61.7 40.7 10.2 FASTST M M 4 MAX(MPH)
MISC ----> 37 170 52 150
================================================================================
NOTES:
# LAST OF SEVERAL OCCURRENCES
COLUMN 17 PEAK WIND IN M.P.H.
PRELIMINARY LOCAL CLIMATOLOGICAL DATA (WS FORM: F-6) , PAGE 2
STATION: FORT WORTH MEACHAM
MONTH: FEBRUARY
YEAR: 2023
LATITUDE: 32 49 N
LONGITUDE: 97 21 W
[TEMPERATURE DATA] [PRECIPITATION DATA] SYMBOLS USED IN COLUMN 16
AVERAGE MONTHLY: 51.2 TOTAL FOR MONTH: 3.53 1 = FOG OR MIST
DPTR FM NORMAL: 1.4 DPTR FM NORMAL: 1.12 2 = FOG REDUCING VISIBILITY
HIGHEST: 86 ON 21 GRTST 24HR 2.03 ON 7- 8 TO 1/4 MILE OR LESS
LOWEST: 26 ON 1 3 = THUNDER
SNOW, ICE PELLETS, HAIL 4 = ICE PELLETS
TOTAL MONTH: M 5 = HAIL
GRTST 24HR M ON M 6 = FREEZING RAIN OR DRIZZLE
GRTST DEPTH: M ON M 7 = DUSTSTORM OR SANDSTORM:
VSBY 1/2 MILE OR LESS
8 = SMOKE OR HAZE
[NO. OF DAYS WITH] [WEATHER - DAYS WITH] 9 = BLOWING SNOW
X = TORNADO
MAX 32 OR BELOW: 1 0.01 INCH OR MORE: 7
MAX 90 OR ABOVE: 0 0.10 INCH OR MORE: 6
MIN 32 OR BELOW: 7 0.50 INCH OR MORE: 3
MIN 0 OR BELOW: 0 1.00 INCH OR MORE: 1
[HDD (BASE 65) ]
TOTAL THIS MO. 395 CLEAR (SCALE 0-3) 16
DPTR FM NORMAL -37 PTCLDY (SCALE 4-7) 6
TOTAL FM JUL 1 1728 CLOUDY (SCALE 8-10) 6
DPTR FM NORMAL -231
[CDD (BASE 65) ]
TOTAL THIS MO. 16
DPTR FM NORMAL 9 [PRESSURE DATA]
TOTAL FM JAN 1 25 HIGHEST SLP 30.62 ON 3
DPTR FM NORMAL 23 LOWEST SLP 29.43 ON 22
[REMARKS]
#FINAL-02-23#