000
CXUS54 KFWD 220503
CF6FTW
PRELIMINARY LOCAL CLIMATOLOGICAL DATA (WS FORM: F-6)
STATION: FORT WORTH MEACHAM
MONTH: JULY
YEAR: 2022
LATITUDE: 32 49 N
LONGITUDE: 97 21 W
TEMPERATURE IN F: :PCPN: SNOW: WIND :SUNSHINE: SKY :PK WND
================================================================================
1 2 3 4 5 6A 6B 7 8 9 10 11 12 13 14 15 16 17 18
12Z AVG MX 2MIN
DY MAX MIN AVG DEP HDD CDD WTR SNW DPTH SPD SPD DIR MIN PSBL S-S WX SPD DR
================================================================================
1 96 73 85 1 0 20 0.00 M M 9.7 18 160 M M 0 24 160
2 99 76 88 4 0 23 0.00 M M 8.1 24 150 M M 1 3 30 140
3 101 79 90 6 0 25 0.00 M M 8.2 21 10 M M 1 28 140
4 100 78 89 5 0 24 0.00 M M 12.5 21 140 M M 0 29 160
5 102 80 91 7 0 26 0.00 M M 12.2 21 140 M M 0 28 140
6 103 80 92 8 0 27 0.00 M M 11.3 20 140 M M 0 25 130
7 103 80 92 8 0 27 0.00 M M 11.2 18 150 M M 0 27 120
8 105 81 93 9 0 28 0.00 M M 8.9 16 130 M M 0 22 110
9 106 80 93 9 0 28 0.00 M M 5.0 16 20 M M 0 22 30
10 103 77 90 6 0 25 0.00 M M 8.1 17 10 M M 0 24 360
11 102 81 92 7 0 27 0.00 M M 8.1 16 50 M M 0 22 40
12 103 81 92 7 0 27 0.00 M M 8.6 20 70 M M 0 28 80
13 105 79 92 7 0 27 0.00 M M 6.7 14 40 M M 0 20 80
14 100 79 90 5 0 25 0.00 M M 8.7 26 130 M M 0 38 35 130
15 99 74 87 2 0 22 0.00 M M 7.8 17 100 M M 1 24 130
16 99 76 88 3 0 23 0.00 M M 9.6 17 160 M M 0 23 170
17 105 81 93 8 0 28 0.00 M M 10.7 16 180 M M 0 25 170
18 110 82 96 11 0 31 0.00 M M 12.3 23 160 M M 0 31 170
19 110 83 97 11 0 32 0.00 M M 15.0 24 170 M M 0 32 180
20 110 82 96 10 0 31 0.00 M M 12.8 23 180 M M 0 33 180
21 103 84 94 8 0 29 T M M 9.4 21 180 M M 0 28 190
22 102 82 92 6 0 27 0.00 M M 11.9 23 120 M M 1 32 120
23 102 77 90 4 0 25 0.00 M M 11.2 18 150 M M 0 27 140
24 103 81 92 6 0 27 0.00 M M 12.0 20 160 M M 0 25 160
25 105 82 94 8 0 29 0.00 M M 12.0 20 150 M M 0 29 110
26 104 81 93 7 0 28 0.00 M M 12.7 21 140 M M 0 29 180
27 104 82 93 7 0 28 0.00 M M 12.2 20 120 M M 0 29 150
28 103 82 93 7 0 28 0.00 M M 11.0 18 170 M M 0 26 150
29 103 81 92 6 0 27 0.16 M M 9.7 26 360 M M 2 3 33 360
30 100 81 91 5 0 26 0.02 M M 10.2 18 70 M M 2 23 70
31 104 82 93 7 0 28 0.00 M M 13.0 20 140 M M 0 29 180
================================================================================
SM 3194 2477 0 828 0.18 M 320.8 M 8
================================================================================
AV103.0 79.9 10.3 FASTST M M 0 MAX(MPH)
MISC ----> # 26 130 35 130
================================================================================
NOTES:
# LAST OF SEVERAL OCCURRENCES
COLUMN 17 PEAK WIND IN M.P.H.
PRELIMINARY LOCAL CLIMATOLOGICAL DATA (WS FORM: F-6) , PAGE 2
STATION: FORT WORTH MEACHAM
MONTH: JULY
YEAR: 2022
LATITUDE: 32 49 N
LONGITUDE: 97 21 W
[TEMPERATURE DATA] [PRECIPITATION DATA] SYMBOLS USED IN COLUMN 16
AVERAGE MONTHLY: 91.5 TOTAL FOR MONTH: 0.18 1 = FOG OR MIST
DPTR FM NORMAL: 6.4 DPTR FM NORMAL: -2.00 2 = FOG REDUCING VISIBILITY
HIGHEST: 110 ON 18,20 GRTST 24HR 0.18 ON 29-30 TO 1/4 MILE OR LESS
LOWEST: 73 ON 1 3 = THUNDER
SNOW, ICE PELLETS, HAIL 4 = ICE PELLETS
TOTAL MONTH: M 5 = HAIL
GRTST 24HR M ON M 6 = FREEZING RAIN OR DRIZZLE
GRTST DEPTH: M ON M 7 = DUSTSTORM OR SANDSTORM:
VSBY 1/2 MILE OR LESS
8 = SMOKE OR HAZE
[NO. OF DAYS WITH] [WEATHER - DAYS WITH] 9 = BLOWING SNOW
X = TORNADO
MAX 32 OR BELOW: 0 0.01 INCH OR MORE: 2
MAX 90 OR ABOVE: 31 0.10 INCH OR MORE: 1
MIN 32 OR BELOW: 0 0.50 INCH OR MORE: 0
MIN 0 OR BELOW: 0 1.00 INCH OR MORE: 0
[HDD (BASE 65) ]
TOTAL THIS MO. 0 CLEAR (SCALE 0-3) 31
DPTR FM NORMAL 0 PTCLDY (SCALE 4-7) 0
TOTAL FM JUL 1 0 CLOUDY (SCALE 8-10) 0
DPTR FM NORMAL 0
[CDD (BASE 65) ]
TOTAL THIS MO. 828
DPTR FM NORMAL 203 [PRESSURE DATA]
TOTAL FM JAN 1 1981 HIGHEST SLP 30.06 ON 15
DPTR FM NORMAL 465 LOWEST SLP 29.70 ON 19
[REMARKS]
#FINAL-07-22#