000
CXUS54 KTSA 010850
CF6FYV
PRELIMINARY LOCAL CLIMATOLOGICAL DATA (WS FORM: F-6)
STATION: FAYETTEVILLE ARKANSAS
MONTH: MAY
YEAR: 2023
LATITUDE: 36 0 N
LONGITUDE: 94 10 W
TEMPERATURE IN F: :PCPN: SNOW: WIND :SUNSHINE: SKY :PK WND
================================================================================
1 2 3 4 5 6A 6B 7 8 9 10 11 12 13 14 15 16 17 18
12Z AVG MX 2MIN
DY MAX MIN AVG DEP HDD CDD WTR SNW DPTH SPD SPD DIR MIN PSBL S-S WX SPD DR
================================================================================
1 67 34 51 -10 14 0 0.00 0.0 0 9.1 24 290 M M 0 33 290
2 70 36 53 -8 12 0 0.00 0.0 0 6.5 20 330 M M 0 26 340
3 75 35 55 -7 10 0 0.00 0.0 0 2.4 12 320 M M 0 16 330
4 68 42 55 -7 10 0 0.76 0.0 0 2.5 13 240 M M 6 1 22 230
5 72 53 63 1 2 0 0.00 0.0 0 6.8 17 170 M M 9 8 22 180
6 89 69 79 17 0 14 0.00 0.0 0 10.4 23 190 M M 2 18 33 180
7 85 70 78 15 0 13 T 0.0 0 12.0 25 180 M M 4 44 180
8 86 66 76 13 0 11 0.00 0.0 0 7.6 21 180 M M 0 18 26 200
9 87 60 74 11 0 9 0.32 0.0 0 5.1 21 340 M M 2 1238 41 10
10 84 63 74 10 0 9 0.26 0.0 0 4.4 26 110 M M 5 13 40 100
11 79 66 73 9 0 8 0.49 0.0 0 4.3 14 190 M M 7 18 18 170
12 82 68 75 11 0 10 0.07 0.0 0 9.2 21 180 M M 5 138 30 180
13 86 65 76 12 0 11 0.51 0.0 0 5.5 22 160 M M 2 13 28 160
14 85 63 74 9 0 9 0.10 0.0 0 4.2 14 220 M M 2 13 20 70
15 81 66 74 9 0 9 0.17 0.0 0 4.8 21 180 M M 6 18 24 190
16 70 63 67 2 0 2 0.02 0.0 0 5.6 13 310 M M 10 18 17 310
17 75 61 68 2 0 3 0.01 0.0 0 2.9 10 330 M M 8 18 14 320
18 82 56 69 3 0 4 0.00 0.0 0 1.8 9 150 M M 4 12 14 60
19 73 58 66 0 0 1 0.50 0.0 0 4.2 16 340 M M 7 138 23 340
20 74 53 64 -2 1 0 0.00 0.0 0 4.7 15 340 M M 2 18 22 10
21 77 48 63 -4 2 0 0.00 0.0 0 0.9 7 110 M M 2 12 10 60
22 80 50 65 -2 0 0 0.00 0.0 0 1.5 9 60 M M 1 18 14 80
23 81 53 67 0 0 2 0.00 0.0 0 1.8 9 60 M M 1 18 14 60
24 82 58 70 2 0 5 T 0.0 0 3.6 15 150 M M 2 18 21 130
25 84 56 70 2 0 5 0.00 0.0 0 2.8 16 80 M M 1 18 21 90
26 83 54 69 1 0 4 0.00 0.0 0 2.2 13 70 M M 0 18 18 70
27 81 49 65 -4 0 0 0.00 0.0 0 2.0 10 80 M M 0 1 17 110
28 83 48 66 -3 0 1 0.00 0.0 0 1.6 8 190 M M 0 1 11 150
29 84 53 69 0 0 4 0.00 0.0 0 2.3 10 180 M M 2 1 14 160
30 84 58 71 2 0 6 0.00 0.0 0 1.9 13 180 M M 2 138 16 200
31 86 61 74 4 0 9 0.00 0.0 0 3.6 12 160 M M 2 18 19 180
================================================================================
SM 2475 1735 51 149 3.21 0.0 138.2 M 94
================================================================================
AV 79.8 56.0 4.5 FASTST M M 3 MAX(MPH)
MISC ----> 26 110 44 180
================================================================================
NOTES:
# LAST OF SEVERAL OCCURRENCES
COLUMN 17 PEAK WIND IN M.P.H.
PRELIMINARY LOCAL CLIMATOLOGICAL DATA (WS FORM: F-6) , PAGE 2
STATION: FAYETTEVILLE ARKANSAS
MONTH: MAY
YEAR: 2023
LATITUDE: 36 0 N
LONGITUDE: 94 10 W
[TEMPERATURE DATA] [PRECIPITATION DATA] SYMBOLS USED IN COLUMN 16
AVERAGE MONTHLY: 67.9 TOTAL FOR MONTH: 3.21 1 = FOG OR MIST
DPTR FM NORMAL: 2.6 DPTR FM NORMAL: -2.68 2 = FOG REDUCING VISIBILITY
HIGHEST: 89 ON 6 GRTST 24HR 0.76 ON 4- 4 TO 1/4 MILE OR LESS
LOWEST: 34 ON 1 3 = THUNDER
SNOW, ICE PELLETS, HAIL 4 = ICE PELLETS
TOTAL MONTH: 0.0 INCH 5 = HAIL
GRTST 24HR 0.0 6 = FREEZING RAIN OR DRIZZLE
GRTST DEPTH: 0 7 = DUSTSTORM OR SANDSTORM:
VSBY 1/2 MILE OR LESS
8 = SMOKE OR HAZE
[NO. OF DAYS WITH] [WEATHER - DAYS WITH] 9 = BLOWING SNOW
X = TORNADO
MAX 32 OR BELOW: 0 0.01 INCH OR MORE: 11
MAX 90 OR ABOVE: 0 0.10 INCH OR MORE: 8
MIN 32 OR BELOW: 0 0.50 INCH OR MORE: 3
MIN 0 OR BELOW: 0 1.00 INCH OR MORE: 0
[HDD (BASE 65) ]
TOTAL THIS MO. 51 CLEAR (SCALE 0-3) 20
DPTR FM NORMAL -35 PTCLDY (SCALE 4-7) 8
TOTAL FM JUL 1 3437 CLOUDY (SCALE 8-10) 3
DPTR FM NORMAL -638
[CDD (BASE 65) ]
TOTAL THIS MO. 149
DPTR FM NORMAL 52 [PRESSURE DATA]
TOTAL FM JAN 1 181 HIGHEST SLP 30.22 ON 20
DPTR FM NORMAL 55 LOWEST SLP 29.75 ON 11
[REMARKS]
#FINAL-05-23#