000
CXUS53 KUNR 010930
CF6GCC
PRELIMINARY LOCAL CLIMATOLOGICAL DATA (WS FORM: F-6)
STATION: GILLETTE AIRPORT WY
MONTH: JUNE
YEAR: 2021
LATITUDE: 44 20 N
LONGITUDE: 105 32 W
TEMPERATURE IN F: :PCPN: SNOW: WIND :SUNSHINE: SKY :PK WND
================================================================================
1 2 3 4 5 6A 6B 7 8 9 10 11 12 13 14 15 16 17 18
12Z AVG MX 2MIN
DY MAX MIN AVG DEP HDD CDD WTR SNW DPTH SPD SPD DIR MIN PSBL S-S WX SPD DR
================================================================================
1 79 47 63 5 2 0 0.00 M M 9.7 21 10 M M 2 33 330
2 83 47 65 7 0 0 0.00 M M 5.0 16 330 M M 0 22 330
3 92 45 69 11 0 4 0.00 M M 3.8 14 340 M M 0 19 310
4 100 55 78 19 0 13 0.00 M M 10.9 33 310 M M 0 46 320
5 97 55 76 17 0 11 0.00 M M 7.8 22 230 M M 0 28 230
6 80 57 69 10 0 4 0.00 M M 16.0 36 160 M M 2 49 150
7 84 62 73 13 0 8 T M M 14.4 35 160 M M 0 48 170
8 99 52 76 16 0 11 0.00 M M 10.8 32 190 M M 0 43 200
9 95 56 76 16 0 11 0.00 M M 12.1 28 150 M M 0 37 150
10 99 55 77 16 0 12 0.00 M M 23.5 43 310 M M 0 58 310
11 78 44 61 0 4 0 0.00 M M 11.7 33 310 M M 0 47 320
12 91 38 65 4 0 0 0.00 M M 5.1 17 50 M M 0 23 50
13 93 51 72 10 0 7 0.00 M M 6.2 17 60 M M 0 22 30
14 100 58 79 17 0 14 0.02 M M 14.0 26 130 M M 0 3 36 130
15 106 68 87 25 0 22 0.00 M M 17.0 31 160 M M 0 41 160
16 88 57 73 11 0 8 0.00 M M 10.9 28 340 M M 0 34 330
17 90 52 71 8 0 6 0.00 M M 9.7 31 170 M M 0 8 41 170
18 88 47 68 5 0 3 0.00 M M 6.4 20 40 M M 0 26 40
19 92 51 72 8 0 7 0.00 M M 12.4 25 160 M M 0 33 170
20 68 52 60 -4 5 0 0.07 M M 14.1 30 20 M M 8 1 37 350
21 79 47 63 -1 2 0 0.00 M M 6.3 17 290 M M 2 24 290
22 92 45 69 4 0 4 0.00 M M 6.2 22 320 M M 0 27 330
23 95 60 78 13 0 13 0.02 M M 6.6 38 210 M M 1 3 47 200
24 89 51 70 5 0 5 0.00 M M 8.7 30 180 M M 1 37 190
25 73 51 62 -4 3 0 0.38 M M 8.0 18 310 M M 8 1 25 320
26 72 47 60 -6 5 0 0.26 M M 10.2 37 330 M M 5 138 50 330
27 77 52 65 -1 0 0 0.25 M M 9.3 29 360 M M 5 3 38 340
28 78 51 65 -2 0 0 0.00 M M 6.2 17 340 M M 1 25 330
29 85 54 70 3 0 5 0.00 M M 11.5 17 140 M M 0 25 160
30 88 60 74 7 0 9 0.00 M M 11.3 18 130 M M 0 25 120
================================================================================
SM 2630 1567 21 177 1.00 M 305.8 M 35
================================================================================
AV 87.7 52.2 10.2 FASTST M M 1 MAX(MPH)
MISC ----> 43 310 58 310
================================================================================
NOTES:
# LAST OF SEVERAL OCCURRENCES
COLUMN 17 PEAK WIND IN M.P.H.
PRELIMINARY LOCAL CLIMATOLOGICAL DATA (WS FORM: F-6) , PAGE 2
STATION: GILLETTE AIRPORT WY
MONTH: JUNE
YEAR: 2021
LATITUDE: 44 20 N
LONGITUDE: 105 32 W
[TEMPERATURE DATA] [PRECIPITATION DATA] SYMBOLS USED IN COLUMN 16
AVERAGE MONTHLY: 70.0 TOTAL FOR MONTH: 1.00 1 = FOG OR MIST
DPTR FM NORMAL: 7.4 DPTR FM NORMAL: -1.03 2 = FOG REDUCING VISIBILITY
HIGHEST: 106 ON 15 GRTST 24HR 0.38 ON 25-25 TO 1/4 MILE OR LESS
LOWEST: 38 ON 12 3 = THUNDER
SNOW, ICE PELLETS, HAIL 4 = ICE PELLETS
TOTAL MONTH: M 5 = HAIL
GRTST 24HR M ON M 6 = FREEZING RAIN OR DRIZZLE
GRTST DEPTH: M ON M 7 = DUSTSTORM OR SANDSTORM:
VSBY 1/2 MILE OR LESS
8 = SMOKE OR HAZE
[NO. OF DAYS WITH] [WEATHER - DAYS WITH] 9 = BLOWING SNOW
X = TORNADO
MAX 32 OR BELOW: 0 0.01 INCH OR MORE: 6
MAX 90 OR ABOVE: 14 0.10 INCH OR MORE: 3
MIN 32 OR BELOW: 0 0.50 INCH OR MORE: 0
MIN 0 OR BELOW: 0 1.00 INCH OR MORE: 0
[HDD (BASE 65) ]
TOTAL THIS MO. 21 CLEAR (SCALE 0-3) 26
DPTR FM NORMAL -117 PTCLDY (SCALE 4-7) 3
TOTAL FM JUL 1 7259 CLOUDY (SCALE 8-10) 1
DPTR FM NORMAL -238
[CDD (BASE 65) ]
TOTAL THIS MO. 177
DPTR FM NORMAL 115 [PRESSURE DATA]
TOTAL FM JAN 1 182 HIGHEST SLP 30.18 ON 28
DPTR FM NORMAL 113 LOWEST SLP 29.37 ON 5
[REMARKS]
#FINAL-06-21#