000
CXUS53 KDDC 011457
CF6GCK
PRELIMINARY LOCAL CLIMATOLOGICAL DATA (WS FORM: F-6)
STATION: GARDEN CITY REGIONAL ARPT KS
MONTH: NOVEMBER
YEAR: 2022
LATITUDE: 37 55 N
LONGITUDE: 100 43 W
TEMPERATURE IN F: :PCPN: SNOW: WIND :SUNSHINE: SKY :PK WND
================================================================================
1 2 3 4 5 6A 6B 7 8 9 10 11 12 13 14 15 16 17 18
12Z AVG MX 2MIN
DY MAX MIN AVG DEP HDD CDD WTR SNW DPTH SPD SPD DIR MIN PSBL S-S WX SPD DR
================================================================================
1 77 39 58 10 7 0 0.00 M M 15.7 32 190 M M 0 44 180
2 81 53 67 20 0 2 0.00 M M 25.4 38 220 M M 0 51 210
3 75 38 57 10 8 0 T M M 22.1 32 360 M M 1 41 340
4 40 25 33 -14 32 0 T M M 16.9 32 10 M M 6 39 10
5 68 20 44 -2 21 0 T M M 11.8 24 180 M M 0 31 180
6 62 32 47 1 18 0 0.00 M M 13.0 29 30 M M 0 36 30
7 63 31 47 2 18 0 0.00 M M 15.6 25 140 M M 3 35 140
8 78 54 66 21 0 1 0.00 M M 22.9 37 200 M M 6 12 50 210
9 71 59 65 21 0 0 0.00 M M 25.9 40 180 M M 5 53 190
10 64 28 46 2 19 0 0.00 M M 18.4 31 190 M M 1 43 200
11 38 16 27 -17 38 0 0.00 M M 14.6 28 10 M M 6 34 10
12 50 10 30 -13 35 0 0.00 M M 7.6 14 140 M M 0 19 130
13 57 23 40 -3 25 0 0.00 M M 17.9 36 200 M M 0 45 190
14 36 13 25 -17 40 0 T M M 14.3 28 10 M M 7 12 37 10
15 40 10 25 -17 40 0 0.00 M M 10.4 21 350 M M 1 26 340
16 43 12 28 -14 37 0 0.00 M M 10.2 24 340 M M 1 32 350
17 42 19 31 -10 34 0 0.00 M M 14.4 32 30 M M 6 39 30
18 26 12 19 -22 46 0 0.00 M M 12.2 23 360 M M 7 30 10
19 44 8 26 -14 39 0 0.00 M M 12.5 26 350 M M 0 36 350
20 53 19 36 -4 29 0 0.00 M M 10.1 20 240 M M 0 25 230
21 59 15 37 -3 28 0 0.00 M M 5.4 10 300 M M 0 12 190
22 57 21 39 0 26 0 0.00 M M 5.1 12 220 M M 0 17 170
23 59 19 39 0 26 0 0.00 M M 7.5 18 160 M M 0 24 150
24 50 27 39 1 26 0 0.00 M M 19.6 36 10 M M 2 45 360
25 56 18 37 -1 28 0 T M M 7.1 14 320 M M 0 17 180
26 51 34 43 5 22 0 0.00 M M 6.2 23 20 M M 5 30 20
27 46 28 37 0 28 0 0.00 M M 12.7 26 20 M M 3 35 360
28 56 19 38 1 27 0 0.00 M M 9.2 18 180 M M 0 24 180
29 46 9 28 -9 37 0 T M M 17.3 30 10 M M 6 18 38 360
30 43 6 25 -11 40 0 0.00 M M 10.9 24 170 M M 0 35 170
================================================================================
SM 1631 717 774 3 T M 412.9 M 66
================================================================================
AV 54.4 23.9 13.8 FASTST M M 2 MAX(MPH)
MISC ----> 40 180 53 190
================================================================================
NOTES:
# LAST OF SEVERAL OCCURRENCES
COLUMN 17 PEAK WIND IN M.P.H.
PRELIMINARY LOCAL CLIMATOLOGICAL DATA (WS FORM: F-6) , PAGE 2
STATION: GARDEN CITY REGIONAL ARPT KS
MONTH: NOVEMBER
YEAR: 2022
LATITUDE: 37 55 N
LONGITUDE: 100 43 W
[TEMPERATURE DATA] [PRECIPITATION DATA] SYMBOLS USED IN COLUMN 16
AVERAGE MONTHLY: 39.2 TOTAL FOR MONTH: T 1 = FOG OR MIST
DPTR FM NORMAL: -2.7 DPTR FM NORMAL: -0.42 2 = FOG REDUCING VISIBILITY
HIGHEST: 81 ON 2 GRTST 24HR T ON 3- 3 TO 1/4 MILE OR LESS
LOWEST: 6 ON 30 3 = THUNDER
4 = ICE PELLETS
5 = HAIL
6 = FREEZING RAIN OR DRIZZLE
7 = DUSTSTORM OR SANDSTORM:
VSBY 1/2 MILE OR LESS
8 = SMOKE OR HAZE
[NO. OF DAYS WITH] [WEATHER - DAYS WITH] 9 = BLOWING SNOW
X = TORNADO
MAX 32 OR BELOW: 1 0.01 INCH OR MORE: 0
MAX 90 OR ABOVE: 0 0.10 INCH OR MORE: 0
MIN 32 OR BELOW: 24 0.50 INCH OR MORE: 0
MIN 0 OR BELOW: 0 1.00 INCH OR MORE: 0
[HDD (BASE 65) ]
TOTAL THIS MO. 774 CLEAR (SCALE 0-3) 20
DPTR FM NORMAL 81 PTCLDY (SCALE 4-7) 10
TOTAL FM JUL 1 1079 CLOUDY (SCALE 8-10) 0
DPTR FM NORMAL -4
[CDD (BASE 65) ]
TOTAL THIS MO. 3
DPTR FM NORMAL 3 [PRESSURE DATA]
TOTAL FM JAN 1 1689 HIGHEST SLP 30.59 ON 18
DPTR FM NORMAL 364 LOWEST SLP 29.34 ON 29
[REMARKS]
#FINAL-11-22#
Precipitation on the 14th was underreported. Should be around a tenth of an inch.