000
CXUS53 KDDC 011705
CLSGCK
CLIMATE REPORT
NATIONAL WEATHER SERVICE DODGE CITY, KANSAS
1105 AM CST FRI MAR 01 2024
...................................
...THE GARDEN CITY REGIONAL ARPT KS CLIMATE SUMMARY FOR THE SEASON, FROM
12/1/2023 TO 2/29/2024...
CLIMATE NORMAL PERIOD 1991 TO 2020
CLIMATE RECORD PERIOD 1948 TO 2024
WEATHER OBSERVED NORMAL DEPART LAST YEAR`S
VALUE DATE(S) VALUE FROM VALUE DATE(S)
NORMAL
................................................................
TEMPERATURE (F)
RECORD
HIGH 89 02/18/2016
LOW -20 02/15/2021
HIGHEST 82 02/26 MM MM 75 02/26
LOWEST -14 01/16 MM MM -9 12/22
AVG. MAXIMUM 47.5 46.5 1.0 46.6
AVG. MINIMUM 22.0 19.0 3.0 16.9
MEAN 34.8 32.7 2.1 31.7
DAYS MAX >= 90 0 0.0 0.0 0
DAYS MAX <= 32 11 16.0 -5.0 11
DAYS MIN <= 32 82 85.1 -3.1 87
DAYS MIN <= 0 4 2.9 1.1 7
PRECIPITATION (INCHES)
RECORD
MAXIMUM 4.83 2007
MINIMUM T 2018
TOTALS 3.04 1.26 1.78 0.57
DAYS >= .01 9 9.1 -0.1 5
DAYS >= .10 3 3.3 -0.3 2
DAYS >= .50 2 0.6 1.4 0
DAYS >= 1.00 1 0.1 0.9 0
GREATEST
24 HR. TOTAL 1.90 12/14 TO 12/14 0.35 01/21 TO 01/21
DEGREE DAYS
HEATING TOTAL 2744 2909 -165 2978
SINCE 7/1 3703 4048 -345 4057
COOLING TOTAL 0 0 0 0
SINCE 1/1 0 0 0 0
................................................................
WIND (MPH)
AVERAGE WIND SPEED 11.2
RESULTANT WIND SPEED/DIRECTION 2/320
HIGHEST WIND SPEED/DIRECTION 53/360 DATE 01/08
HIGHEST GUST SPEED/DIRECTION 67/360 DATE 01/08
SKY COVER
POSSIBLE SUNSHINE (PERCENT) MM
AVERAGE SKY COVER 0.28
NUMBER OF DAYS FAIR 58
NUMBER OF DAYS PC 22
NUMBER OF DAYS CLOUDY 11
AVERAGE RH (PERCENT) 68
WEATHER CONDITIONS. NUMBER OF DAYS WITH
THUNDERSTORM 0 MIXED PRECIP 0
HEAVY RAIN 0 RAIN 2
LIGHT RAIN 8 FREEZING RAIN 0
LT FREEZING RAIN 2 HAIL 0
HEAVY SNOW 0 SNOW 3
LIGHT SNOW 15 SLEET 0
FOG 35 FOG W/VIS <= 1/4 MILE 15
HAZE 6
- INDICATES NEGATIVE NUMBERS.
R INDICATES RECORD WAS SET OR TIED.
MM INDICATES DATA IS MISSING.
T INDICATES TRACE AMOUNT.
$$