000
CXUS54 KFWD 010730
CF6GDJ
PRELIMINARY LOCAL CLIMATOLOGICAL DATA (WS FORM: F-6)
STATION: GRANBURY
MONTH: MARCH
YEAR: 2020
LATITUDE: 32 26 N
LONGITUDE: 97 48 W
TEMPERATURE IN F: :PCPN: SNOW: WIND :SUNSHINE: SKY :PK WND
================================================================================
1 2 3 4 5 6A 6B 7 8 9 10 11 12 13 14 15 16 17 18
12Z AVG MX 2MIN
DY MAX MIN AVG DEP HDD CDD WTR SNW DPTH SPD SPD DIR MIN PSBL S-S WX SPD DR
================================================================================
1 74 59 67 16 0 2 0.00 0.0 0 11.4 18 190 M M 1 25 190
2 72 56 64 12 1 0 0.00 0.0 0 5.0 13 200 M M 2 M M
3 72 54 63 11 2 0 M 0.0 0 3.1 7 140 M M 5 M M
4 59 50 55 3 10 0 1.29 0.0 0 10.9 22 60 M M 10 3 30 60
5 72 40 56 4 9 0 0.01 0.0 0 5.1 9 310 M M 1 M M
6 67 36 52 -1 13 0 0.00 0.0 0 4.6 9 40 M M 0 16 60
7 65 40 53 0 12 0 0.00 0.0 0 7.6 16 140 M M 0 22 150
8 70 46 58 5 7 0 0.00 0.0 0 12.5 23 180 M M 7 30 160
9 77 63 70 16 0 5 M 0.0 0 13.0 21 210 M M 5 27 220
10 81 52 67 13 0 2 0.00 0.0 0 5.6 12 130 M M 1 21 150
11 87 62 75 21 0 10 0.00 0.0 0 8.1 15 230 M M 0 16 250
12 83 68 76 22 0 11 0.01 0.0 0 8.4 18 210 M M 3 23 210
13 72 59 66 11 0 1 0.41 0.0 0 5.9 13 30 M M 9 13 M M
14 71 56 64 9 1 0 0.03 0.0 0 6.7 13 320 M M 10 1 16 310
15 58 51 55 0 10 0 1.18 0.0 0 6.5 9 50 M M 10 13 M M
16 69 55 62 7 3 0 0.22 0.0 0 5.8 15 130 M M 8 1 24 130
17 77 63 70 14 0 5 0.00 0.0 0 6.3 15 140 M M 9 12 20 140
18 80 64 72 16 0 7 1.83 0.0 0 10.8 16 160 M M 7 13 22 160
19 83 64 74 18 0 9 0.15 0.0 0 13.8 22 170 M M 5 3 29 170
20 65 45 55 -1 10 0 0.13 0.0 0 9.6 16 320 M M 9 3 24 350
21 62 41 52 -5 13 0 0.46 0.0 0 7.8 16 130 M M 6 3 29 130
22 61 54 58 1 7 0 0.11 0.0 0 2.3 7 200 M M 10 1 M M
23 75 60 68 11 0 3 0.01 0.0 0 6.6 15 140 M M 10 12 20 140
24 84 54 69 11 0 4 0.00 0.0 0 8.4 16 290 M M 2 23 290
25 92 49 71 13 0 6 0.00 0.0 0 6.2 17 220 M M 0 22 190
26 87 67 77 19 0 12 0.00 0.0 0 9.0 15 180 M M 0 1 20 180
27 84 67 76 18 0 11 0.00 0.0 0 9.5 20 200 M M 1 25 170
28 80 51 66 7 0 1 0.12 0.0 0 11.1 20 290 M M 3 3 37 160
29 69 46 58 -1 7 0 0.00 0.0 0 3.0 8 50 M M 4 M M
30 65 55 60 1 5 0 M 0.0 0 7.6 16 110 M M 10 1 22 100
31 68 51 60 0 5 0 0.00 0.0 0 6.0 13 340 M M 6 1 17 340
================================================================================
SM 2281 1678 115 89 5.96 0.0 238.2 M 154
================================================================================
AV 73.6 54.1 7.7 FASTST M M 5 MAX(MPH)
MISC ----> # 23 180 # 37 160
================================================================================
NOTES:
# LAST OF SEVERAL OCCURRENCES
COLUMN 17 PEAK WIND IN M.P.H.
PRELIMINARY LOCAL CLIMATOLOGICAL DATA (WS FORM: F-6) , PAGE 2
STATION: GRANBURY
MONTH: MARCH
YEAR: 2020
LATITUDE: 32 26 N
LONGITUDE: 97 48 W
[TEMPERATURE DATA] [PRECIPITATION DATA] SYMBOLS USED IN COLUMN 16
AVERAGE MONTHLY: 63.9 TOTAL FOR MONTH: 5.96 1 = FOG OR MIST
DPTR FM NORMAL: 8.5 DPTR FM NORMAL: M 2 = FOG REDUCING VISIBILITY
HIGHEST: 92 ON 25 GRTST 24HR 1.83 ON 18-18 TO 1/4 MILE OR LESS
LOWEST: 36 ON 6 3 = THUNDER
SNOW, ICE PELLETS, HAIL 4 = ICE PELLETS
TOTAL MONTH: 0.0 INCH 5 = HAIL
GRTST 24HR 0.0 6 = FREEZING RAIN OR DRIZZLE
GRTST DEPTH: 0 7 = DUSTSTORM OR SANDSTORM:
VSBY 1/2 MILE OR LESS
8 = SMOKE OR HAZE
[NO. OF DAYS WITH] [WEATHER - DAYS WITH] 9 = BLOWING SNOW
X = TORNADO
MAX 32 OR BELOW: 0 0.01 INCH OR MORE: 14
MAX 90 OR ABOVE: 1 0.10 INCH OR MORE: 10
MIN 32 OR BELOW: 0 0.50 INCH OR MORE: 3
MIN 0 OR BELOW: 0 1.00 INCH OR MORE: 3
[HDD (BASE 65) ]
TOTAL THIS MO. 115 CLEAR (SCALE 0-3) 13
DPTR FM NORMAL -200 PTCLDY (SCALE 4-7) 9
TOTAL FM JUL 1 1956 CLOUDY (SCALE 8-10) 9
DPTR FM NORMAL -594
[CDD (BASE 65) ]
TOTAL THIS MO. 89
DPTR FM NORMAL 72 [PRESSURE DATA]
TOTAL FM JAN 1 106 HIGHEST SLP M ON M
DPTR FM NORMAL 85 LOWEST SLP M ON M
[REMARKS]
#FINAL-03-20#