000
CXUS56 KOTX 011012
CF6GEG
PRELIMINARY LOCAL CLIMATOLOGICAL DATA (WS FORM: F-6)
STATION: SPOKANE WA AIRPORT
MONTH: JANUARY
YEAR: 2024
LATITUDE: 47 37 N
LONGITUDE: 117 32 W
TEMPERATURE IN F: :PCPN: SNOW: WIND :SUNSHINE: SKY :PK WND
================================================================================
1 2 3 4 5 6A 6B 7 8 9 10 11 12 13 14 15 16 17 18
12Z AVG MX 2MIN
DY MAX MIN AVG DEP HDD CDD WTR SNW DPTH SPD SPD DIR MIN PSBL S-S WX SPD DR
================================================================================
1 36 31 34 6 31 0 0.00 0.0 0 4.7 10 60 M M 10 12 14 60
2 38 32 35 7 30 0 0.00 0.0 0 6.9 12 60 M M 9 12 15 70
3 37 33 35 7 30 0 0.05 0.1 T 6.5 14 230 M M 10 12 17 230
4 37 32 35 7 30 0 0.02 T 0 5.3 12 220 M M 10 126 16 220
5 37 31 34 6 31 0 0.00 0.0 0 9.2 20 200 M M 9 1 28 200
6 40 31 36 7 29 0 0.19 2.0 0 12.1 24 220 M M 10 1 33 230
7 31 22 27 -2 38 0 T T 1 5.7 14 230 M M 7 17 220
8 33 21 27 -2 38 0 0.15 1.1 1 8.3 18 160 M M 9 18 29 150
9 39 31 35 6 30 0 0.28 0.1 2 25.6 39 210 M M 8 16 56 220
10 32 24 28 -1 37 0 T 0.1 1 9.4 24 220 M M 8 168 33 210
11 29 13 21 -8 44 0 T T 1 10.4 29 260 M M 9 36 250
12 13 -7 3 -26 62 0 0.00 0.0 T 10.5 17 20 M M 4 23 10
13 2 -10 -4 -33 69 0 0.00 0.0 T 10.1 18 20 M M 4 23 50
14 10 -4 3 -26 62 0 0.00 0.0 T 3.6 8 40 M M 4 11 50
15 11 -2 5 -25 60 0 0.00 0.0 T 4.7 10 70 M M 6 13 70
16 18 5 12 -18 53 0 T T T 6.5 12 10 M M 8 17 50
17 20 9 15 -15 50 0 0.49 5.1 1 6.8 20 250 M M 9 12 24 240
18 21 7 14 -16 51 0 0.01 T 4 9.0 15 40 M M 9 1 18 50
19 22 18 20 -10 45 0 0.10 1.1 5 9.7 14 50 M M 10 16 16 40
20 30 22 26 -4 39 0 0.04 T 5 8.0 14 60 M M 9 16 16 60
21 36 30 33 3 32 0 0.23 0.0 4 4.5 10 70 M M 10 126 14 60
22 42 34 38 8 27 0 0.05 0.0 3 6.8 12 150 M M 9 12 17 130
23 40 35 38 8 27 0 0.01 0.0 1 4.7 16 220 M M 10 12 19 220
24 39 31 35 5 30 0 0.06 0.0 T 5.2 13 220 M M 10 12 21 200
25 40 32 36 6 29 0 T 0.0 T 5.0 14 220 M M 8 12 17 210
26 46 31 39 8 26 0 0.02 0.0 0 3.4 8 130 M M 8 1 12 140
27 45 35 40 9 25 0 0.35 0.0 0 7.0 14 150 M M 10 1 19 150
28 55 39 47 16 18 0 0.03 0.0 0 8.4 17 200 M M 9 1 24 220
29 49 36 43 12 22 0 0.00 0.0 0 5.8 13 60 M M 8 12 15 70
30 41 34 38 7 27 0 0.00 0.0 0 5.2 13 60 M M 8 12 17 60
31 46 35 41 10 24 0 T 0.0 0 8.6 17 70 M M 8 12 21 80
================================================================================
SM 1015 711 1146 0 2.08 9.6 237.6 M 260
================================================================================
AV 32.7 22.9 7.7 FASTST M M 8 MAX(MPH)
MISC ----> 39 210 56 220
================================================================================
NOTES:
# LAST OF SEVERAL OCCURRENCES
COLUMN 17 PEAK WIND IN M.P.H.
PRELIMINARY LOCAL CLIMATOLOGICAL DATA (WS FORM: F-6) , PAGE 2
STATION: SPOKANE WA AIRPORT
MONTH: JANUARY
YEAR: 2024
LATITUDE: 47 37 N
LONGITUDE: 117 32 W
[TEMPERATURE DATA] [PRECIPITATION DATA] SYMBOLS USED IN COLUMN 16
AVERAGE MONTHLY: 27.8 TOTAL FOR MONTH: 2.08 1 = FOG OR MIST
DPTR FM NORMAL: -1.8 DPTR FM NORMAL: 0.11 2 = FOG REDUCING VISIBILITY
HIGHEST: 55 ON 28 GRTST 24HR 0.49 ON 17-17 TO 1/4 MILE OR LESS
LOWEST: -10 ON 13 3 = THUNDER
SNOW, ICE PELLETS, HAIL 4 = ICE PELLETS
TOTAL MONTH: 9.6 INCHES 5 = HAIL
GRTST 24HR 5.1 ON 17-17 6 = FREEZING RAIN OR DRIZZLE
GRTST DEPTH: 5 ON 20,19 7 = DUSTSTORM OR SANDSTORM:
VSBY 1/2 MILE OR LESS
8 = SMOKE OR HAZE
[NO. OF DAYS WITH] [WEATHER - DAYS WITH] 9 = BLOWING SNOW
X = TORNADO
MAX 32 OR BELOW: 12 0.01 INCH OR MORE: 16
MAX 90 OR ABOVE: 0 0.10 INCH OR MORE: 7
MIN 32 OR BELOW: 23 0.50 INCH OR MORE: 0
MIN 0 OR BELOW: 4 1.00 INCH OR MORE: 0
[HDD (BASE 65) ]
TOTAL THIS MO. 1146 CLEAR (SCALE 0-3) 0
DPTR FM NORMAL 49 PTCLDY (SCALE 4-7) 9
TOTAL FM JUL 1 3506 CLOUDY (SCALE 8-10) 22
DPTR FM NORMAL -314
[CDD (BASE 65) ]
TOTAL THIS MO. 0
DPTR FM NORMAL 0 [PRESSURE DATA]
TOTAL FM JAN 1 0 HIGHEST SLP M ON M
DPTR FM NORMAL 0 LOWEST SLP 29.45 ON 9
[REMARKS]
#FINAL-01-24#