519
CXUS56 KOTX 070108
CF6GEG
PRELIMINARY LOCAL CLIMATOLOGICAL DATA (WS FORM: F-6)
STATION: SPOKANE WA AIRPORT
MONTH: AUGUST
YEAR: 2020
LATITUDE: 47 37 N
LONGITUDE: 117 32 W
TEMPERATURE IN F: :PCPN: SNOW: WIND :SUNSHINE: SKY :PK WND
================================================================================
1 2 3 4 5 6A 6B 7 8 9 10 11 12 13 14 15 16 17 18
12Z AVG MX 2MIN
DY MAX MIN AVG DEP HDD CDD WTR SNW DPTH SPD SPD DIR MIN PSBL S-S WX SPD DR
================================================================================
1 87 65 76 4 0 11 0.00 0.0 0 6.5 14 220 M M 8 17 220
2 90 60 75 3 0 10 0.00 0.0 0 7.7 16 230 M M 3 20 180
3 86 61 74 2 0 9 0.00 0.0 0 11.2 22 250 M M 3 32 240
4 89 60 75 3 0 10 0.00 0.0 0 3.8 12 330 M M 1 14 330
5 93 62 78 6 0 13 0.00 0.0 0 5.1 15 210 M M 1 17 240
6 82 54 68 -4 0 3 0.02 0.0 0 13.2 33 260 M M 7 40 260
7 74 50 62 -9 3 0 0.00 0.0 0 9.6 23 220 M M 5 27 230
8 79 57 68 -3 0 3 T 0.0 0 10.3 21 230 M M 7 26 240
9 82 53 68 -3 0 3 0.00 0.0 0 5.8 14 290 M M 2 20 340
10 88 54 71 0 0 6 0.00 0.0 0 8.8 22 240 M M 2 8 33 230
11 85 57 71 0 0 6 0.00 0.0 0 11.6 25 230 M M 4 32 220
12 71 52 62 -8 3 0 0.00 0.0 0 13.9 25 210 M M 7 31 200
13 75 49 62 -8 3 0 0.00 0.0 0 5.6 14 240 M M 3 22 260
14 82 50 66 -4 0 1 0.00 0.0 0 7.8 17 250 M M 1 24 230
15 92 57 75 5 0 10 0.00 0.0 0 5.4 13 70 M M 0 15 70
16 101 63 82 12 0 17 T 0.0 0 8.8 20 250 M M 4 32 60
17 100 72 86 17 0 21 0.00 0.0 0 6.7 15 250 M M 7 19 200
18 97 75 86 17 0 21 0.00 0.0 0 7.4 18 240 M M 6 21 240
19 91 68 80 11 0 15 0.00 0.0 0 10.0 17 240 M M 5 3 22 210
20 85 63 74 5 0 9 0.00 0.0 0 9.3 20 220 M M 7 28 210
21 88 65 77 9 0 12 0.00 0.0 0 10.2 28 240 M M 6 33 250
22 79 58 69 1 0 4 0.00 0.0 0 7.3 16 220 M M 4 24 240
23 87 54 71 3 0 6 0.00 0.0 0 4.3 13 240 M M 1 16 270
24 86 58 72 4 0 7 0.00 0.0 0 7.9 22 230 M M 5 26 190
25 83 60 72 5 0 7 0.00 0.0 0 8.7 18 230 M M 4 8 25 230
26 83 55 69 2 0 4 0.00 0.0 0 7.3 13 230 M M 1 17 170
27 83 54 69 2 0 4 0.00 0.0 0 7.8 16 230 M M 2 8 21 240
28 86 56 71 5 0 6 0.00 0.0 0 5.5 13 240 M M 1 16 270
29 82 55 69 3 0 4 0.00 0.0 0 12.0 24 250 M M 4 28 270
30 75 50 63 -3 2 0 0.00 0.0 0 10.6 26 250 M M 4 32 260
31 73 59 66 0 0 1 T 0.0 0 8.9 21 230 M M 6 25 230
================================================================================
SM 2634 1806 11 223 0.02 0.0 259.0 M 121
================================================================================
AV 85.0 58.3 8.4 FASTST M M 4 MAX(MPH)
MISC ----> # 33 260 # 40 260
================================================================================
NOTES:
# LAST OF SEVERAL OCCURRENCES
COLUMN 17 PEAK WIND IN M.P.H.
PRELIMINARY LOCAL CLIMATOLOGICAL DATA (WS FORM: F-6) , PAGE 2
STATION: SPOKANE WA AIRPORT
MONTH: AUGUST
YEAR: 2020
LATITUDE: 47 37 N
LONGITUDE: 117 32 W
[TEMPERATURE DATA] [PRECIPITATION DATA] SYMBOLS USED IN COLUMN 16
AVERAGE MONTHLY: 71.6 TOTAL FOR MONTH: 0.02 1 = FOG OR MIST
DPTR FM NORMAL: 2.3 DPTR FM NORMAL: -0.57 2 = FOG REDUCING VISIBILITY
HIGHEST: 101 ON 16 GRTST 24HR 0.02 ON 6- 6 TO 1/4 MILE OR LESS
LOWEST: 49 ON 13 3 = THUNDER
SNOW, ICE PELLETS, HAIL 4 = ICE PELLETS
TOTAL MONTH: 0.0 INCH 5 = HAIL
GRTST 24HR 0.0 6 = FREEZING RAIN OR DRIZZLE
GRTST DEPTH: 0 7 = DUSTSTORM OR SANDSTORM:
VSBY 1/2 MILE OR LESS
8 = SMOKE OR HAZE
[NO. OF DAYS WITH] [WEATHER - DAYS WITH] 9 = BLOWING SNOW
X = TORNADO
MAX 32 OR BELOW: 0 0.01 INCH OR MORE: 1
MAX 90 OR ABOVE: 7 0.10 INCH OR MORE: 0
MIN 32 OR BELOW: 0 0.50 INCH OR MORE: 0
MIN 0 OR BELOW: 0 1.00 INCH OR MORE: 0
[HDD (BASE 65) ]
TOTAL THIS MO. 11 CLEAR (SCALE 0-3) 12
DPTR FM NORMAL -22 PTCLDY (SCALE 4-7) 19
TOTAL FM JUL 1 32 CLOUDY (SCALE 8-10) 0
DPTR FM NORMAL -33
[CDD (BASE 65) ]
TOTAL THIS MO. 223
DPTR FM NORMAL 55 [PRESSURE DATA]
TOTAL FM JAN 1 488 HIGHEST SLP 30.16 ON 14
DPTR FM NORMAL 77 LOWEST SLP 29.65 ON 5
[REMARKS]
#FINAL-08-20#