000
CXUS55 KRIW 011508
CF6GEY
PRELIMINARY LOCAL CLIMATOLOGICAL DATA (WS FORM: F-6)
STATION: GREYBULL WY
MONTH: MARCH
YEAR: 2023
LATITUDE: 44 30 N
LONGITUDE: 108 4 W
TEMPERATURE IN F: :PCPN: SNOW: WIND :SUNSHINE: SKY :PK WND
================================================================================
1 2 3 4 5 6A 6B 7 8 9 10 11 12 13 14 15 16 17 18
12Z AVG MX 2MIN
DY MAX MIN AVG DEP HDD CDD WTR SNW DPTH SPD SPD DIR MIN PSBL S-S WX SPD DR
================================================================================
1 36 6 21 -10 44 0 0.00 M M 5.1 14 320 M M 3 18 320
2 35 10 23 -8 42 0 0.00 M M 4.7 14 160 M M 2 17 150
3 35 18 27 -5 38 0 T M M 6.5 22 330 M M 7 1 27 330
4 36 10 23 -9 42 0 0.00 M M 4.9 15 150 M M 2 21 130
5 28 16 22 -11 43 0 0.07 M M 3.2 12 310 M M 6 12 19 310
6 31 11 21 -13 44 0 T M M 3.8 10 110 M M 4 18 M M
7 33 2 18 -16 47 0 0.00 M M 2.9 8 100 M M 1 1 12 110
8 33 6 20 -15 45 0 0.00 M M 6.6 21 310 M M 3 26 300
9 30 14 22 -13 43 0 T M M 6.9 18 290 M M 5 24 300
10 48 15 32 -4 33 0 0.00 M M 9.2 32 160 M M 1 45 160
11 42 21 32 -4 33 0 0.00 M M 11.8 23 310 M M 2 30 310
12 38 16 27 -10 38 0 0.00 M M 5.2 16 300 M M 2 20 310
13 44 18 31 -6 34 0 0.00 M M 5.2 13 160 M M 0 17 160
14 57 25 41 3 24 0 0.00 M M 10.4 24 150 M M 2 33 130
15 53 30 42 4 23 0 T M M 19.1 37 340 M M 4 52 350
16 40 23 32 -6 33 0 T M M 12.3 21 340 M M 3 8 30 10
17 40 19 30 -9 35 0 0.00 M M 9.8 20 330 M M 0 28 340
18 47 15 31 -8 34 0 0.00 M M 5.8 17 150 M M 0 23 130
19 51 19 35 -5 30 0 0.00 M M 5.6 12 170 M M 0 17 180
20 49 20 35 -5 30 0 0.00 M M 3.5 17 310 M M 4 22 310
21 35 25 30 -10 35 0 0.24 M M 8.0 20 300 M M 8 12 25 300
22 40 17 29 -12 36 0 0.00 M M 3.2 12 360 M M 7 1 16 360
23 49 30 40 -1 25 0 0.00 M M 5.4 12 90 M M 6 20 150
24 51 26 39 -2 26 0 T M M 6.5 23 290 M M 2 32 290
25 M M M M M M M M M M M M M M M 1 M M
26 30 18 24 -18 41 0 0.11 M M 4.9 14 290 M M 10 17 290
27 32 18 25 -17 40 0 0.00 M M 9.2 21 340 M M 3 27 340
28 44 18 31 -11 34 0 0.00 M M 5.6 13 310 M M 4 19 140
29 49 24 37 -6 28 0 0.00 M M 6.0 18 310 M M 4 23 310
30 37 24 31 -12 34 0 0.08 M M 8.7 17 310 M M 7 18 23 310
31 42 29 36 -7 29 0 0.03 M M 10.5 21 330 M M 6 1 26 320
================================================================================
SM 1215 543 1063 0 0.53 M 210.5 M 108
================================================================================
AV 40.5 18.1 7.0 FASTST M M 4 MAX(MPH)
MISC ----> 37 340 52 350
================================================================================
NOTES:
# LAST OF SEVERAL OCCURRENCES
COLUMN 17 PEAK WIND IN M.P.H.
PRELIMINARY LOCAL CLIMATOLOGICAL DATA (WS FORM: F-6) , PAGE 2
STATION: GREYBULL WY
MONTH: MARCH
YEAR: 2023
LATITUDE: 44 30 N
LONGITUDE: 108 4 W
[TEMPERATURE DATA] [PRECIPITATION DATA] SYMBOLS USED IN COLUMN 16
AVERAGE MONTHLY: 29.3 TOTAL FOR MONTH: 0.53 1 = FOG OR MIST
DPTR FM NORMAL: -8.6 DPTR FM NORMAL: 0.31 2 = FOG REDUCING VISIBILITY
HIGHEST: 57 ON 14 GRTST 24HR 0.24 ON 21-21 TO 1/4 MILE OR LESS
LOWEST: 2 ON 7 3 = THUNDER
SNOW, ICE PELLETS, HAIL 4 = ICE PELLETS
TOTAL MONTH: M 5 = HAIL
GRTST 24HR M ON M 6 = FREEZING RAIN OR DRIZZLE
GRTST DEPTH: M ON M 7 = DUSTSTORM OR SANDSTORM:
VSBY 1/2 MILE OR LESS
8 = SMOKE OR HAZE
[NO. OF DAYS WITH] [WEATHER - DAYS WITH] 9 = BLOWING SNOW
X = TORNADO
MAX 32 OR BELOW: 5 0.01 INCH OR MORE: 5
MAX 90 OR ABOVE: 0 0.10 INCH OR MORE: 2
MIN 32 OR BELOW: 30 0.50 INCH OR MORE: 0
MIN 0 OR BELOW: 0 1.00 INCH OR MORE: 0
[HDD (BASE 65) ]
TOTAL THIS MO. 1063 CLEAR (SCALE 0-3) 15
DPTR FM NORMAL 223 PTCLDY (SCALE 4-7) 14
TOTAL FM JUL 1 7294 CLOUDY (SCALE 8-10) 2
DPTR FM NORMAL 632
[CDD (BASE 65) ]
TOTAL THIS MO. 0
DPTR FM NORMAL 0 [PRESSURE DATA]
TOTAL FM JAN 1 0 HIGHEST SLP 30.48 ON 18
DPTR FM NORMAL 0 LOWEST SLP 29.34 ON 10
[REMARKS]
#FINAL-03-23#