000
CXUS53 KIND 010600
CF6GEZ
PRELIMINARY LOCAL CLIMATOLOGICAL DATA (WS FORM: F-6)
STATION: SHELBYVILLE IN
MONTH: JUNE
YEAR: 2023
LATITUDE: 39 35 N
LONGITUDE: 85 48 W
TEMPERATURE IN F: :PCPN: SNOW: WIND :SUNSHINE: SKY :PK WND
================================================================================
1 2 3 4 5 6A 6B 7 8 9 10 11 12 13 14 15 16 17 18
12Z AVG MX 2MIN
DY MAX MIN AVG DEP HDD CDD WTR SNW DPTH SPD SPD DIR MIN PSBL S-S WX SPD DR
================================================================================
1 93 63 78 8 0 13 0.00 M M 5.6 15 130 M M 0 23 120
2 95 60 78 8 0 13 0.00 M M 6.4 18 40 M M 0 24 60
3 95 65 80 9 0 15 0.16 M M 8.1 25 40 M M 2 3 33 50
4 87 66 77 6 0 12 0.00 M M 9.7 17 40 M M 0 26 50
5 86 54 70 -1 0 5 0.00 M M 6.3 15 30 M M 1 8 20 20
6 88 54 71 0 0 6 0.01 M M 5.8 18 330 M M 3 8 26 30
7 81 60 71 -1 0 6 T M M 5.4 15 350 M M 3 18 22 30
8 80 55 68 -4 0 3 0.00 M M 6.5 14 80 M M 1 19 80
9 82 52 67 -5 0 2 0.00 M M 5.3 15 310 M M 0 21 330
10 86 53 70 -2 0 5 0.00 M M 4.3 14 220 M M 0 8 19 220
11 75 61 68 -5 0 3 1.31 M M 9.2 23 360 M M 7 138 34 360
12 69 56 63 -10 2 0 T M M 10.8 17 280 M M 8 18 24 280
13 71 55 63 -10 2 0 0.36 M M 9.8 32 300 M M 8 3 48 240
14 80 63 72 -1 0 7 0.01 M M 6.0 13 350 M M 6 17 300
15 87 58 73 0 0 8 0.01 M M 6.8 17 250 M M 1 18 23 250
16 74 55 65 -9 0 0 0.00 M M 7.1 15 10 M M 6 8 22 20
17 83 57 70 -4 0 5 0.00 M M 3.7 9 100 M M 0 18 13 90
18 85 56 71 -3 0 6 0.00 M M 6.7 16 180 M M 0 18 22 150
19 80 68 74 0 0 9 0.01 M M 9.0 20 80 M M 6 26 80
20 87 70 79 5 0 14 T M M 12.8 23 70 M M 6 33 60
21 88 69 79 5 0 14 0.00 M M 11.5 22 100 M M 3 33 100
22 77 64 71 -3 0 6 0.00 M M 7.8 16 60 M M 6 22 40
23 82 65 74 -1 0 9 0.00 M M 3.7 8 20 M M 10 12 330
24 91 65 78 3 0 13 0.00 M M 4.9 15 270 M M 4 8 24 300
25 91 67 79 4 0 14 0.66 M M 11.3 43 330 M M 2 3 63 320
26 83 65 74 -1 0 9 0.13 M M M M M M M 6 18 M M
27 77 62 70 -5 0 5 0.00 M M M M M M M 8 18 M M
28 85 58 72 -3 0 7 0.00 M M M M M M M 10 128 M M
29 89 67 78 3 0 13 0.32 M M M M M M M 4 38 M M
30 91 67 79 4 0 14 0.45 M M 6.5 23 330 M M 3 13 35 340
================================================================================
SM 2518 1830 4 236 3.43 M 191.0 M 114
================================================================================
AV 83.9 61.0 7.3 FASTST M M 4 MAX(MPH)
MISC ----> 43 330 63 320
================================================================================
NOTES:
# LAST OF SEVERAL OCCURRENCES
COLUMN 17 PEAK WIND IN M.P.H.
PRELIMINARY LOCAL CLIMATOLOGICAL DATA (WS FORM: F-6) , PAGE 2
STATION: SHELBYVILLE IN
MONTH: JUNE
YEAR: 2023
LATITUDE: 39 35 N
LONGITUDE: 85 48 W
[TEMPERATURE DATA] [PRECIPITATION DATA] SYMBOLS USED IN COLUMN 16
AVERAGE MONTHLY: 72.5 TOTAL FOR MONTH: 3.43 1 = FOG OR MIST
DPTR FM NORMAL: -0.7 DPTR FM NORMAL: -1.73 2 = FOG REDUCING VISIBILITY
HIGHEST: 95 ON 3, 2 GRTST 24HR 1.31 ON 11-11 TO 1/4 MILE OR LESS
LOWEST: 52 ON 9 3 = THUNDER
SNOW, ICE PELLETS, HAIL 4 = ICE PELLETS
TOTAL MONTH: M 5 = HAIL
GRTST 24HR M ON M 6 = FREEZING RAIN OR DRIZZLE
GRTST DEPTH: M ON M 7 = DUSTSTORM OR SANDSTORM:
VSBY 1/2 MILE OR LESS
8 = SMOKE OR HAZE
[NO. OF DAYS WITH] [WEATHER - DAYS WITH] 9 = BLOWING SNOW
X = TORNADO
MAX 32 OR BELOW: 0 0.01 INCH OR MORE: 11
MAX 90 OR ABOVE: 6 0.10 INCH OR MORE: 7
MIN 32 OR BELOW: 0 0.50 INCH OR MORE: 2
MIN 0 OR BELOW: 0 1.00 INCH OR MORE: 1
[HDD (BASE 65) ]
TOTAL THIS MO. 4 CLEAR (SCALE 0-3) 14
DPTR FM NORMAL -5 PTCLDY (SCALE 4-7) 12
TOTAL FM JUL 1 4287 CLOUDY (SCALE 8-10) 4
DPTR FM NORMAL -750
[CDD (BASE 65) ]
TOTAL THIS MO. 236
DPTR FM NORMAL -19 [PRESSURE DATA]
TOTAL FM JAN 1 368 HIGHEST SLP M ON M
DPTR FM NORMAL -18 LOWEST SLP 29.57 ON 11
[REMARKS]
#FINAL-06-23#