000
CXUS55 KGGW 010810
CF6GGW
PRELIMINARY LOCAL CLIMATOLOGICAL DATA (WS FORM: F-6)
STATION: GLASGOW MT
MONTH: APRIL
YEAR: 2023
LATITUDE: 48 13 N
LONGITUDE: 106 37 W
TEMPERATURE IN F: :PCPN: SNOW: WIND :SUNSHINE: SKY :PK WND
================================================================================
1 2 3 4 5 6A 6B 7 8 9 10 11 12 13 14 15 16 17 18
12Z AVG MX 2MIN
DY MAX MIN AVG DEP HDD CDD WTR SNW DPTH SPD SPD DIR MIN PSBL S-S WX SPD DR
================================================================================
1 42 19 31 -9 34 0 0.06 0.0 3 6.6 15 120 M M 4 1 17 120
2 36 22 29 -11 36 0 0.07 0.6 T 17.2 40 270 M M 7 128 52 270
3 27 11 19 -21 46 0 T T T 6.9 15 120 M M 2 18 130
4 24 13 19 -22 46 0 T 0.2 T 8.8 15 20 M M 10 8 18 30
5 23 3 13 -28 52 0 0.00 0.0 T 7.9 13 330 M M 1 8 16 310
6 36 14 25 -17 40 0 T 0.1 T 15.2 21 100 M M 5 8 25 100
7 40 23 32 -10 33 0 0.00 0.0 T 21.7 26 110 M M 0 31 100
8 51 31 41 -1 24 0 0.00 0.0 T 9.8 24 120 M M 1 28 120
9 54 32 43 0 22 0 0.00 0.0 T 8.8 16 130 M M 0 21 270
10 63 36 50 7 15 0 0.00 0.0 T 9.5 18 110 M M 0 21 110
11 80 41 61 18 4 0 0.00 0.0 0 11.9 31 310 M M 0 39 310
12 49 39 44 0 21 0 T 0.0 0 8.3 15 310 M M 9 18 320
13 41 34 38 -6 27 0 0.44 1.7 0 11.7 23 70 M M 10 1 31 60
14 42 32 37 -7 28 0 0.00 0.0 1 7.4 16 350 M M 9 1 22 330
15 53 32 43 -2 22 0 T T 0 6.1 12 110 M M 3 15 290
16 67 32 50 5 15 0 0.00 0.0 0 13.9 24 160 M M 0 32 150
17 66 38 52 7 13 0 T 0.0 0 10.1 21 110 M M 1 27 310
18 57 40 49 3 16 0 0.00 0.0 0 10.1 20 90 M M 3 25 80
19 40 27 34 -12 31 0 0.19 1.4 T 18.1 25 360 M M 9 9 34 340
20 34 25 30 -16 35 0 0.02 0.1 1 22.7 33 330 M M 9 8 41 340
21 37 27 32 -15 33 0 T T T 11.4 20 350 M M 10 8 27 330
22 42 25 34 -13 31 0 0.00 0.0 T 5.4 10 270 M M 7 16 280
23 54 25 40 -7 25 0 0.00 0.0 0 13.2 23 110 M M 0 31 110
24 64 33 49 1 16 0 T 0.0 0 23.0 30 120 M M 7 38 130
25 64 37 51 3 14 0 0.00 0.0 0 14.8 23 130 M M 5 30 110
26 65 45 55 7 10 0 0.00 0.0 0 10.5 23 320 M M 3 29 320
27 58 41 50 1 15 0 0.03 0.0 0 14.2 29 330 M M 10 39 280
28 72 34 53 4 12 0 0.00 0.0 M 9.8 31 330 M M 1 42 320
29 66 38 52 3 13 0 0.00 0.0 0 10.4 17 360 M M 0 23 340
30 65 35 50 0 15 0 0.00 0.0 0 11.5 15 110 M M 0 22 130
================================================================================
SM 1512 884 744 0 0.81 4.1 356.9 M 126
================================================================================
AV 50.4 29.5 11.9 FASTST M M 4 MAX(MPH)
MISC ----> 40 270 52 270
================================================================================
NOTES:
# LAST OF SEVERAL OCCURRENCES
COLUMN 17 PEAK WIND IN M.P.H.
PRELIMINARY LOCAL CLIMATOLOGICAL DATA (WS FORM: F-6) , PAGE 2
STATION: GLASGOW MT
MONTH: APRIL
YEAR: 2023
LATITUDE: 48 13 N
LONGITUDE: 106 37 W
[TEMPERATURE DATA] [PRECIPITATION DATA] SYMBOLS USED IN COLUMN 16
AVERAGE MONTHLY: 39.9 TOTAL FOR MONTH: 0.81 1 = FOG OR MIST
DPTR FM NORMAL: -4.9 DPTR FM NORMAL: -0.20 2 = FOG REDUCING VISIBILITY
HIGHEST: 80 ON 11 GRTST 24HR 0.44 ON 13-13 TO 1/4 MILE OR LESS
LOWEST: 3 ON 5 3 = THUNDER
SNOW, ICE PELLETS, HAIL 4 = ICE PELLETS
TOTAL MONTH: 4.1 INCHES 5 = HAIL
GRTST 24HR 1.7 ON 13-13 6 = FREEZING RAIN OR DRIZZLE
GRTST DEPTH: 4 ON M 7 = DUSTSTORM OR SANDSTORM:
VSBY 1/2 MILE OR LESS
8 = SMOKE OR HAZE
[NO. OF DAYS WITH] [WEATHER - DAYS WITH] 9 = BLOWING SNOW
X = TORNADO
MAX 32 OR BELOW: 3 0.01 INCH OR MORE: 6
MAX 90 OR ABOVE: 0 0.10 INCH OR MORE: 2
MIN 32 OR BELOW: 17 0.50 INCH OR MORE: 0
MIN 0 OR BELOW: 0 1.00 INCH OR MORE: 0
[HDD (BASE 65) ]
TOTAL THIS MO. 744 CLEAR (SCALE 0-3) 15
DPTR FM NORMAL 137 PTCLDY (SCALE 4-7) 7
TOTAL FM JUL 1 8607 CLOUDY (SCALE 8-10) 8
DPTR FM NORMAL 761
[CDD (BASE 65) ]
TOTAL THIS MO. 0
DPTR FM NORMAL 0 [PRESSURE DATA]
TOTAL FM JAN 1 0 HIGHEST SLP M ON M
DPTR FM NORMAL 0 LOWEST SLP 29.51 ON 11
[REMARKS]
#FINAL-04-23#