000
CXUS54 KFWD 010830
CF6GKY
PRELIMINARY LOCAL CLIMATOLOGICAL DATA (WS FORM: F-6)
STATION: ARLINGTON
MONTH: NOVEMBER
YEAR: 2021
LATITUDE: 32 39 N
LONGITUDE: 97 6 W
TEMPERATURE IN F: :PCPN: SNOW: WIND :SUNSHINE: SKY :PK WND
================================================================================
1 2 3 4 5 6A 6B 7 8 9 10 11 12 13 14 15 16 17 18
12Z AVG MX 2MIN
DY MAX MIN AVG DEP HDD CDD WTR SNW DPTH SPD SPD DIR MIN PSBL S-S WX SPD DR
================================================================================
1 83 52 68 6 0 3 0.00 M M 4.8 17 150 M M 2 24 140
2 61 54 58 -3 7 0 0.39 M M 9.0 15 350 M M 8 1 19 40
3 54 50 52 -9 13 0 0.61 M M 10.2 17 360 M M 10 138 23 10
4 62 44 53 -8 12 0 0.00 M M 4.3 13 30 M M 7 17 350
5 64 38 51 -9 14 0 0.00 M M 2.2 9 100 M M 0 18 13 110
6 71 39 55 -5 10 0 0.00 M M 3.1 12 130 M M 0 18 15 140
7 78 44 61 1 4 0 0.00 M M 6.9 15 150 M M 0 21 150
8 76 52 64 5 1 0 0.00 M M 8.2 18 150 M M 1 18 26 140
9 79 60 70 11 0 5 0.00 M M 7.9 18 170 M M 1 26 160
10 81 64 73 15 0 8 0.08 M M 12.1 22 360 M M 6 3 35 170
11 71 45 58 0 7 0 0.00 M M 9.1 18 330 M M 0 26 320
12 73 42 58 0 7 0 T M M 7.6 23 340 M M 0 38 360
13 69 36 53 -5 12 0 0.00 M M 4.2 10 170 M M 0 18 160
14 73 46 60 3 5 0 0.00 M M 4.5 13 170 M M 0 19 180
15 85 45 65 8 0 0 0.00 M M 5.4 15 150 M M 0 22 140
16 83 65 74 18 0 9 0.00 M M 14.2 24 160 M M 2 37 180
17 87 60 74 18 0 9 0.00 M M 13.2 21 330 M M 4 33 160
18 65 40 53 -3 12 0 0.00 M M 14.1 26 350 M M 2 37 350
19 66 33 50 -6 15 0 0.00 M M 6.2 16 130 M M 0 20 120
20 75 43 59 4 6 0 0.00 M M 10.6 21 160 M M 0 31 170
21 72 53 63 8 2 0 0.00 M M 10.7 23 320 M M 5 31 320
22 70 43 57 2 8 0 0.00 M M 4.5 13 330 M M 0 19 330
23 74 38 56 2 9 0 0.00 M M 9.8 20 150 M M 0 30 130
24 78 56 67 13 0 2 0.00 M M 10.4 25 170 M M 2 39 170
25 67 46 57 3 8 0 0.00 M M 14.6 28 340 M M 1 18 35 310
26 59 32 46 -8 19 0 0.00 M M 4.0 10 170 M M 0 14 170
27 63 44 54 1 11 0 0.26 M M 5.8 13 160 M M 7 1 20 170
28 69 43 56 3 9 0 0.00 M M 6.4 18 340 M M 2 128 25 360
29 77 38 58 5 7 0 0.00 M M 5.7 14 160 M M 0 21 170
30 80 50 65 13 0 0 0.00 M M 8.3 18 150 M M 0 26 140
================================================================================
SM 2165 1395 198 36 1.34 M 238.0 M 60
================================================================================
AV 72.2 46.5 7.9 FASTST M M 2 MAX(MPH)
MISC ----> 28 340 39 170
================================================================================
NOTES:
# LAST OF SEVERAL OCCURRENCES
COLUMN 17 PEAK WIND IN M.P.H.
PRELIMINARY LOCAL CLIMATOLOGICAL DATA (WS FORM: F-6) , PAGE 2
STATION: ARLINGTON
MONTH: NOVEMBER
YEAR: 2021
LATITUDE: 32 39 N
LONGITUDE: 97 6 W
[TEMPERATURE DATA] [PRECIPITATION DATA] SYMBOLS USED IN COLUMN 16
AVERAGE MONTHLY: 59.3 TOTAL FOR MONTH: 1.34 1 = FOG OR MIST
DPTR FM NORMAL: 2.5 DPTR FM NORMAL: -1.28 2 = FOG REDUCING VISIBILITY
HIGHEST: 87 ON 17 GRTST 24HR 1.00 ON 2- 3 TO 1/4 MILE OR LESS
LOWEST: 32 ON 26 3 = THUNDER
SNOW, ICE PELLETS, HAIL 4 = ICE PELLETS
TOTAL MONTH: M 5 = HAIL
GRTST 24HR M ON M 6 = FREEZING RAIN OR DRIZZLE
GRTST DEPTH: M ON M 7 = DUSTSTORM OR SANDSTORM:
VSBY 1/2 MILE OR LESS
8 = SMOKE OR HAZE
[NO. OF DAYS WITH] [WEATHER - DAYS WITH] 9 = BLOWING SNOW
X = TORNADO
MAX 32 OR BELOW: 0 0.01 INCH OR MORE: 4
MAX 90 OR ABOVE: 0 0.10 INCH OR MORE: 3
MIN 32 OR BELOW: 1 0.50 INCH OR MORE: 1
MIN 0 OR BELOW: 0 1.00 INCH OR MORE: 0
[HDD (BASE 65) ]
TOTAL THIS MO. 198 CLEAR (SCALE 0-3) 23
DPTR FM NORMAL -77 PTCLDY (SCALE 4-7) 6
TOTAL FM JUL 1 217 CLOUDY (SCALE 8-10) 1
DPTR FM NORMAL -128
[CDD (BASE 65) ]
TOTAL THIS MO. 36
DPTR FM NORMAL 7 [PRESSURE DATA]
TOTAL FM JAN 1 3165 HIGHEST SLP 30.49 ON 18
DPTR FM NORMAL 347 LOWEST SLP 29.74 ON 10
[REMARKS]
#FINAL-11-21#