000
CXUS54 KFWD 010730
CF6GKY
PRELIMINARY LOCAL CLIMATOLOGICAL DATA (WS FORM: F-6)
STATION: ARLINGTON
MONTH: SEPTEMBER
YEAR: 2023
LATITUDE: 32 39 N
LONGITUDE: 97 6 W
TEMPERATURE IN F: :PCPN: SNOW: WIND :SUNSHINE: SKY :PK WND
================================================================================
1 2 3 4 5 6A 6B 7 8 9 10 11 12 13 14 15 16 17 18
12Z AVG MX 2MIN
DY MAX MIN AVG DEP HDD CDD WTR SNW DPTH SPD SPD DIR MIN PSBL S-S WX SPD DR
================================================================================
1 98 77 88 5 0 23 0.00 M M 8.1 16 110 M M 0 20 110
2 99 68 84 2 0 19 0.00 M M 4.3 12 50 M M 0 17 100
3 102 75 89 7 0 24 0.05 M M 7.4 29 130 M M 2 3 39 140
4 101 76 89 7 0 24 0.00 M M 10.5 18 150 M M 0 26 160
5 104 81 93 11 0 28 0.00 M M 10.7 18 150 M M 0 28 170
6 105 82 94 13 0 29 0.00 M M 5.4 12 180 M M 0 17 150
7 107 78 93 12 0 28 0.00 M M 4.7 14 170 M M 0 22 290
8 110 74 92 11 0 27 0.50 M M 7.8 31 130 M M 1 3 42 120
9 97 75 86 5 0 21 0.00 M M 9.3 21 110 M M 0 3 29 120
10 94 66 80 0 0 15 0.00 M M 5.9 15 110 M M 0 20 100
11 90 72 81 1 0 16 0.06 M M 8.2 17 120 M M 2 3 29 290
12 85 71 78 -2 0 13 0.08 M M 9.1 16 330 M M 5 1 20 330
13 85 71 78 -1 0 13 0.09 M M 4.8 13 120 M M 8 15 120
14 77 71 74 -5 0 9 0.68 M M 5.9 13 60 M M 9 1 17 60
15 82 70 76 -3 0 11 0.15 M M 5.1 12 70 M M 6 13 16 60
16 86 67 77 -1 0 12 0.01 M M 2.3 16 290 M M 1 1 23 300
17 91 66 79 1 0 14 0.00 M M 3.8 13 10 M M 0 1 20 320
18 93 61 77 -1 0 12 0.00 M M 4.6 13 150 M M 0 18 120
19 96 72 84 6 0 19 0.05 M M 12.4 28 330 M M 1 3 39 320
20 95 71 83 6 0 18 0.00 M M 12.1 21 120 M M 1 30 100
21 95 76 86 9 0 21 0.00 M M 10.0 18 130 M M 0 26 100
22 97 78 88 11 0 23 T M M 8.9 20 150 M M 0 27 170
23 99 79 89 13 0 24 0.00 M M 10.6 21 140 M M 0 29 160
24 101 74 88 12 0 23 0.37 M M 10.3 24 160 M M 2 38 42 170
25 91 73 82 6 0 17 0.00 M M 5.8 15 10 M M 5 22 340
26 93 68 81 6 0 16 0.00 M M 3.0 10 60 M M 0 16 100
27 95 66 81 6 0 16 0.00 M M 3.4 12 120 M M 0 17 190
28 96 67 82 7 0 17 0.00 M M 4.2 12 120 M M 2 25 120
29 95 68 82 8 0 17 0.00 M M 6.7 17 120 M M 0 23 120
30 95 68 82 8 0 17 0.00 M M 6.7 16 110 M M 0 24 110
================================================================================
SM 2854 2161 0 566 2.04 M 212.0 M 45
================================================================================
AV 95.1 72.0 7.1 FASTST M M 2 MAX(MPH)
MISC ----> 31 130 # 42 120
================================================================================
NOTES:
# LAST OF SEVERAL OCCURRENCES
COLUMN 17 PEAK WIND IN M.P.H.
PRELIMINARY LOCAL CLIMATOLOGICAL DATA (WS FORM: F-6) , PAGE 2
STATION: ARLINGTON
MONTH: SEPTEMBER
YEAR: 2023
LATITUDE: 32 39 N
LONGITUDE: 97 6 W
[TEMPERATURE DATA] [PRECIPITATION DATA] SYMBOLS USED IN COLUMN 16
AVERAGE MONTHLY: 83.6 TOTAL FOR MONTH: 2.04 1 = FOG OR MIST
DPTR FM NORMAL: 5.1 DPTR FM NORMAL: -1.28 2 = FOG REDUCING VISIBILITY
HIGHEST: 110 ON 8 GRTST 24HR 0.76 ON 13-14 TO 1/4 MILE OR LESS
LOWEST: 61 ON 18 3 = THUNDER
SNOW, ICE PELLETS, HAIL 4 = ICE PELLETS
TOTAL MONTH: M 5 = HAIL
GRTST 24HR M ON M 6 = FREEZING RAIN OR DRIZZLE
GRTST DEPTH: M ON M 7 = DUSTSTORM OR SANDSTORM:
VSBY 1/2 MILE OR LESS
8 = SMOKE OR HAZE
[NO. OF DAYS WITH] [WEATHER - DAYS WITH] 9 = BLOWING SNOW
X = TORNADO
MAX 32 OR BELOW: 0 0.01 INCH OR MORE: 10
MAX 90 OR ABOVE: 25 0.10 INCH OR MORE: 4
MIN 32 OR BELOW: 0 0.50 INCH OR MORE: 2
MIN 0 OR BELOW: 0 1.00 INCH OR MORE: 0
[HDD (BASE 65) ]
TOTAL THIS MO. 0 CLEAR (SCALE 0-3) 25
DPTR FM NORMAL -2 PTCLDY (SCALE 4-7) 4
TOTAL FM JUL 1 0 CLOUDY (SCALE 8-10) 1
DPTR FM NORMAL 0
[CDD (BASE 65) ]
TOTAL THIS MO. 566
DPTR FM NORMAL 158 [PRESSURE DATA]
TOTAL FM JAN 1 3181 HIGHEST SLP M ON M
DPTR FM NORMAL 548 LOWEST SLP 29.71 ON 4
[REMARKS]
#FINAL-09-23#