000
CDUS43 KGLD 120741
CLIGLD

CLIMATE REPORT
NATIONAL WEATHER SERVICE GOODLAND
137 AM MDT THU APR 12 2018

...................................

...THE GOODLAND KS CLIMATE SUMMARY FOR APRIL 11 2018...

CLIMATE NORMAL PERIOD 1981 TO 2010
CLIMATE RECORD PERIOD 1895 TO 2018

WEATHER ITEM   OBSERVED TIME   RECORD YEAR NORMAL DEPARTURE LAST
                VALUE   (LST)  VALUE       VALUE  FROM      YEAR
                                                  NORMAL
..................................................................
TEMPERATURE (F)
 YESTERDAY
  MAXIMUM         82    442 PM  87    1916  62     20       72
  MINIMUM         39    529 AM  11    1997  33      6       27
  AVERAGE         61                        48     13       50

PRECIPITATION (IN)
  YESTERDAY        0.00          2.00 1922   0.05  -0.05     0.00
  MONTH TO DATE    0.22                      0.49  -0.27     0.32
  SINCE MAR 1      0.63                      1.56  -0.93     2.00
  SINCE JAN 1      1.92                      2.43  -0.51     2.93

SNOWFALL (IN)
  YESTERDAY        0.0                       0.2   -0.2      0.0
  MONTH TO DATE    0.6                       2.2   -1.6      0.0
  SINCE MAR 1      1.5                       9.0   -7.5       T
  SINCE JUL 1     22.0                      33.0  -11.0      9.4
  SNOW DEPTH       0

DEGREE DAYS
 HEATING
  YESTERDAY        4                        17    -13       15
  MONTH TO DATE  240                       207     33      171
  SINCE MAR 1    935                       965    -30      766
  SINCE JUL 1   5180                      5382   -202     4651

 COOLING
  YESTERDAY        0                         0      0        0
  MONTH TO DATE    0                         0      0        0
  SINCE MAR 1      0                         0      0        0
  SINCE JAN 1      0                         0      0        0
..................................................................

WIND (MPH)
  HIGHEST WIND SPEED    20   HIGHEST WIND DIRECTION    SW (210)
  HIGHEST GUST SPEED    29   HIGHEST GUST DIRECTION    SW (220)
  AVERAGE WIND SPEED     8.3


SKY COVER
  AVERAGE SKY COVER 0.0


WEATHER CONDITIONS
 THE FOLLOWING WEATHER WAS RECORDED YESTERDAY.
  NO SIGNIFICANT WEATHER WAS OBSERVED.


RELATIVE HUMIDITY (PERCENT)
 HIGHEST    62
 LOWEST     10
 AVERAGE    36

..........................................................


THE GOODLAND KS CLIMATE NORMALS FOR TODAY
                         NORMAL    RECORD    YEAR
 MAXIMUM TEMPERATURE (F)   63        82      2014
                                             2010
 MINIMUM TEMPERATURE (F)   33         5      1997


SUNRISE AND SUNSET
APRIL 12 2018.........SUNRISE   614 AM MDT   SUNSET   722 PM MDT
APRIL 13 2018.........SUNRISE   613 AM MDT   SUNSET   723 PM MDT


-  INDICATES NEGATIVE NUMBERS.
R  INDICATES RECORD WAS SET OR TIED.
MM INDICATES DATA IS MISSING.
T  INDICATES TRACE AMOUNT.

&&

THE AVERAGE SOIL TEMPERATURE AT THE FOUR INCH DEPTH... 50

$$
