000
CDUS43 KGLD 110742
CLIGLD

CLIMATE REPORT
NATIONAL WEATHER SERVICE GOODLAND
139 AM MDT WED APR 11 2018

...................................

...THE GOODLAND KS CLIMATE SUMMARY FOR APRIL 10 2018...

CLIMATE NORMAL PERIOD 1981 TO 2010
CLIMATE RECORD PERIOD 1895 TO 2018

WEATHER ITEM   OBSERVED TIME   RECORD YEAR NORMAL DEPARTURE LAST
                VALUE   (LST)  VALUE       VALUE  FROM      YEAR
                                                  NORMAL
..................................................................
TEMPERATURE (F)
 YESTERDAY
  MAXIMUM         72    427 PM  90    1907  62     10       60
  MINIMUM         38    422 AM   4    1989  33      5       32
  AVERAGE         55                        47      8       46

PRECIPITATION (IN)
  YESTERDAY        0.00          1.24 1944   0.05  -0.05     0.00
  MONTH TO DATE    0.22                      0.44  -0.22     0.32
  SINCE MAR 1      0.63                      1.51  -0.88     2.00
  SINCE JAN 1      1.92                      2.38  -0.46     2.93

SNOWFALL (IN)
  YESTERDAY        0.0                       0.1   -0.1      0.0
  MONTH TO DATE    0.6                       2.0   -1.4      0.0
  SINCE MAR 1      1.5                       8.8   -7.3       T
  SINCE JUL 1     22.0                      32.8  -10.8      9.4
  SNOW DEPTH       0

DEGREE DAYS
 HEATING
  YESTERDAY       10                        18     -8       19
  MONTH TO DATE  236                       190     46      156
  SINCE MAR 1    931                       948    -17      751
  SINCE JUL 1   5176                      5365   -189     4636

 COOLING
  YESTERDAY        0                         0      0        0
  MONTH TO DATE    0                         0      0        0
  SINCE MAR 1      0                         0      0        0
  SINCE JAN 1      0                         0      0        0
..................................................................

WIND (MPH)
  HIGHEST WIND SPEED    23   HIGHEST WIND DIRECTION    SW (210)
  HIGHEST GUST SPEED    31   HIGHEST GUST DIRECTION    SW (220)
  AVERAGE WIND SPEED    13.8


SKY COVER
  AVERAGE SKY COVER 0.0


WEATHER CONDITIONS
 THE FOLLOWING WEATHER WAS RECORDED YESTERDAY.
  NO SIGNIFICANT WEATHER WAS OBSERVED.


RELATIVE HUMIDITY (PERCENT)
 HIGHEST    79
 LOWEST     15
 AVERAGE    47

..........................................................


THE GOODLAND KS CLIMATE NORMALS FOR TODAY
                         NORMAL    RECORD    YEAR
 MAXIMUM TEMPERATURE (F)   62        87      1916
 MINIMUM TEMPERATURE (F)   33        11      1997


SUNRISE AND SUNSET
APRIL 11 2018.........SUNRISE   616 AM MDT   SUNSET   721 PM MDT
APRIL 12 2018.........SUNRISE   614 AM MDT   SUNSET   722 PM MDT


-  INDICATES NEGATIVE NUMBERS.
R  INDICATES RECORD WAS SET OR TIED.
MM INDICATES DATA IS MISSING.
T  INDICATES TRACE AMOUNT.

&&

THE AVERAGE SOIL TEMPERATURE AT THE FOUR INCH DEPTH... 48

$$
