000
CDUS43 KGLD 040732
CLIGLD

CLIMATE REPORT
NATIONAL WEATHER SERVICE GOODLAND
132 AM MDT WED APR 4 2018

...................................

...THE GOODLAND KS CLIMATE SUMMARY FOR APRIL 3 2018...

CLIMATE NORMAL PERIOD 1981 TO 2010
CLIMATE RECORD PERIOD 1895 TO 2018

WEATHER ITEM   OBSERVED TIME   RECORD YEAR NORMAL DEPARTURE LAST
                VALUE   (LST)  VALUE       VALUE  FROM      YEAR
                                                  NORMAL
..................................................................
TEMPERATURE (F)
 YESTERDAY
  MAXIMUM         47    414 PM  86    1943  60    -13       60
  MINIMUM         17   1122 PM  15    1936  31    -14       33
                                      1926
  AVERAGE         32                        45    -13       47

PRECIPITATION (IN)
  YESTERDAY        0.00          1.19 2012   0.04  -0.04      T
  MONTH TO DATE    0.00                      0.12  -0.12     0.32
  SINCE MAR 1      0.41                      1.19  -0.78     2.00
  SINCE JAN 1      1.70                      2.06  -0.36     2.93

SNOWFALL (IN)
  YESTERDAY        0.0                       0.2   -0.2      0.0
  MONTH TO DATE    0.0                       0.7   -0.7      0.0
  SINCE MAR 1      0.9                       7.5   -6.6       T
  SINCE JUL 1     21.4                      31.5  -10.1      9.4
  SNOW DEPTH       0

DEGREE DAYS
 HEATING
  YESTERDAY       33                        20     13       18
  MONTH TO DATE   79                        60     19       60
  SINCE MAR 1    774                       818    -44      655
  SINCE JUL 1   5019                      5235   -216     4540

 COOLING
  YESTERDAY        0                         0      0        0
  MONTH TO DATE    0                         0      0        0
  SINCE MAR 1      0                         0      0        0
  SINCE JAN 1      0                         0      0        0
..................................................................

WIND (MPH)
  HIGHEST WIND SPEED    52   HIGHEST WIND DIRECTION     N (340)
  HIGHEST GUST SPEED    70   HIGHEST GUST DIRECTION     N (350)
  AVERAGE WIND SPEED    22.9


SKY COVER
  AVERAGE SKY COVER 0.1


WEATHER CONDITIONS
 THE FOLLOWING WEATHER WAS RECORDED YESTERDAY.
  HAZE


RELATIVE HUMIDITY (PERCENT)
 HIGHEST    85
 LOWEST     17
 AVERAGE    51

..........................................................


THE GOODLAND KS CLIMATE NORMALS FOR TODAY

                         NORMAL    RECORD    YEAR
 MAXIMUM TEMPERATURE (F)   60        86      1942
                                             1929
 MINIMUM TEMPERATURE (F)   31         8      1920


SUNRISE AND SUNSET
APRIL  4 2018.........SUNRISE   626 AM MDT   SUNSET   714 PM MDT
APRIL  5 2018.........SUNRISE   625 AM MDT   SUNSET   715 PM MDT


-  INDICATES NEGATIVE NUMBERS.
R  INDICATES RECORD WAS SET OR TIED.
MM INDICATES DATA IS MISSING.
T  INDICATES TRACE AMOUNT.

&&

THE AVERAGE SOIL TEMPERATURE AT THE FOUR INCH DEPTH... 44

$$
