000
CDUS43 KGLD 281040
CLIGLD

CLIMATE REPORT
NATIONAL WEATHER SERVICE GOODLAND
436 AM MDT SAT APR 28 2018

...................................

...THE GOODLAND KS CLIMATE SUMMARY FOR APRIL 27 2018...

CLIMATE NORMAL PERIOD 1981 TO 2010
CLIMATE RECORD PERIOD 1895 TO 2018

WEATHER ITEM   OBSERVED TIME   RECORD YEAR NORMAL DEPARTURE LAST
                VALUE   (LST)  VALUE       VALUE  FROM      YEAR
                                                  NORMAL
..................................................................
TEMPERATURE (F)
 YESTERDAY
  MAXIMUM         76    456 PM  90    1953  67      9       64
  MINIMUM         35   1245 AM  22    1994  39     -4       31
  AVERAGE         56                        53      3       48

PRECIPITATION (IN)
  YESTERDAY        0.00          0.84 1922   0.06  -0.06     0.39
  MONTH TO DATE    1.48                      1.40   0.08     1.54
  SINCE MAR 1      1.89                      2.47  -0.58     3.22
  SINCE JAN 1      3.18                      3.34  -0.16     4.15

SNOWFALL (IN)
  YESTERDAY        0.0                       0.1   -0.1       T
  MONTH TO DATE    3.9                       4.1   -0.2       T
  SINCE MAR 1      4.8                      10.9   -6.1       T
  SINCE JUL 1     25.3                      34.9   -9.6      9.4
  SNOW DEPTH       0

DEGREE DAYS
 HEATING
  YESTERDAY        9                        12     -3       17
  MONTH TO DATE  556                       444    112      333
  SINCE MAR 1   1251                      1202     49      928
  SINCE JUL 1   5496                      5619   -123     4813

 COOLING
  YESTERDAY        0                         0      0        0
  MONTH TO DATE    0                         0      0        7
  SINCE MAR 1      0                         0      0        7
  SINCE JAN 1      0                         0      0        7
..................................................................

WIND (MPH)
  HIGHEST WIND SPEED    18   HIGHEST WIND DIRECTION     W (260)
  HIGHEST GUST SPEED    26   HIGHEST GUST DIRECTION     W (270)
  AVERAGE WIND SPEED     8.1


SKY COVER
  AVERAGE SKY COVER 0.0


WEATHER CONDITIONS
 THE FOLLOWING WEATHER WAS RECORDED YESTERDAY.
  NO SIGNIFICANT WEATHER WAS OBSERVED.


RELATIVE HUMIDITY (PERCENT)
 HIGHEST    75
 LOWEST     15
 AVERAGE    45

..........................................................


THE GOODLAND KS CLIMATE NORMALS FOR TODAY
                         NORMAL    RECORD    YEAR
 MAXIMUM TEMPERATURE (F)   68        87      2013
                                             1967
                                             1915
 MINIMUM TEMPERATURE (F)   39        23      1908


SUNRISE AND SUNSET
APRIL 28 2018.........SUNRISE   552 AM MDT   SUNSET   737 PM MDT
APRIL 29 2018.........SUNRISE   551 AM MDT   SUNSET   738 PM MDT


-  INDICATES NEGATIVE NUMBERS.
R  INDICATES RECORD WAS SET OR TIED.
MM INDICATES DATA IS MISSING.
T  INDICATES TRACE AMOUNT.

&&

THE AVERAGE SOIL TEMPERATURE AT THE FOUR INCH DEPTH... 48

$$
