000
CDUS43 KGLD 230758
CLIGLD

CLIMATE REPORT
NATIONAL WEATHER SERVICE GOODLAND
158 AM MDT WED MAY 23 2018

...................................

...THE GOODLAND KS CLIMATE SUMMARY FOR MAY 22 2018...

CLIMATE NORMAL PERIOD 1981 TO 2010
CLIMATE RECORD PERIOD 1895 TO 2018

WEATHER ITEM   OBSERVED TIME   RECORD YEAR NORMAL DEPARTURE LAST
                VALUE   (LST)  VALUE       VALUE  FROM      YEAR
                                                  NORMAL
..................................................................
TEMPERATURE (F)
 YESTERDAY
  MAXIMUM         80    159 PM  97    1939  75      5       72
  MINIMUM         56    514 AM  30    1945  48      8       43
                                      1931
  AVERAGE         68                        61      7       58

PRECIPITATION (IN)
  YESTERDAY        0.00          1.90 1923   0.10  -0.10     0.08
  MONTH TO DATE    3.43                      1.93   1.50     5.46
  SINCE MAR 1      5.32                      4.59   0.73     9.26
  SINCE JAN 1      6.61                      5.46   1.15    10.19

SNOWFALL (IN)
  YESTERDAY        0.0                       0.0    0.0      0.0
  MONTH TO DATE    0.0                       0.5   -0.5       T
  SINCE MAR 1      4.8                      11.5   -6.7      4.8
  SINCE JUL 1     25.3                      35.5  -10.2     14.2
  SNOW DEPTH       0

DEGREE DAYS
 HEATING
  YESTERDAY        0                         5     -5        7
  MONTH TO DATE   93                       175    -82      177
  SINCE MAR 1   1354                      1413    -59     1188
  SINCE JUL 1   5599                      5830   -231     5073

 COOLING
  YESTERDAY        3                         2      1        0
  MONTH TO DATE   19                        21     -2       25
  SINCE MAR 1     24                        25     -1       32
  SINCE JAN 1     24                        25     -1       32
..................................................................

WIND (MPH)
  HIGHEST WIND SPEED    29   HIGHEST WIND DIRECTION     S (170)
  HIGHEST GUST SPEED    38   HIGHEST GUST DIRECTION     S (160)
  AVERAGE WIND SPEED    16.9


SKY COVER
  AVERAGE SKY COVER 0.0


WEATHER CONDITIONS
 THE FOLLOWING WEATHER WAS RECORDED YESTERDAY.
  NO SIGNIFICANT WEATHER WAS OBSERVED.


RELATIVE HUMIDITY (PERCENT)
 HIGHEST    72
 LOWEST     36
 AVERAGE    54

..........................................................


THE GOODLAND KS CLIMATE NORMALS FOR TODAY
                         NORMAL    RECORD    YEAR
 MAXIMUM TEMPERATURE (F)   75        96      2000
 MINIMUM TEMPERATURE (F)   48        36      1930


SUNRISE AND SUNSET
MAY 23 2018...........SUNRISE   527 AM MDT   SUNSET   801 PM MDT
MAY 24 2018...........SUNRISE   526 AM MDT   SUNSET   802 PM MDT


-  INDICATES NEGATIVE NUMBERS.
R  INDICATES RECORD WAS SET OR TIED.
MM INDICATES DATA IS MISSING.
T  INDICATES TRACE AMOUNT.

&&

THE AVERAGE SOIL TEMPERATURE AT THE FOUR INCH DEPTH... 61

$$
