000
CDUS43 KGLD 160759
CLIGLD

CLIMATE REPORT
NATIONAL WEATHER SERVICE GOODLAND
140 AM MDT MON APR 16 2018

...................................

...THE GOODLAND KS CLIMATE SUMMARY FOR APRIL 15 2018...

CLIMATE NORMAL PERIOD 1981 TO 2010
CLIMATE RECORD PERIOD 1895 TO 2018

WEATHER ITEM   OBSERVED TIME   RECORD YEAR NORMAL DEPARTURE LAST
                VALUE   (LST)  VALUE       VALUE  FROM      YEAR
                                                  NORMAL
..................................................................
TEMPERATURE (F)
 YESTERDAY
  MAXIMUM         54    342 PM  92    2002  63     -9       76
  MINIMUM         17R   453 AM  20    1951  34    -17       45
  AVERAGE         36                        49    -13       61

PRECIPITATION (IN)
  YESTERDAY        0.00          1.16 1921   0.05  -0.05     0.00
  MONTH TO DATE    0.40                      0.69  -0.29     0.32
  SINCE MAR 1      0.81                      1.76  -0.95     2.00
  SINCE JAN 1      2.10                      2.63  -0.53     2.93

SNOWFALL (IN)
  YESTERDAY        0.0                       0.2   -0.2      0.0
  MONTH TO DATE    3.6                       2.8    0.8      0.0
  SINCE MAR 1      4.5                       9.6   -5.1       T
  SINCE JUL 1     25.0                      33.6   -8.6      9.4
  SNOW DEPTH       T

DEGREE DAYS
 HEATING
  YESTERDAY       29                        16     13        4
  MONTH TO DATE  339                       274     65      190
  SINCE MAR 1   1034                      1032      2      785
  SINCE JUL 1   5279                      5449   -170     4670

 COOLING
  YESTERDAY        0                         0      0        0
  MONTH TO DATE    0                         0      0        7
  SINCE MAR 1      0                         0      0        7
  SINCE JAN 1      0                         0      0        7
..................................................................

WIND (MPH)
  HIGHEST WIND SPEED    20   HIGHEST WIND DIRECTION     N (350)
  HIGHEST GUST SPEED    29   HIGHEST GUST DIRECTION     N (350)
  AVERAGE WIND SPEED    11.0


SKY COVER
  AVERAGE SKY COVER 0.0


WEATHER CONDITIONS
 THE FOLLOWING WEATHER WAS RECORDED YESTERDAY.
  NO SIGNIFICANT WEATHER WAS OBSERVED.


RELATIVE HUMIDITY (PERCENT)
 HIGHEST    80
 LOWEST     32
 AVERAGE    56

..........................................................


THE GOODLAND KS CLIMATE NORMALS FOR TODAY
                         NORMAL    RECORD    YEAR
 MAXIMUM TEMPERATURE (F)   64        87      1964
 MINIMUM TEMPERATURE (F)   35        16      1951


SUNRISE AND SUNSET
APRIL 16 2018.........SUNRISE   608 AM MDT   SUNSET   726 PM MDT
APRIL 17 2018.........SUNRISE   607 AM MDT   SUNSET   727 PM MDT


-  INDICATES NEGATIVE NUMBERS.
R  INDICATES RECORD WAS SET OR TIED.
MM INDICATES DATA IS MISSING.
T  INDICATES TRACE AMOUNT.

&&

THE AVERAGE SOIL TEMPERATURE AT THE FOUR INCH DEPTH... 38

$$
