000
CDUS43 KGLD 070034
CLIGLD

CLIMATE REPORT
NATIONAL WEATHER SERVICE GOODLAND
633 PM MDT SUN MAY 6 2018

...................................

...THE GOODLAND KS CLIMATE SUMMARY FOR MAY 6 2018...
VALID TODAY AS OF 0600 PM LOCAL TIME.

CLIMATE NORMAL PERIOD 1981 TO 2010
CLIMATE RECORD PERIOD 1895 TO 2018

WEATHER ITEM   OBSERVED TIME   RECORD YEAR NORMAL DEPARTURE LAST
                VALUE   (LST)  VALUE       VALUE  FROM      YEAR
                                                  NORMAL
..................................................................
TEMPERATURE (F)
 TODAY
  MAXIMUM         83    249 PM  95    1934  70     13       83
                                      1916
  MINIMUM         46    455 AM  28    1917  42      4       48
  AVERAGE         65                        56      9       66

PRECIPITATION (IN)
  TODAY            0.00          1.12 1969   0.07  -0.07     0.00
  MONTH TO DATE    0.01                      0.45  -0.44      T
  SINCE MAR 1      1.90                      3.11  -1.21     3.80
  SINCE JAN 1      3.19                      3.98  -0.79     4.73

SNOWFALL (IN)
  TODAY            0.0                       0.0    0.0      0.0
  MONTH TO DATE    0.0                       0.2   -0.2      0.0
  SINCE MAR 1      4.8                      11.2   -6.4      4.8
  SINCE JUL 1     25.3                      35.2   -9.9     14.2
  SNOW DEPTH       0

DEGREE DAYS
 HEATING
  TODAY            0                        10    -10        0
  MONTH TO DATE   42                        62    -20       70
  SINCE MAR 1   1303                      1300      3     1081
  SINCE JUL 1   5548                      5717   -169     4966

 COOLING
  TODAY            0                         1     -1        1
  MONTH TO DATE    0                         4     -4        1
  SINCE MAR 1      5                         8     -3        8
  SINCE JAN 1      5                         8     -3        8
..................................................................

WIND (MPH)
  HIGHEST WIND SPEED    16   HIGHEST WIND DIRECTION     E (110)
  HIGHEST GUST SPEED    24   HIGHEST GUST DIRECTION     E (110)
  AVERAGE WIND SPEED     7.6


SKY COVER
  AVERAGE SKY COVER 0.0


WEATHER CONDITIONS
 THE FOLLOWING WEATHER WAS RECORDED TODAY.
  NO SIGNIFICANT WEATHER WAS OBSERVED.


RELATIVE HUMIDITY (PERCENT)
 HIGHEST    71           300 AM
 LOWEST     20          1100 AM
 AVERAGE    46

..........................................................


THE GOODLAND KS CLIMATE NORMALS FOR TOMORROW
                         NORMAL    RECORD    YEAR
 MAXIMUM TEMPERATURE (F)   70        95      1966
                                             1962
                                             1934
 MINIMUM TEMPERATURE (F)   43        27      1917


SUNRISE AND SUNSET
MAY  6 2018...........SUNRISE   542 AM MDT   SUNSET   745 PM MDT
MAY  7 2018...........SUNRISE   541 AM MDT   SUNSET   746 PM MDT


-  INDICATES NEGATIVE NUMBERS.
R  INDICATES RECORD WAS SET OR TIED.
MM INDICATES DATA IS MISSING.
T  INDICATES TRACE AMOUNT.

&&

THE AVERAGE SOIL TEMPERATURE AT THE FOUR INCH DEPTH... 60

$$
