000
CDUS43 KGLD 170750
CLIGLD

CLIMATE REPORT
NATIONAL WEATHER SERVICE GOODLAND
141 AM MDT TUE APR 17 2018

...................................

...THE GOODLAND KS CLIMATE SUMMARY FOR APRIL 16 2018...

CLIMATE NORMAL PERIOD 1981 TO 2010
CLIMATE RECORD PERIOD 1895 TO 2018

WEATHER ITEM   OBSERVED TIME   RECORD YEAR NORMAL DEPARTURE LAST
                VALUE   (LST)  VALUE       VALUE  FROM      YEAR
                                                  NORMAL
..................................................................
TEMPERATURE (F)
 YESTERDAY
  MAXIMUM         67    356 PM  87    1964  64      3       69
  MINIMUM         22    515 AM  16    1951  35    -13       44
  AVERAGE         45                        49     -4       57

PRECIPITATION (IN)
  YESTERDAY        0.00          2.08 2015   0.05  -0.05      T
  MONTH TO DATE    0.44                      0.74  -0.30     0.32
  SINCE MAR 1      0.85                      1.81  -0.96     2.00
  SINCE JAN 1      2.14                      2.68  -0.54     2.93

SNOWFALL (IN)
  YESTERDAY        0.0                       0.1   -0.1      0.0
  MONTH TO DATE    3.8                       2.9    0.9      0.0
  SINCE MAR 1      4.7                       9.7   -5.0       T
  SINCE JUL 1     25.2                      33.7   -8.5      9.4
  SNOW DEPTH       0

DEGREE DAYS
 HEATING
  YESTERDAY       20                        16      4        8
  MONTH TO DATE  359                       290     69      198
  SINCE MAR 1   1054                      1048      6      793
  SINCE JUL 1   5299                      5465   -166     4678

 COOLING
  YESTERDAY        0                         0      0        0
  MONTH TO DATE    0                         0      0        7
  SINCE MAR 1      0                         0      0        7
  SINCE JAN 1      0                         0      0        7
..................................................................

WIND (MPH)
  HIGHEST WIND SPEED    24   HIGHEST WIND DIRECTION    SE (150)
  HIGHEST GUST SPEED    32   HIGHEST GUST DIRECTION    SE (150)
  AVERAGE WIND SPEED    14.1


SKY COVER
  AVERAGE SKY COVER 0.0


WEATHER CONDITIONS
 THE FOLLOWING WEATHER WAS RECORDED YESTERDAY.
  LIGHT RAIN


RELATIVE HUMIDITY (PERCENT)
 HIGHEST    77
 LOWEST     19
 AVERAGE    48

..........................................................


THE GOODLAND KS CLIMATE NORMALS FOR TODAY
                         NORMAL    RECORD    YEAR
 MAXIMUM TEMPERATURE (F)   64        90      2004
 MINIMUM TEMPERATURE (F)   35        18      1907


SUNRISE AND SUNSET
APRIL 17 2018.........SUNRISE   607 AM MDT   SUNSET   727 PM MDT
APRIL 18 2018.........SUNRISE   605 AM MDT   SUNSET   728 PM MDT


-  INDICATES NEGATIVE NUMBERS.
R  INDICATES RECORD WAS SET OR TIED.
MM INDICATES DATA IS MISSING.
T  INDICATES TRACE AMOUNT.

&&

THE AVERAGE SOIL TEMPERATURE AT THE FOUR INCH DEPTH... 40

$$
