000
CDUS43 KGLD 200738
CLIGLD

CLIMATE REPORT
NATIONAL WEATHER SERVICE GOODLAND
136 AM MDT SUN MAY 20 2018

...................................

...THE GOODLAND KS CLIMATE SUMMARY FOR MAY 19 2018...

CLIMATE NORMAL PERIOD 1981 TO 2010
CLIMATE RECORD PERIOD 1895 TO 2018

WEATHER ITEM   OBSERVED TIME   RECORD YEAR NORMAL DEPARTURE LAST
                VALUE   (LST)  VALUE       VALUE  FROM      YEAR
                                                  NORMAL
..................................................................
TEMPERATURE (F)
 YESTERDAY
  MAXIMUM         65   1140 AM  95    2006  74     -9       51
                                      1934
                                      1908
  MINIMUM         45   1159 PM  30    1915  47     -2       36
  AVERAGE         55                        60     -5       44

PRECIPITATION (IN)
  YESTERDAY        0.01          1.55 2015   0.10  -0.09     0.92
  MONTH TO DATE    3.43                      1.63   1.80     4.98
  SINCE MAR 1      5.32                      4.29   1.03     8.78
  SINCE JAN 1      6.61                      5.16   1.45     9.71

SNOWFALL (IN)
  YESTERDAY        0.0                       0.0    0.0      0.0
  MONTH TO DATE    0.0                       0.5   -0.5       T
  SINCE MAR 1      4.8                      11.5   -6.7      4.8
  SINCE JUL 1     25.3                      35.5  -10.2     14.2
  SNOW DEPTH       0

DEGREE DAYS
 HEATING
  YESTERDAY       10                         6      4       21
  MONTH TO DATE   81                       159    -78      140
  SINCE MAR 1   1342                      1397    -55     1151
  SINCE JUL 1   5587                      5814   -227     5036

 COOLING
  YESTERDAY        0                         1     -1        0
  MONTH TO DATE   16                        17     -1       25
  SINCE MAR 1     21                        21      0       32
  SINCE JAN 1     21                        21      0       32
..................................................................

WIND (MPH)
  HIGHEST WIND SPEED    40   HIGHEST WIND DIRECTION    NW (320)
  HIGHEST GUST SPEED    51   HIGHEST GUST DIRECTION    NW (320)
  AVERAGE WIND SPEED    18.4


SKY COVER
  AVERAGE SKY COVER 0.7


WEATHER CONDITIONS
 THE FOLLOWING WEATHER WAS RECORDED YESTERDAY.
  LIGHT RAIN
  FOG


RELATIVE HUMIDITY (PERCENT)
 HIGHEST   100
 LOWEST     60
 AVERAGE    80

..........................................................


THE GOODLAND KS CLIMATE NORMALS FOR TODAY
                         NORMAL    RECORD    YEAR
 MAXIMUM TEMPERATURE (F)   74        98      1934
 MINIMUM TEMPERATURE (F)   47        30      1931


SUNRISE AND SUNSET
MAY 20 2018...........SUNRISE   529 AM MDT   SUNSET   758 PM MDT
MAY 21 2018...........SUNRISE   528 AM MDT   SUNSET   759 PM MDT


-  INDICATES NEGATIVE NUMBERS.
R  INDICATES RECORD WAS SET OR TIED.
MM INDICATES DATA IS MISSING.
T  INDICATES TRACE AMOUNT.

&&

THE AVERAGE SOIL TEMPERATURE AT THE FOUR INCH DEPTH... 61

$$
