000
CDUS43 KGLD 270748
CLIGLD

CLIMATE REPORT
NATIONAL WEATHER SERVICE GOODLAND
146 AM MDT TUE MAR 27 2018

...................................

...THE GOODLAND KS CLIMATE SUMMARY FOR MARCH 26 2018...

CLIMATE NORMAL PERIOD 1981 TO 2010
CLIMATE RECORD PERIOD 1895 TO 2018

WEATHER ITEM   OBSERVED TIME   RECORD YEAR NORMAL DEPARTURE LAST
                VALUE   (LST)  VALUE       VALUE  FROM      YEAR
                                                  NORMAL
..................................................................
TEMPERATURE (F)
 YESTERDAY
  MAXIMUM         46    209 PM  86    1907  58    -12       47
  MINIMUM         33    723 AM  -1    1955  29      4       35
                                      1931
  AVERAGE         40                        43     -3       41

PRECIPITATION (IN)
  YESTERDAY        0.02          0.62 1931   0.04  -0.02     0.05
  MONTH TO DATE    0.16                      0.85  -0.69     0.75
  SINCE MAR 1      0.16                      0.85  -0.69     0.75
  SINCE JAN 1      1.45                      1.72  -0.27     1.68

SNOWFALL (IN)
  YESTERDAY        0.0                       0.2   -0.2      0.0
  MONTH TO DATE    0.9                       5.5   -4.6       T
  SINCE MAR 1      0.9                       5.5   -4.6       T
  SINCE JUL 1     21.4                      29.5   -8.1      9.4
  SNOW DEPTH       0

DEGREE DAYS
 HEATING
  YESTERDAY       25                        22      3       24
  MONTH TO DATE  575                       654    -79      487
  SINCE MAR 1    575                       654    -79      487
  SINCE JUL 1   4820                      5071   -251     4372

 COOLING
  YESTERDAY        0                         0      0        0
  MONTH TO DATE    0                         0      0        0
  SINCE MAR 1      0                         0      0        0
  SINCE JAN 1      0                         0      0        0
..................................................................

WIND (MPH)
  HIGHEST WIND SPEED    16   HIGHEST WIND DIRECTION    NE (50)
  HIGHEST GUST SPEED    24   HIGHEST GUST DIRECTION    NE (40)
  AVERAGE WIND SPEED     8.4


SKY COVER
  AVERAGE SKY COVER 1.0


WEATHER CONDITIONS
 THE FOLLOWING WEATHER WAS RECORDED YESTERDAY.
  LIGHT RAIN
  FOG


RELATIVE HUMIDITY (PERCENT)
 HIGHEST   100
 LOWEST     70
 AVERAGE    85

..........................................................


THE GOODLAND KS CLIMATE NORMALS FOR TODAY
                         NORMAL    RECORD    YEAR
 MAXIMUM TEMPERATURE (F)   58        87      1988
 MINIMUM TEMPERATURE (F)   29        -3      1931


SUNRISE AND SUNSET
MARCH 27 2018.........SUNRISE   639 AM MDT   SUNSET   706 PM MDT
MARCH 28 2018.........SUNRISE   637 AM MDT   SUNSET   707 PM MDT


-  INDICATES NEGATIVE NUMBERS.
R  INDICATES RECORD WAS SET OR TIED.
MM INDICATES DATA IS MISSING.
T  INDICATES TRACE AMOUNT.

&&

THE AVERAGE SOIL TEMPERATURE AT THE FOUR INCH DEPTH... 44
THE CURRENT DEPTH OF FROST... 00 INCHES

$$
