000
CXUS54 KHGX 011515
CF6GLS
PRELIMINARY LOCAL CLIMATOLOGICAL DATA (WS FORM: F-6)
STATION: GALVESTON
MONTH: JULY
YEAR: 2020
LATITUDE: 29 16 N
LONGITUDE: 94 52 W
TEMPERATURE IN F: :PCPN: SNOW: WIND :SUNSHINE: SKY :PK WND
================================================================================
1 2 3 4 5 6A 6B 7 8 9 10 11 12 13 14 15 16 17 18
12Z AVG MX 2MIN
DY MAX MIN AVG DEP HDD CDD WTR SNW DPTH SPD SPD DIR MIN PSBL S-S WX SPD DR
================================================================================
1 91 84 88 4 0 23 0.00 0.0 0 16.0 20 180 M M 7 8 24 200
2 91 84 88 4 0 23 0.00 0.0 0 12.4 17 190 M M 7 8 23 200
3 94 77 86 2 0 21 0.23 0.0 0 7.2 22 40 M M 2 13 26 50
4 95 81 88 4 0 23 0.00 0.0 0 8.1 15 200 M M 1 19 170
5 92 82 87 3 0 22 0.00 0.0 0 13.3 22 200 M M 1 27 200
6 90 83 87 3 0 22 0.09 0.0 0 11.8 16 180 M M 3 3 20 190
7 91 84 88 4 0 23 0.00 0.0 0 11.7 18 200 M M 4 23 190
8 92 84 88 4 0 23 0.00 0.0 0 13.0 20 190 M M 5 24 190
9 91 84 88 4 0 23 0.00 0.0 0 12.0 18 170 M M 1 22 170
10 91 83 87 3 0 22 0.00 0.0 0 9.9 16 180 M M 0 19 180
11 92 83 88 4 0 23 0.00 0.0 0 9.7 17 170 M M 1 21 170
12 93 82 88 4 0 23 0.00 0.0 0 10.9 21 200 M M 1 8 25 200
13 92 83 88 4 0 23 0.00 0.0 0 13.0 21 200 M M 1 34 310
14 92 83 88 4 0 23 0.00 0.0 0 13.0 18 180 M M 2 23 180
15 91 84 88 4 0 23 0.00 0.0 0 12.5 18 180 M M 1 22 180
16 92 83 88 4 0 23 0.00 0.0 0 8.9 16 160 M M 1 19 150
17 88 77 83 -1 0 18 0.51 0.0 0 6.8 21 100 M M 3 13 26 110
18 90 82 86 1 0 21 T 0.0 0 9.5 20 190 M M 2 3 25 190
19 91 83 87 2 0 22 0.00 0.0 0 8.3 16 110 M M 2 38 20 120
20 87 80 84 -1 0 19 0.33 0.0 0 11.6 22 60 M M 4 138 28 60
21 87 76 82 -3 0 17 2.32 0.0 0 8.2 25 170 M M 5 13 32 150
22 91 84 88 3 0 23 0.00 0.0 0 9.7 14 140 M M 2 38 18 130
23 92 83 88 3 0 23 T 0.0 0 9.3 22 50 M M 4 27 50
24 90 81 86 1 0 21 0.07 0.0 0 18.4 29 60 M M 6 38 37 60
25 87 76 82 -3 0 17 1.68 0.0 0 17.1 32 130 M M 7 138 40 130
26 90 81 86 1 0 21 T 0.0 0 14.1 21 90 M M 4 27 110
27 89 80 85 0 0 20 T 0.0 0 8.8 15 150 M M 2 18 150
28 90 77 84 -1 0 19 1.61 0.0 0 7.3 23 230 M M 2 1238 30 230
29 90 82 86 1 0 21 T 0.0 0 12.0 22 170 M M 5 25 170
30 91 81 86 1 0 21 0.04 0.0 0 13.5 21 180 M M 5 1 26 200
31 91 83 87 2 0 22 T 0.0 0 13.8 23 200 M M 2 28 200
================================================================================
SM 2814 2530 0 668 6.88 0.0 351.8 M 93
================================================================================
AV 90.8 81.6 11.3 FASTST M M 3 MAX(MPH)
MISC ----> # 32 130 # 40 130
================================================================================
NOTES:
# LAST OF SEVERAL OCCURRENCES
COLUMN 17 PEAK WIND IN M.P.H.
PRELIMINARY LOCAL CLIMATOLOGICAL DATA (WS FORM: F-6) , PAGE 2
STATION: GALVESTON
MONTH: JULY
YEAR: 2020
LATITUDE: 29 16 N
LONGITUDE: 94 52 W
[TEMPERATURE DATA] [PRECIPITATION DATA] SYMBOLS USED IN COLUMN 16
AVERAGE MONTHLY: 86.2 TOTAL FOR MONTH: 6.88 1 = FOG OR MIST
DPTR FM NORMAL: 1.7 DPTR FM NORMAL: 3.08 2 = FOG REDUCING VISIBILITY
HIGHEST: 95 ON 4 GRTST 24HR 2.32 ON 21-21 TO 1/4 MILE OR LESS
LOWEST: 76 ON 25,21 3 = THUNDER
SNOW, ICE PELLETS, HAIL 4 = ICE PELLETS
TOTAL MONTH: 0.0 INCH 5 = HAIL
GRTST 24HR 0.0 6 = FREEZING RAIN OR DRIZZLE
GRTST DEPTH: 0 7 = DUSTSTORM OR SANDSTORM:
VSBY 1/2 MILE OR LESS
8 = SMOKE OR HAZE
[NO. OF DAYS WITH] [WEATHER - DAYS WITH] 9 = BLOWING SNOW
X = TORNADO
MAX 32 OR BELOW: 0 0.01 INCH OR MORE: 9
MAX 90 OR ABOVE: 26 0.10 INCH OR MORE: 6
MIN 32 OR BELOW: 0 0.50 INCH OR MORE: 4
MIN 0 OR BELOW: 0 1.00 INCH OR MORE: 3
[HDD (BASE 65) ]
TOTAL THIS MO. 0 CLEAR (SCALE 0-3) 19
DPTR FM NORMAL 0 PTCLDY (SCALE 4-7) 12
TOTAL FM JUL 1 0 CLOUDY (SCALE 8-10) 0
DPTR FM NORMAL 0
[CDD (BASE 65) ]
TOTAL THIS MO. 668
DPTR FM NORMAL 64 [PRESSURE DATA]
TOTAL FM JAN 1 2240 HIGHEST SLP 30.10 ON 17
DPTR FM NORMAL 466 LOWEST SLP 29.79 ON 25
[REMARKS]
#FINAL-07-20#