635
CXUS52 KJAX 031827
CF6GNV
PRELIMINARY LOCAL CLIMATOLOGICAL DATA (WS FORM: F-6)
STATION: GAINESVILLE
MONTH: AUGUST
YEAR: 2020
LATITUDE: 29 40 N
LONGITUDE: 82 16 W
TEMPERATURE IN F: :PCPN: SNOW: WIND :SUNSHINE: SKY :PK WND
================================================================================
1 2 3 4 5 6A 6B 7 8 9 10 11 12 13 14 15 16 17 18
12Z AVG MX 2MIN
DY MAX MIN AVG DEP HDD CDD WTR SNW DPTH SPD SPD DIR MIN PSBL S-S WX SPD DR
================================================================================
1 94 73 84 3 0 19 0.00 0.0 0 2.1 10 270 M M 1 14 150
2 91 69 80 -1 0 15 0.40 0.0 0 6.2 24 60 M M 2 13 31 60
3 93 75 84 3 0 19 0.00 0.0 0 7.3 15 330 M M 1 20 280
4 94 75 85 4 0 20 0.00 0.0 0 5.0 17 140 M M 2 1 23 150
5 93 72 83 2 0 18 0.00 0.0 0 4.3 23 30 M M 2 3 30 30
6 91 73 82 1 0 17 0.13 0.0 0 3.5 22 240 M M 1 13 31 250
7 91 71 81 0 0 16 0.46 0.0 0 3.0 23 260 M M 1 13 29 260
8 91 69 80 -1 0 15 0.00 0.0 0 2.5 13 130 M M 1 16 130
9 95 72 84 3 0 19 0.39 0.0 0 3.5 24 140 M M 2 13 29 130
10 95 70 83 2 0 18 T 0.0 0 3.7 16 230 M M 1 13 22 220
11 91 73 82 1 0 17 0.18 0.0 0 3.5 17 300 M M 2 13 24 320
12 92 71 82 1 0 17 T 0.0 0 3.5 17 170 M M 1 1 21 250
13 93 72 83 2 0 18 T 0.0 0 3.4 23 170 M M 2 13 31 170
14 91 72 82 1 0 17 0.04 0.0 0 3.7 24 260 M M 3 13 30 260
15 88 72 80 -1 0 15 0.12 0.0 0 5.2 20 280 M M 1 13 24 270
16 92 73 83 2 0 18 0.04 0.0 0 4.8 14 320 M M 2 1 18 340
17 90 72 81 0 0 16 0.00 0.0 0 2.8 13 210 M M 1 3 15 230
18 92 69 81 0 0 16 0.67 0.0 0 4.2 25 320 M M 3 13 35 320
19 87 69 78 -3 0 13 0.26 0.0 0 3.5 16 200 M M 1 13 22 200
20 88 71 80 -1 0 15 0.60 0.0 0 5.1 22 140 M M 3 13 30 140
21 86 70 78 -3 0 13 0.08 0.0 0 4.4 15 250 M M 3 19 200
22 86 71 79 -2 0 14 0.42 0.0 0 4.2 14 140 M M 2 13 17 140
23 92 72 82 1 0 17 0.09 0.0 0 4.7 22 160 M M 2 13 26 150
24 93 77 85 4 0 20 0.02 0.0 0 8.2 25 140 M M 3 13 35 130
25 94 76 85 4 0 20 0.11 0.0 0 7.6 22 110 M M 3 13 26 110
26 95 74 85 4 0 20 0.00 0.0 0 5.7 14 110 M M 1 1 17 140
27 93 75 84 4 0 19 0.22 0.0 0 5.0 24 110 M M 3 13 33 110
28 89 73 81 1 0 16 0.76 0.0 0 2.8 23 260 M M 0 13 33 230
29 89 74 82 2 0 17 0.26 0.0 0 6.8 18 260 M M 4 13 24 250
30 89 74 82 2 0 17 0.47 0.0 0 6.2 15 280 M M 6 13 16 260
31 85 74 80 0 0 15 1.28 0.0 0 3.6 17 200 M M 5 13 20 200
================================================================================
SM 2823 2243 0 526 7.00 0.0 140.0 M 65
================================================================================
AV 91.1 72.4 4.5 FASTST M M 2 MAX(MPH)
MISC ----> # 25 320 # 35 320
================================================================================
NOTES:
# LAST OF SEVERAL OCCURRENCES
COLUMN 17 PEAK WIND IN M.P.H.
PRELIMINARY LOCAL CLIMATOLOGICAL DATA (WS FORM: F-6) , PAGE 2
STATION: GAINESVILLE
MONTH: AUGUST
YEAR: 2020
LATITUDE: 29 40 N
LONGITUDE: 82 16 W
[TEMPERATURE DATA] [PRECIPITATION DATA] SYMBOLS USED IN COLUMN 16
AVERAGE MONTHLY: 81.7 TOTAL FOR MONTH: 7.00 1 = FOG OR MIST
DPTR FM NORMAL: 0.8 DPTR FM NORMAL: 0.61 2 = FOG REDUCING VISIBILITY
HIGHEST: 95 ON 26,10 GRTST 24HR 1.28 ON 31-31 TO 1/4 MILE OR LESS
LOWEST: 69 ON 19,18 3 = THUNDER
SNOW, ICE PELLETS, HAIL 4 = ICE PELLETS
TOTAL MONTH: 0.0 INCH 5 = HAIL
GRTST 24HR 0.0 6 = FREEZING RAIN OR DRIZZLE
GRTST DEPTH: 0 7 = DUSTSTORM OR SANDSTORM:
VSBY 1/2 MILE OR LESS
8 = SMOKE OR HAZE
[NO. OF DAYS WITH] [WEATHER - DAYS WITH] 9 = BLOWING SNOW
X = TORNADO
MAX 32 OR BELOW: 0 0.01 INCH OR MORE: 21
MAX 90 OR ABOVE: 22 0.10 INCH OR MORE: 16
MIN 32 OR BELOW: 0 0.50 INCH OR MORE: 4
MIN 0 OR BELOW: 0 1.00 INCH OR MORE: 1
[HDD (BASE 65) ]
TOTAL THIS MO. 0 CLEAR (SCALE 0-3) 28
DPTR FM NORMAL 0 PTCLDY (SCALE 4-7) 3
TOTAL FM JUL 1 0 CLOUDY (SCALE 8-10) 0
DPTR FM NORMAL 0
[CDD (BASE 65) ]
TOTAL THIS MO. 526
DPTR FM NORMAL 33 [PRESSURE DATA]
TOTAL FM JAN 1 2193 HIGHEST SLP 30.22 ON 9
DPTR FM NORMAL 249 LOWEST SLP 29.86 ON 3
[REMARKS]
#FINAL-08-20#