000
CXUS54 KOUN 010700
CF6GOK
PRELIMINARY LOCAL CLIMATOLOGICAL DATA (WS FORM: F-6)
STATION: GUTHRIE MUNICIPAL
MONTH: SEPTEMBER
YEAR: 2020
LATITUDE: 35 50 N
LONGITUDE: 97 25 W
TEMPERATURE IN F: :PCPN: SNOW: WIND :SUNSHINE: SKY :PK WND
================================================================================
1 2 3 4 5 6A 6B 7 8 9 10 11 12 13 14 15 16 17 18
12Z AVG MX 2MIN
DY MAX MIN AVG DEP HDD CDD WTR SNW DPTH SPD SPD DIR MIN PSBL S-S WX SPD DR
================================================================================
1 80 69 75 -4 0 10 0.09 0.0 0 8.7 18 160 M M 3 13 23 170
2 85 68 77 -2 0 12 0.01 0.0 0 4.0 20 280 M M 5 24 280
3 92 65 79 0 0 14 0.00 0.0 0 3.9 9 170 M M 0 1 14 220
4 91 69 80 2 0 15 0.00 0.0 0 3.9 10 150 M M 2 1 14 110
5 92 69 81 3 0 16 0.00 0.0 0 7.4 15 200 M M 1 20 180
6 93 71 82 4 0 17 0.00 0.0 0 11.7 25 190 M M 0 33 200
7 93 74 84 7 0 19 0.00 0.0 0 12.4 23 200 M M 0 29 200
8 92 56 74 -3 0 9 0.08 0.0 0 11.3 20 190 M M 4 13 29 340
9 56 50 53 -23 12 0 0.64 0.0 0 6.9 12 360 M M 8 1 21 20
10 65 50 58 -18 7 0 0.21 0.0 0 5.9 12 320 M M 9 1 18 320
11 66 54 60 -16 5 0 0.46 0.0 0 3.2 8 150 M M 8 1 11 150
12 80 59 70 -5 0 5 0.00 0.0 0 5.3 10 180 M M 3 12 14 180
13 82 59 71 -4 0 6 0.00 0.0 0 5.0 13 80 M M 1 12 15 70
14 80 57 69 -6 0 4 0.00 0.0 0 4.6 12 80 M M 1 16 100
15 83 62 73 -1 0 8 0.00 0.0 0 2.6 9 100 M M 3 1 10 100
16 86 58 72 -2 0 7 0.00 0.0 0 2.4 9 70 M M 1 1 14 60
17 84 61 73 0 0 8 0.00 0.0 0 4.5 12 50 M M 1 1 17 30
18 79 55 67 -6 0 2 0.00 0.0 0 5.8 12 80 M M 0 17 30
19 80 55 68 -4 0 3 0.00 0.0 0 5.3 12 200 M M 0 18 15 170
20 80 53 67 -5 0 2 0.00 0.0 0 6.1 12 110 M M 0 1 17 120
21 82 59 71 -1 0 6 0.00 0.0 0 5.6 12 90 M M 1 1 17 130
22 71 63 67 -4 0 2 0.04 0.0 0 5.2 12 110 M M 10 1 17 130
23 71 58 65 -6 0 0 0.00 0.0 0 4.0 12 70 M M 9 1 13 70
24 84 51 68 -2 0 3 0.00 0.0 0 5.7 13 170 M M 0 12 16 170
25 87 62 75 5 0 10 0.00 0.0 0 12.0 21 180 M M 0 25 180
26 89 64 77 7 0 12 0.00 0.0 0 12.7 23 200 M M 0 29 210
27 79 57 68 -1 0 3 0.06 0.0 0 9.2 16 40 M M 7 1 33 40
28 73 45 59 -10 6 0 0.00 0.0 0 5.4 20 330 M M 2 34 330
29 80 39 60 -8 5 0 0.00 0.0 0 5.8 16 290 M M 0 8 20 300
30 92 51 72 4 0 7 0.00 0.0 0 6.9 15 50 M M 0 21 50
================================================================================
SM 2447 1763 35 200 1.59 0.0 193.4 M 79
================================================================================
AV 81.6 58.8 6.4 FASTST M M 3 MAX(MPH)
MISC ----> # 25 190 # 34 330
================================================================================
NOTES:
# LAST OF SEVERAL OCCURRENCES
COLUMN 17 PEAK WIND IN M.P.H.
PRELIMINARY LOCAL CLIMATOLOGICAL DATA (WS FORM: F-6) , PAGE 2
STATION: GUTHRIE MUNICIPAL
MONTH: SEPTEMBER
YEAR: 2020
LATITUDE: 35 50 N
LONGITUDE: 97 25 W
[TEMPERATURE DATA] [PRECIPITATION DATA] SYMBOLS USED IN COLUMN 16
AVERAGE MONTHLY: 70.2 TOTAL FOR MONTH: 1.59 1 = FOG OR MIST
DPTR FM NORMAL: -3.6 DPTR FM NORMAL: -2.07 2 = FOG REDUCING VISIBILITY
HIGHEST: 93 ON 7, 6 GRTST 24HR 0.64 ON 9- 9 TO 1/4 MILE OR LESS
LOWEST: 39 ON 29 3 = THUNDER
SNOW, ICE PELLETS, HAIL 4 = ICE PELLETS
TOTAL MONTH: 0.0 INCH 5 = HAIL
GRTST 24HR 0.0 6 = FREEZING RAIN OR DRIZZLE
GRTST DEPTH: 0 7 = DUSTSTORM OR SANDSTORM:
VSBY 1/2 MILE OR LESS
8 = SMOKE OR HAZE
[NO. OF DAYS WITH] [WEATHER - DAYS WITH] 9 = BLOWING SNOW
X = TORNADO
MAX 32 OR BELOW: 0 0.01 INCH OR MORE: 8
MAX 90 OR ABOVE: 7 0.10 INCH OR MORE: 3
MIN 32 OR BELOW: 0 0.50 INCH OR MORE: 1
MIN 0 OR BELOW: 0 1.00 INCH OR MORE: 0
[HDD (BASE 65) ]
TOTAL THIS MO. 35 CLEAR (SCALE 0-3) 21
DPTR FM NORMAL 16 PTCLDY (SCALE 4-7) 6
TOTAL FM JUL 1 35 CLOUDY (SCALE 8-10) 3
DPTR FM NORMAL 16
[CDD (BASE 65) ]
TOTAL THIS MO. 200
DPTR FM NORMAL -83 [PRESSURE DATA]
TOTAL FM JAN 1 1844 HIGHEST SLP M ON M
DPTR FM NORMAL -155 LOWEST SLP 29.68 ON M
[REMARKS]
#FINAL-09-20#