002
CXUS54 KOUN 010700
CF6GOK
PRELIMINARY LOCAL CLIMATOLOGICAL DATA (WS FORM: F-6)
STATION: GUTHRIE MUNICIPAL
MONTH: APRIL
YEAR: 2020
LATITUDE: 35 50 N
LONGITUDE: 97 25 W
TEMPERATURE IN F: :PCPN: SNOW: WIND :SUNSHINE: SKY :PK WND
================================================================================
1 2 3 4 5 6A 6B 7 8 9 10 11 12 13 14 15 16 17 18
12Z AVG MX 2MIN
DY MAX MIN AVG DEP HDD CDD WTR SNW DPTH SPD SPD DIR MIN PSBL S-S WX SPD DR
================================================================================
1 73 49 61 5 4 0 0.00 0.0 0 13.8 25 180 M M 0 31 170
2 69 40 55 -2 10 0 0.00 0.0 0 14.5 30 170 M M 4 18 39 170
3 40 30 35 -22 30 0 0.01 M 0 8.9 15 360 M M 10 16 25 10
4 42 34 38 -19 27 0 0.00 0.0 0 5.7 10 50 M M 9 1 16 30
5 69 40 55 -3 10 0 0.00 0.0 0 6.4 20 180 M M 7 26 180
6 74 60 67 9 0 2 0.00 0.0 0 14.9 23 200 M M 7 32 210
7 89 63 76 18 0 11 0.00 0.0 0 11.5 20 190 M M 2 26 180
8 86 53 70 12 0 5 0.00 0.0 0 7.8 17 280 M M 0 25 20
9 69 48 59 0 6 0 0.00 0.0 0 7.4 16 60 M M 0 22 40
10 69 39 54 -5 11 0 0.00 0.0 0 8.2 20 180 M M 0 25 170
11 76 55 66 7 0 1 0.06 0.0 0 15.4 29 90 M M 5 13 37 80
12 75 36 56 -4 9 0 0.27 0.0 0 12.5 24 200 M M 5 38 38 330
13 46 32 39 -21 26 0 0.02 M 0 8.2 17 360 M M 7 18 30 350
14 49 32 41 -19 24 0 0.00 0.0 0 3.2 9 120 M M 7 12 110
15 63 30 47 -14 18 0 0.00 0.0 0 9.2 20 250 M M 1 26 130
16 73 45 59 -2 6 0 0.00 0.0 0 16.9 30 180 M M 0 40 170
17 57 33 45 -16 20 0 0.01 M 0 7.6 16 330 M M 6 18 26 340
18 70 32 51 -11 14 0 0.00 0.0 0 9.5 20 180 M M 2 24 200
19 72 50 61 -1 4 0 T 0.0 0 5.2 13 70 M M 7 1 20 50
20 77 47 62 0 3 0 0.32 0.0 0 4.2 20 320 M M 0 13 32 320
21 81 47 64 2 1 0 0.06 0.0 0 6.3 14 110 M M 2 13 20 130
22 65 57 61 -2 4 0 0.82 0.0 0 10.1 20 70 M M 6 13 28 320
23 81 51 66 3 0 1 0.09 0.0 0 5.5 31 290 M M 3 13 46 280
24 76 53 65 2 0 0 0.20 0.0 0 10.8 20 330 M M 3 13 33 360
25 73 48 61 -3 4 0 0.00 0.0 0 6.5 14 310 M M 1 21 350
26 79 43 61 -3 4 0 0.00 0.0 0 7.6 17 150 M M 0 24 170
27 81 62 72 8 0 7 0.02 0.0 0 15.1 31 190 M M 1 38 39 190
28 87 62 75 10 0 10 0.02 0.0 0 10.9 26 270 M M 1 13 40 270
29 71 48 60 -5 5 0 0.00 0.0 0 7.5 23 330 M M 1 38 330
30 81 43 62 -3 3 0 0.00 0.0 0 6.0 14 150 M M 0 8 18 160
================================================================================
SM 2113 1362 243 37 1.90 0.0 277.3 M 97
================================================================================
AV 70.4 45.4 9.2 FASTST M M 3 MAX(MPH)
MISC ----> # 31 290 # 46 280
================================================================================
NOTES:
# LAST OF SEVERAL OCCURRENCES
COLUMN 17 PEAK WIND IN M.P.H.
PRELIMINARY LOCAL CLIMATOLOGICAL DATA (WS FORM: F-6) , PAGE 2
STATION: GUTHRIE MUNICIPAL
MONTH: APRIL
YEAR: 2020
LATITUDE: 35 50 N
LONGITUDE: 97 25 W
[TEMPERATURE DATA] [PRECIPITATION DATA] SYMBOLS USED IN COLUMN 16
AVERAGE MONTHLY: 57.9 TOTAL FOR MONTH: 1.90 1 = FOG OR MIST
DPTR FM NORMAL: -2.8 DPTR FM NORMAL: -1.33 2 = FOG REDUCING VISIBILITY
HIGHEST: 89 ON 7 GRTST 24HR 0.82 ON 22-22 TO 1/4 MILE OR LESS
LOWEST: 30 ON 15, 3 3 = THUNDER
SNOW, ICE PELLETS, HAIL 4 = ICE PELLETS
TOTAL MONTH: 0.0 INCH 5 = HAIL
GRTST 24HR 0.0 6 = FREEZING RAIN OR DRIZZLE
GRTST DEPTH: 0 7 = DUSTSTORM OR SANDSTORM:
VSBY 1/2 MILE OR LESS
8 = SMOKE OR HAZE
[NO. OF DAYS WITH] [WEATHER - DAYS WITH] 9 = BLOWING SNOW
X = TORNADO
MAX 32 OR BELOW: 0 0.01 INCH OR MORE: 12
MAX 90 OR ABOVE: 0 0.10 INCH OR MORE: 4
MIN 32 OR BELOW: 5 0.50 INCH OR MORE: 1
MIN 0 OR BELOW: 0 1.00 INCH OR MORE: 0
[HDD (BASE 65) ]
TOTAL THIS MO. 243 CLEAR (SCALE 0-3) 18
DPTR FM NORMAL 58 PTCLDY (SCALE 4-7) 10
TOTAL FM JUL 1 3417 CLOUDY (SCALE 8-10) 2
DPTR FM NORMAL -110
[CDD (BASE 65) ]
TOTAL THIS MO. 37
DPTR FM NORMAL -21 [PRESSURE DATA]
TOTAL FM JAN 1 74 HIGHEST SLP M ON M
DPTR FM NORMAL 2 LOWEST SLP 29.43 ON 12
[REMARKS]
#FINAL-04-20#