000
CXUS54 KFWD 010831
CF6GOP
PRELIMINARY LOCAL CLIMATOLOGICAL DATA (WS FORM: F-6)
STATION: GATESVILLE
MONTH: NOVEMBER
YEAR: 2023
LATITUDE: 31 25 N
LONGITUDE: 97 48 W
TEMPERATURE IN F: :PCPN: SNOW: WIND :SUNSHINE: SKY :PK WND
================================================================================
1 2 3 4 5 6A 6B 7 8 9 10 11 12 13 14 15 16 17 18
12Z AVG MX 2MIN
DY MAX MIN AVG DEP HDD CDD WTR SNW DPTH SPD SPD DIR MIN PSBL S-S WX SPD DR
================================================================================
1 57 34 46 -15 19 0 0.00 M M 2.7 6 140 M M 0 M M
2 64 32 48 -13 17 0 0.00 M M 3.9 8 140 M M 0 14 170
3 73 43 58 -2 7 0 0.00 M M 5.7 18 200 M M 0 18 190
4 79 54 67 7 0 2 0.00 M M 6.4 13 200 M M 2 1 21 170
5 79 55 67 7 0 2 0.00 M M 5.1 13 190 M M 0 1 17 210
6 82 66 74 15 0 9 0.00 M M 9.6 15 200 M M 0 23 210
7 86 61 74 15 0 9 0.00 M M 7.7 15 150 M M 0 21 190
8 84 66 75 16 0 10 0.00 M M 8.1 16 200 M M 2 21 200
9 72 52 62 4 3 0 0.26 M M 7.9 15 340 M M 6 21 340
10 55 52 54 -4 11 0 0.02 M M 7.8 13 350 M M 7 17 360
11 66 52 59 1 6 0 0.00 M M 4.8 8 40 M M 8 14 20
12 63 52 58 1 7 0 0.00 M M 2.6 7 10 M M 6 M M
13 68 54 61 4 4 0 0.00 M M 5.4 13 20 M M 8 17 50
14 70 50 60 4 5 0 0.00 M M 0.9 7 350 M M 3 12 99
15 M M M M M M M M M M M M M M M M M
16 M M M M M M M M M M M M M M M M M
17 77 59 68 13 0 3 0.00 M M 7.9 15 350 M M 5 23 350
18 66 54 60 5 5 0 0.00 M M 2.1 6 340 M M 7 M M
19 66 52 59 5 6 0 0.01 M M 5.8 14 160 M M 9 20 160
20 77 57 67 13 0 2 0.06 M M 9.0 20 310 M M 3 1 26 310
21 57 41 49 -5 16 0 0.00 M M 12.2 23 340 M M 6 30 340
22 64 34 49 -4 16 0 0.00 M M 4.3 12 320 M M 0 18 320
23 61 39 50 -3 15 0 0.00 M M 3.3 12 200 M M 2 M M
24 64 36 50 -2 15 0 0.00 M M 2.1 8 120 M M 0 1 13 99
25 63 36 50 -2 15 0 0.19 M M 2.8 8 120 M M 3 15 110
26 52 37 45 -7 20 0 0.00 M M 8.7 17 340 M M 1 26 340
27 52 30 41 -10 24 0 0.00 M M 2.5 7 350 M M 1 13 99
28 61 43 52 1 13 0 0.00 M M 2.5 7 M M M 5 M M
29 63 36 50 -1 15 0 0.00 M M 3.9 10 170 M M 5 18 160
30 73 55 64 14 1 0 0.09 M M 5.8 12 140 M M 6 21 150
================================================================================
SM 1894 1332 240 37 0.63 M 151.6 M 95
================================================================================
AV 67.6 47.6 5.4 FASTST M M 3 MAX(MPH)
MISC ----> 23 340 30 340
================================================================================
NOTES:
# LAST OF SEVERAL OCCURRENCES
COLUMN 17 PEAK WIND IN M.P.H.
PRELIMINARY LOCAL CLIMATOLOGICAL DATA (WS FORM: F-6) , PAGE 2
STATION: GATESVILLE
MONTH: NOVEMBER
YEAR: 2023
LATITUDE: 31 25 N
LONGITUDE: 97 48 W
[TEMPERATURE DATA] [PRECIPITATION DATA] SYMBOLS USED IN COLUMN 16
AVERAGE MONTHLY: 57.6 TOTAL FOR MONTH: 0.63 1 = FOG OR MIST
DPTR FM NORMAL: 1.9 DPTR FM NORMAL: M 2 = FOG REDUCING VISIBILITY
HIGHEST: 86 ON 7 GRTST 24HR 0.26 ON 9- 9 TO 1/4 MILE OR LESS
LOWEST: 30 ON 27 3 = THUNDER
SNOW, ICE PELLETS, HAIL 4 = ICE PELLETS
TOTAL MONTH: M 5 = HAIL
GRTST 24HR M ON M 6 = FREEZING RAIN OR DRIZZLE
GRTST DEPTH: M ON M 7 = DUSTSTORM OR SANDSTORM:
VSBY 1/2 MILE OR LESS
8 = SMOKE OR HAZE
[NO. OF DAYS WITH] [WEATHER - DAYS WITH] 9 = BLOWING SNOW
X = TORNADO
MAX 32 OR BELOW: 0 0.01 INCH OR MORE: 6
MAX 90 OR ABOVE: 0 0.10 INCH OR MORE: 2
MIN 32 OR BELOW: 2 0.50 INCH OR MORE: 0
MIN 0 OR BELOW: 0 1.00 INCH OR MORE: 0
[HDD (BASE 65) ]
TOTAL THIS MO. 240 CLEAR (SCALE 0-3) 14
DPTR FM NORMAL -61 PTCLDY (SCALE 4-7) 11
TOTAL FM JUL 1 311 CLOUDY (SCALE 8-10) 5
DPTR FM NORMAL -82
[CDD (BASE 65) ]
TOTAL THIS MO. 37
DPTR FM NORMAL 13 [PRESSURE DATA]
TOTAL FM JAN 1 3317 HIGHEST SLP M ON M
DPTR FM NORMAL 1003 LOWEST SLP M ON M
[REMARKS]
#FINAL-11-23#