000
CXUS55 KMSO 020407
CF6GPI
PRELIMINARY LOCAL CLIMATOLOGICAL DATA (WS FORM: F-6)
STATION: KALISPELL MT
MONTH: FEBRUARY
YEAR: 2024
LATITUDE: 48 17 N
LONGITUDE: 114 16 W
TEMPERATURE IN F: :PCPN: SNOW: WIND :SUNSHINE: SKY :PK WND
================================================================================
1 2 3 4 5 6A 6B 7 8 9 10 11 12 13 14 15 16 17 18
12Z AVG MX 2MIN
DY MAX MIN AVG DEP HDD CDD WTR SNW DPTH SPD SPD DIR MIN PSBL S-S WX SPD DR
================================================================================
1 43 17 30 5 35 0 0.00 0.0 7 1.2 15 200 M M 6 12 19 200
2 37 24 31 6 34 0 0.02 0.0 7 0.7 6 10 M M 9 12 7 140
3 36 32 34 9 31 0 0.34 T 7 2.9 10 340 M M 10 1 15 140
4 36 20 28 3 37 0 0.03 0.2 7 9.6 23 10 M M 10 128 28 20
5 34 20 27 2 38 0 0.17 1.4 7 1.4 7 160 M M 9 12 7 150
6 36 31 34 8 31 0 0.00 0.0 7 1.1 5 200 M M 10 12 7 40
7 36 30 33 7 32 0 T 0.0 6 3.9 8 160 M M 10 1 12 140
8 34 31 33 7 32 0 0.04 T 6 6.1 12 140 M M 10 1 16 140
9 34 14 24 -2 41 0 0.03 0.5 7 6.3 16 10 M M 8 1 20 10
10 33 9 21 -5 44 0 0.00 0.0 6 0.4 9 190 M M 5 1 11 180
11 34 23 29 3 36 0 0.13 0.3 6 1.4 8 160 M M 10 1 10 170
12 36 30 33 7 32 0 0.15 1.9 6 6.8 14 140 M M 10 1 27 150
13 34 24 29 3 36 0 0.07 0.6 6 8.9 25 20 M M 10 128 34 20
14 29 13 21 -5 44 0 0.00 0.0 7 11.2 23 20 M M 2 30 30
15 24 19 22 -5 43 0 T 0.2 7 13.6 24 20 M M 7 18 31 20
16 19 6 13 -14 52 0 0.00 0.0 7 8.6 17 10 M M 0 25 10
17 30 -2 14 -13 51 0 0.00 0.0 7 1.9 8 150 M M 0 10 140
18 26 6 16 -11 49 0 0.04 0.2 6 1.1 8 20 M M 9 18 11 130
19 42 24 33 6 32 0 0.06 0.4 7 1.5 13 150 M M 7 1 16 140
20 37 28 33 5 32 0 0.03 1.0 7 0.9 7 280 M M 9 12 10 150
21 44 24 34 6 31 0 0.00 0.0 7 2.2 8 230 M M 8 12 M M
22 40 28 34 6 31 0 T 0.0 6 5.8 13 190 M M 10 1 21 140
23 46 29 38 10 27 0 0.00 0.0 6 8.8 17 150 M M 6 23 140
24 42 35 39 11 26 0 0.00 0.0 5 11.6 20 210 M M 9 27 160
25 43 37 40 11 25 0 0.01 0.0 5 12.2 26 220 M M 9 39 220
26 42 18 30 1 35 0 0.04 0.3 5 11.7 25 240 M M 5 12 39 220
27 31 13 22 -7 43 0 0.05 0.8 5 8.9 22 10 M M 8 128 30 10
28 41 26 34 5 31 0 0.08 0.5 5 9.0 17 140 M M 10 18 26 160
29 49 33 41 11 24 0 0.02 0.0 4 13.2 37 280 M M 8 8 49 270
================================================================================
SM 1048 642 1035 0 1.31 8.3 172.9 M 224
================================================================================
AV 36.1 22.1 6.0 FASTST M M 8 MAX(MPH)
MISC ----> 37 280 49 270
================================================================================
NOTES:
# LAST OF SEVERAL OCCURRENCES
COLUMN 17 PEAK WIND IN M.P.H.
PRELIMINARY LOCAL CLIMATOLOGICAL DATA (WS FORM: F-6) , PAGE 2
STATION: KALISPELL MT
MONTH: FEBRUARY
YEAR: 2024
LATITUDE: 48 17 N
LONGITUDE: 114 16 W
[TEMPERATURE DATA] [PRECIPITATION DATA] SYMBOLS USED IN COLUMN 16
AVERAGE MONTHLY: 29.1 TOTAL FOR MONTH: 1.31 1 = FOG OR MIST
DPTR FM NORMAL: 2.3 DPTR FM NORMAL: 0.35 2 = FOG REDUCING VISIBILITY
HIGHEST: 49 ON 29 GRTST 24HR 0.34 ON 2- 3 TO 1/4 MILE OR LESS
LOWEST: -2 ON 17 3 = THUNDER
SNOW, ICE PELLETS, HAIL 4 = ICE PELLETS
TOTAL MONTH: 8.3 INCHES 5 = HAIL
GRTST 24HR 1.9 ON 12-12 6 = FREEZING RAIN OR DRIZZLE
GRTST DEPTH: 8 ON M 7 = DUSTSTORM OR SANDSTORM:
VSBY 1/2 MILE OR LESS
8 = SMOKE OR HAZE
[NO. OF DAYS WITH] [WEATHER - DAYS WITH] 9 = BLOWING SNOW
X = TORNADO
MAX 32 OR BELOW: 6 0.01 INCH OR MORE: 17
MAX 90 OR ABOVE: 0 0.10 INCH OR MORE: 4
MIN 32 OR BELOW: 26 0.50 INCH OR MORE: 0
MIN 0 OR BELOW: 1 1.00 INCH OR MORE: 0
[HDD (BASE 65) ]
TOTAL THIS MO. 1035 CLEAR (SCALE 0-3) 3
DPTR FM NORMAL -35 PTCLDY (SCALE 4-7) 8
TOTAL FM JUL 1 5470 CLOUDY (SCALE 8-10) 18
DPTR FM NORMAL -447
[CDD (BASE 65) ]
TOTAL THIS MO. 0
DPTR FM NORMAL 0 [PRESSURE DATA]
TOTAL FM JAN 1 0 HIGHEST SLP 30.64 ON 16
DPTR FM NORMAL 0 LOWEST SLP 29.24 ON 29
[REMARKS]
#FINAL-02-24#