000
CXUS53 KGRB 010738
CLMGRB
CLIMATE REPORT
NATIONAL WEATHER SERVICE GREEN BAY
238 AM CDT FRI SEP 01 2023
...................................
...THE GREEN BAY WI CLIMATE SUMMARY FOR THE MONTH OF AUGUST 2023...
CLIMATE NORMAL PERIOD: 1991 TO 2020
CLIMATE RECORD PERIOD: 1886 TO 2023
WEATHER OBSERVED NORMAL DEPART LAST YEAR`S
VALUE DATE(S) VALUE FROM VALUE DATE(S)
NORMAL
................................................................
TEMPERATURE (F)
RECORD
HIGH 100 08/24/1948
LOW 38 08/22/1967
08/29/1965
08/22/1950
HIGHEST 93 08/23 90 3 89 08/06
LOWEST 45 08/31 44 1 52 08/09
08/12
AVG. MAXIMUM 79.3 78.9 0.4 80.9
AVG. MINIMUM 58.0 58.2 -0.2 60.0
MEAN 68.6 68.6 0.0 70.5
DAYS MAX >= 90 2 1.0 1.0 0
DAYS MAX <= 32 0 0.0 0.0 0
DAYS MIN <= 32 0 0.0 0.0 0
DAYS MIN <= 0 0 0.0 0.0 0
PRECIPITATION (INCHES)
RECORD
MAXIMUM 9.04 1975
MINIMUM 0.36 1899
TOTALS 3.20 3.39 -0.19 4.44
DAYS >= .01 8 10.2 -2.2 10
DAYS >= .10 7 6.3 0.7 7
DAYS >= .50 2 2.1 -0.1 4
DAYS >= 1.00 1 0.8 0.2 2
GREATEST
24 HR. TOTAL 1.22 08/14 TO 08/14
SNOWFALL (INCHES)
RECORDS
TOTAL 0.0 MM
TOTALS 0.0 0.0 0.0 0.0
SINCE 7/1 0.0 0.0 0.0 MM
SNOWDEPTH AVG. 0 0
DAYS >= 1.0 0 0.0 0.0 0
GREATEST
SNOW DEPTH 0 0 MM
24 HR TOTAL 0.0
DEGREE DAYS
HEATING TOTAL 23 27 -4 1
SINCE 7/1 23 39 -16 MM
COOLING TOTAL 143 137 6 179
SINCE 1/1 518 457 61 MM
................................................................
WIND (MPH)
AVERAGE WIND SPEED 7.0
HIGHEST WIND SPEED/DIRECTION 24/310 DATE 08/09
24/070 08/14
24/300 08/17
HIGHEST GUST SPEED/DIRECTION 37/210 DATE 08/17
SKY COVER
POSSIBLE SUNSHINE (PERCENT) MM
AVERAGE SKY COVER 0.32
NUMBER OF DAYS FAIR 18
NUMBER OF DAYS PC 10
NUMBER OF DAYS CLOUDY 3
AVERAGE RH (PERCENT) 73
WEATHER CONDITIONS. NUMBER OF DAYS WITH
THUNDERSTORM 7 MIXED PRECIP 0
HEAVY RAIN 6 RAIN 5
LIGHT RAIN 10 FREEZING RAIN 0
LT FREEZING RAIN 0 HAIL 0
HEAVY SNOW 0 SNOW 0
LIGHT SNOW 0 SLEET 0
FOG 19 FOG W/VIS <= 1/4 MILE 1
HAZE 5
- INDICATES NEGATIVE NUMBERS.
R INDICATES RECORD WAS SET OR TIED.
MM INDICATES DATA IS MISSING.
T INDICATES TRACE AMOUNT.
$$